{"id":3523,"date":"2017-01-15T23:03:33","date_gmt":"2017-01-15T22:03:33","guid":{"rendered":"http:\/\/poezjaiewangelia.pl\/?page_id=3523"},"modified":"2026-04-10T15:46:27","modified_gmt":"2026-04-10T14:46:27","slug":"strona-glowna","status":"publish","type":"page","link":"https:\/\/poezjaiewangelia.pl\/","title":{"rendered":"Powitanie"},"content":{"rendered":"\n<div id=\"pl-3523\" class=\"panel-layout\">\n<div id=\"pg-3523-0\" class=\"panel-grid panel-no-style\">\n<div id=\"pgc-3523-0-0\" class=\"panel-grid-cell\" data-weight=\"1\">\n<div id=\"panel-3523-0-0-0\" class=\"so-panel widget widget_text panel-first-child panel-last-child\" data-index=\"0\" data-style=\"{&quot;background_image_attachment&quot;:false,&quot;background_display&quot;:&quot;tile&quot;}\">\n<div class=\"textwidget\">\n<h2 style=\"text-align: center;\">Witam na stronie Poezja i Ewangelia!<a id=\"Gora\"><\/a><\/h2>\n<\/div>\n<\/div>\n<\/div>\n<\/div>\n<\/div>\n\n\n<div class=\"wp-block-image\">\n<figure class=\"alignleft is-resized\"><a href=\"https:\/\/commons.wikimedia.org\/wiki\/File:Juan_de_Juanes_002.jpg\" target=\"_blank\" rel=\"noopener noreferrer\"><img loading=\"lazy\" decoding=\"async\" width=\"300\" height=\"483\" src=\"https:\/\/poezjaiewangelia.pl\/wp-content\/uploads\/2015\/08\/Juan_de_Juanes_Eucharystia-e1460312641850.jpg\" alt=\"Juan de Juanes Eucharystia\" class=\"wp-image-45\" style=\"width:270px;height:435px\" title=\"Juan de Juanes Eucharystia\"\/><\/a><figcaption class=\"wp-element-caption\"><center><em>Juan de Juanes Eucharystia<\/em><\/center><\/figcaption><\/figure>\n<\/div>\n\n\n<p style=\"text-align: center;\"><span style=\"font-family: 'Open Sans';\"><strong>Na pocz\u0105tku troch\u0119 historii:<\/strong><\/span><\/p>\n<p><span style=\"font-family: georgia, palatino, serif;\"><span style=\"font-family: 'Open Sans';\">Dawno temu szuka\u0142am wierszy, kt\u00f3rych tre\u015b\u0107 zwi\u0105zana by\u0142aby ze \u015bwi\u0119tami ko\u015bcielnymi. Nie by\u0142o to \u0142atwe: aby je odszuka\u0107, trzeba by\u0142o przekopa\u0107 si\u0119 przez wiele stron; mo\u017cna te\u017c by\u0142o szpera\u0107 w podr\u0119cznikach katechetycznych, w zbiorach wydanych przed wojn\u0105 i w nielicznych po wojnie. W Peerelu nie by\u0142o dla tematyki religijnej zielonego \u015bwiat\u0142a (delikatnie m\u00f3wi\u0105c). W 1985 r. Ksi\u0119garnia \u015aw. Wojciecha wyda\u0142a zbi\u00f3r wierszy, ukazuj\u0105cy wyb\u00f3r polskiej poezji religijnej od Adwentu po Dzie\u0144 Zaduszny, wzbogacony tekstami maryjnymi i wierszami o \u015bwi\u0119tych. Do tomu \u201eIntencje serca\u201d zagl\u0105da\u0142am wielokrotnie, bo uradowa\u0142 mnie i bardzo mi by\u0142 przydatny. Jedno z ostatnich zda\u0144 wst\u0119pu m\u00f3wi:&nbsp;<\/span><em><span style=\"font-family: 'Open Sans';\">\u201eNiech ta poezja przygotuje drog\u0119 S\u0142owu do naszego serca\u201d<\/span><\/em><span style=\"font-family: 'Open Sans';\">.<\/span><\/span><\/p>\n<p style=\"text-align: center;\"><span style=\"font-family: 'Open Sans';\"><strong data-rich-text-format-boundary=\"true\">A teraz \u2013 dlaczego ta Strona\u2026<\/strong><\/span><\/p>\n<p><span style=\"font-family: 'Open Sans';\">Potem (apetyt ro\u015bnie w miar\u0119 jedzenia), zapragn\u0119\u0142am mie\u0107 zbi\u00f3r wierszy odpowiadaj\u0105cy na tre\u015bci zawarte w Ewangeliach na ka\u017cd\u0105 niedziel\u0119. Polska poezja religijna jest bardzo bogata, wi\u0119c mo\u017ce kto\u015b wpad\u0142 na ten pomys\u0142. Poniewa\u017c dobrze by\u0142oby mie\u0107 tak\u0105 antologi\u0119 pod r\u0119k\u0105, szuka\u0142am jej w ksi\u0119garniach a jednocze\u015bnie sama j\u0105 uk\u0142ada\u0142am. Interesowa\u0142y mnie utwory odpowiadaj\u0105ce na konkretny problem poruszany w Ewangelii \u2013 czy S\u0142owo jest dla autora \u017cywe, aktualne i czy widzi Jego realizacj\u0119 w \u017cyciu cz\u0142owieka tu i teraz. \u00abPrzygotowa\u0107 drog\u0119 S\u0142owu do serca\u00bb to znaczy zobaczy\u0107, \u017ce jest Ono skierowane do mnie. Je\u015bli aposto\u0142owie poruszeni cudem, kt\u00f3ry uczyni\u0142 Jezus, rozmawiaj\u0105 mi\u0119dzy sob\u0105 i pytaj\u0105, kim On jest, \u017ce nawet \u017cywio\u0142y s\u0105 Mu pos\u0142uszne, to takie pytanie trzeba postawi\u0107 tak\u017ce dzi\u015b i odpowiedzie\u0107 na nie w swoim sercu.<\/span><\/p>\n<p style=\"text-align: center;\"><span style=\"font-family: 'Open Sans';\"><strong>Niech przygotuje drog\u0119 S\u0142owu\u2026<\/strong><\/span><\/p>\n<p><span style=\"font-family: 'Open Sans';\">Kim jest dla mnie B\u00f3g? My\u015bl\u0119, \u017ce ka\u017cdy cz\u0142owiek i ka\u017cde pokolenie szuka w Nim sensu swojego istnienia oraz \u017ce poezja tak\u017ce ma w tym sw\u00f3j udzia\u0142. W 2002 roku PAX wyda\u0142 trzy ksi\u0105\u017ceczki pod wsp\u00f3lnym tytu\u0142em \u00abABC ksi\u0119dza Twardowskiego\u00bb. Moje oczekiwania w zasadzie zosta\u0142y spe\u0142nione, ale\u2026 inspiracje ewangeliczne mo\u017cna odnale\u017a\u0107 tak\u017ce u innych poet\u00f3w, cho\u0107 niezaprzeczalnie niedo\u015bcignionym wzorem jest ksi\u0105dz Jan Twardowski. I tak narodzi\u0142 si\u0119 pomys\u0142 mojej strony.<\/span><\/p>\n<p style=\"text-align: center;\"><span style=\"font-family: 'Open Sans';\"><strong>Kr\u00f3tko o metodzie<\/strong><\/span><\/p>\n<p><span style=\"font-family: georgia, palatino, serif;\"><span style=\"font-family: 'Open Sans';\">Nie b\u0119dzie na stronie Poezja i Ewangelia tekst\u00f3w m\u00f3wi\u0105cych o wydarzeniach tylko z faktograficznego punktu widzenia. Interesuje mnie ich wymiar egzystencjalny. Je\u015bli S\u0142owo rozwi\u0105zuje jaki\u015b ludzki problem i o tym w\u0142a\u015bnie m\u00f3wi poeta w swoim wierszu, to taki utw\u00f3r b\u0119dzie przytoczony, jako&nbsp;<strong>REFLEKSJA<\/strong>&nbsp;nad&nbsp;<strong>S\u0141OWEM BO\u017bYM<\/strong>. Dob\u00f3r autor\u00f3w wynika z osobistych<\/span> <span style=\"font-family: 'Open Sans';\">upodoba\u0144.&nbsp;<span style=\"color: #993300;\"><strong>Wyt\u0142uszczonym drukiem zaznaczone s\u0105 wersety, do kt\u00f3rych nawi\u0105zuj\u0105 refleksje.<\/strong><\/span><\/span><\/span><br><span style=\"font-family: 'Open Sans';\">Przyj\u0119\u0142am uk\u0142ad niedzielny, \u015bwi\u0105teczny i roczny. Niedziel jest w roku 52, je\u015bli dodamy wszystkie \u015bwi\u0119ta, a ca\u0142o\u015b\u0107 pomno\u017cymy przez trzy (rok A, B, C w kalendarzu liturgicznym Ko\u015bcio\u0142a), to u\u0142o\u017cy si\u0119 ca\u0142kiem poka\u017ana antologia. Zapraszam do lektury i refleksji.<\/span><\/p>\n\n\n\n<p class=\"has-text-align-center\"><span style=\"font-family: 'Open Sans';\"><strong>Jadwiga<\/strong><\/span><\/p>\n\n\n<div class=\"wp-block-image\">\n<figure class=\"alignright\"><a href=\"https:\/\/poezjaiewangelia.pl\/wp-content\/uploads\/2015\/11\/Krzy\u017c.jpg\" target=\"_blank\" rel=\"noopener noreferrer\"><img loading=\"lazy\" decoding=\"async\" width=\"280\" height=\"373\" src=\"https:\/\/poezjaiewangelia.pl\/wp-content\/uploads\/2015\/11\/Krzy\u017c.jpg\" alt=\"Krzy\u017c przydro\u017cny\" class=\"wp-image-66\" title=\"Krzy\u017c przydro\u017cny\" srcset=\"https:\/\/poezjaiewangelia.pl\/wp-content\/uploads\/2015\/11\/Krzy\u017c.jpg 280w, https:\/\/poezjaiewangelia.pl\/wp-content\/uploads\/2015\/11\/Krzy\u017c-225x300.jpg 225w\" sizes=\"auto, (max-width: 280px) 100vw, 280px\" \/><\/a><figcaption class=\"wp-element-caption\"><center><em>Krzy\u017c przydro\u017cny<\/em><\/center><\/figcaption><\/figure>\n<\/div>\n\n\n<p><span style=\"font-family: 'Open Sans';\"><strong>Janusz Pasierb<\/strong><\/span><\/p>\n<p><span style=\"font-family: 'Open Sans';\"><em><strong>poezja dzisiaj<\/strong><\/em><\/span><\/p>\n<p><span style=\"font-family: 'Open Sans';\">poezja dzisiaj<\/span><br><span style=\"font-family: 'Open Sans';\">nie mo\u017ce dowierza\u0107<\/span><br><span style=\"font-family: 'Open Sans';\">musi s\u0142owa s\u0105dzi\u0107<\/span><br><span style=\"font-family: 'Open Sans';\">zadawa\u0107 im rany<\/span><br><span style=\"font-family: 'Open Sans';\">zdziera\u0107 odzienie<\/span><br><span style=\"font-family: 'Open Sans';\">przybija\u0107 do krzy\u017ca<\/span><br><span style=\"font-family: 'Open Sans';\">s\u0142ucha\u0107 co krzycz\u0105<\/span><br><span style=\"font-family: 'Open Sans';\">kiedy umieraj\u0105<\/span><br><span style=\"font-family: 'Open Sans';\">sprawdza\u0107 piecz\u0119cie<\/span><br><span style=\"font-family: 'Open Sans';\">po trzech dniach na grobie<\/span><\/p>\n<p><span style=\"font-family: 'Open Sans';\"><em><strong>\u00abKategoria przestrzeni\u00bb, Pelplin 2007, str.7<\/strong><\/em><\/span><\/p>\n<p>&nbsp;<\/p>\n\n\n\n<hr class=\"wp-block-separator has-text-color has-luminous-vivid-amber-color has-css-opacity has-luminous-vivid-amber-background-color has-background is-style-dots\"\/>\n\n\n\n<p class=\"has-text-align-center has-text-color\" style=\"color: #1e73be;\"><span style=\"color: #1e73be; font-family: 'Open Sans';\"><a href=\"https:\/\/poezjaiewangelia.pl\/#Gora\">Do g\u00f3ry<\/a><\/span><\/p>\n\n\n\n<figure class=\"wp-block-image size-full\"><a href=\"https:\/\/www.wga.hu\/html\/a\/angelico\/00\/11fieso1.html\" target=\"_blank\" rel=\"noopener\"><img loading=\"lazy\" decoding=\"async\" width=\"2410\" height=\"350\" src=\"https:\/\/poezjaiewangelia.pl\/wp-content\/uploads\/2018\/11\/Fra-Angelico-Predella-w-o\u0142tarzu-San-Domenico-w-Fiesole.jpg\" alt=\"Fra Angelico Predella w o\u0142tarzu San Domenico w Fiesole\" class=\"wp-image-5546\"\/><\/a><figcaption>Fra Angelico <em>Predella w o\u0142tarzu San Domenico w Fiesole<\/em><\/figcaption><\/figure>\n\n\n\n<p><\/p>\n\n\n<p class=\"fonts-plugin-block \"><\/p>","protected":false},"excerpt":{"rendered":"<p>Witam na stronie Poezja i Ewangelia! Na pocz\u0105tku troch\u0119 historii: Dawno temu szuka\u0142am wierszy, kt\u00f3rych tre\u015b\u0107 zwi\u0105zana by\u0142aby ze \u015bwi\u0119tami ko\u015bcielnymi. Nie by\u0142o to \u0142atwe: aby je odszuka\u0107, trzeba by\u0142o przekopa\u0107 si\u0119 przez wiele stron; mo\u017cna te\u017c by\u0142o szpera\u0107 w podr\u0119cznikach katechetycznych, w zbiorach wydanych przed wojn\u0105 i w nielicznych po wojnie. W Peerelu nie &hellip; <a href=\"https:\/\/poezjaiewangelia.pl\/\" class=\"more-link\">Czytaj dalej <span class=\"screen-reader-text\">Powitanie<\/span><\/a><\/p>\n","protected":false},"author":1,"featured_media":0,"parent":0,"menu_order":0,"comment_status":"closed","ping_status":"closed","template":"","meta":{"_monsterinsights_skip_tracking":false,"_monsterinsights_sitenote_active":false,"_monsterinsights_sitenote_note":"","_monsterinsights_sitenote_category":0,"footnotes":""},"class_list":["post-3523","page","type-page","status-publish","hentry"],"aioseo_notices":[],"_links":{"self":[{"href":"https:\/\/poezjaiewangelia.pl\/index.php?rest_route=\/wp\/v2\/pages\/3523","targetHints":{"allow":["GET"]}}],"collection":[{"href":"https:\/\/poezjaiewangelia.pl\/index.php?rest_route=\/wp\/v2\/pages"}],"about":[{"href":"https:\/\/poezjaiewangelia.pl\/index.php?rest_route=\/wp\/v2\/types\/page"}],"author":[{"embeddable":true,"href":"https:\/\/poezjaiewangelia.pl\/index.php?rest_route=\/wp\/v2\/users\/1"}],"replies":[{"embeddable":true,"href":"https:\/\/poezjaiewangelia.pl\/index.php?rest_route=%2Fwp%2Fv2%2Fcomments&post=3523"}],"version-history":[{"count":147,"href":"https:\/\/poezjaiewangelia.pl\/index.php?rest_route=\/wp\/v2\/pages\/3523\/revisions"}],"predecessor-version":[{"id":10712,"href":"https:\/\/poezjaiewangelia.pl\/index.php?rest_route=\/wp\/v2\/pages\/3523\/revisions\/10712"}],"wp:attachment":[{"href":"https:\/\/poezjaiewangelia.pl\/index.php?rest_route=%2Fwp%2Fv2%2Fmedia&parent=3523"}],"curies":[{"name":"wp","href":"https:\/\/api.w.org\/{rel}","templated":true}]}}