{"id":3962,"date":"2018-10-17T12:13:53","date_gmt":"2018-10-17T12:13:53","guid":{"rendered":"https:\/\/poezjaiewangelia.pl\/?page_id=3962"},"modified":"2022-07-01T16:26:18","modified_gmt":"2022-07-01T15:26:18","slug":"4-niedziela-adwentu-rok-a","status":"publish","type":"page","link":"https:\/\/poezjaiewangelia.pl\/?page_id=3962","title":{"rendered":"4 Niedziela Adwentu rok A"},"content":{"rendered":"\n<figure id=\"attachment_8734\" aria-describedby=\"caption-attachment-8734\" style=\"width: 150px\" class=\"wp-caption alignright\"><a href=\"https:\/\/poezjaiewangelia.pl\/wp-content\/uploads\/2020\/06\/R\u00f3\u017ca-fioletowa.png\"><img loading=\"lazy\" decoding=\"async\" class=\"wp-image-8734 size-full\" src=\"https:\/\/poezjaiewangelia.pl\/wp-content\/uploads\/2020\/06\/R\u00f3\u017ca-fioletowa.png\" alt=\"Kolor szat\" width=\"150\" height=\"113\" \/><\/a><figcaption id=\"caption-attachment-8734\" class=\"wp-caption-text\">Kolor szat<\/figcaption><\/figure>\n<p><span style=\"color: #1e73be;\"><a style=\"color: #1e73be;\" href=\"https:\/\/poezjaiewangelia.pl\/?page_id=51#S51\"><span style=\"font-family: georgia, palatino, serif;\">Powr\u00f3t do Adwent,<\/span><\/a><span style=\"font-family: georgia, palatino, serif;\"> <a style=\"color: #1e73be;\" href=\"https:\/\/poezjaiewangelia.pl\/?page_id=3907#S3907\">Adwent rok A,<\/a>\u00a0<\/span><\/span><a id=\"S3962\"><\/a><span style=\"color: #1e73be; font-family: georgia, palatino, serif;\">\u00a0<\/span><a id=\"Gora\"><\/a><span style=\"color: #1e73be; font-family: georgia, palatino, serif;\">\u00a0<\/span><a href=\"https:\/\/poezjaiewangelia.pl\/?page_id=703#S703\"><span style=\"color: #1e73be;\"><span style=\"font-family: georgia, palatino, serif;\">Powr\u00f3t do Linki<\/span><\/span><\/a><\/p>\n\n\n<div class=\"wp-block-image\">\n<figure class=\"alignleft size-large\"><a href=\"https:\/\/pl.wikipedia.org\/wiki\/Krzy%C5%BC_jerozolimski\" target=\"_blank\" rel=\"noopener noreferrer\"><img loading=\"lazy\" decoding=\"async\" width=\"101\" height=\"100\" src=\"https:\/\/poezjaiewangelia.pl\/wp-content\/uploads\/2015\/11\/Krzyz-Jerozolimski.jpg\" alt=\"Krzy\u017c Jerozolimski\" class=\"wp-image-107\" title=\"Krzy\u017c Jerozolimski\"\/><\/a><\/figure>\n<\/div>\n\n\n<hr class=\"wp-block-separator has-text-color has-luminous-vivid-amber-color has-css-opacity has-luminous-vivid-amber-background-color has-background is-style-dots\"\/>\n\n\n\n<p><strong>4 NA: EWANGELIA: MT 1, 18 \u2013 24;<\/strong><\/p>\n\n\n\n<hr class=\"wp-block-separator has-text-color has-luminous-vivid-amber-color has-css-opacity has-luminous-vivid-amber-background-color has-background is-style-dots\"\/>\n\n\n<div class=\"wp-block-image size-large\">\n<figure class=\"alignright is-resized\"><a href=\"https:\/\/www.wga.hu\/framex-e.html?file=html\/r\/reni\/2\/joseph_i.html&amp;find=The+Holy+Family;\" target=\"_blank\" rel=\"noopener noreferrer\"><img loading=\"lazy\" decoding=\"async\" src=\"https:\/\/poezjaiewangelia.pl\/wp-content\/uploads\/2015\/11\/3e74dfd0820f1c55da15a5f102cc9270-e1460364821601.jpg\" alt=\"Guido Reni \u015aw. J\u00f3zef i Dzieci\u0119 Jezus\" class=\"wp-image-2206\" width=\"323\" height=\"393\" title=\"Guido Reni \u015aw. J\u00f3zef i Dzieci\u0119 Jezus\"\/><\/a><figcaption><center><em>Guido Reni \u015aw. J\u00f3zef i Dzieci\u0119 Jezus<\/em><\/center><\/figcaption><\/figure>\n<\/div>\n\n\n<p><span style=\"font-family: georgia, palatino, serif;\"><strong>Narodzenie Jezusa (Sen J\u00f3zefa)<\/strong><\/span><\/p>\n<p><span style=\"font-family: georgia, palatino, serif;\">18 Z narodzeniem Jezusa Chrystusa by\u0142o tak. Po za\u015blubinach Matki Jego, Maryi, z J\u00f3zefem, wpierw nim zamieszkali razem, znalaz\u0142a si\u0119 brzemienn\u0105 za spraw\u0105 Ducha \u015awi\u0119tego.<\/span><br><span style=\"color: #993300;\"><strong><span style=\"font-family: georgia, palatino, serif;\">19 M\u0105\u017c Jej, J\u00f3zef, kt\u00f3ry by\u0142 cz\u0142owiekiem sprawiedliwym i nie<\/span> <span style=\"font-family: georgia, palatino, serif;\">chcia\u0142 narazi\u0107 Jej na znies\u0142awienie, zamierza\u0142 oddali\u0107 J\u0105 potajemnie.<\/span><\/strong><\/span><br><span style=\"color: #993300; font-family: georgia, palatino, serif;\"><strong>20 Gdy powzi\u0105\u0142 t\u0119 my\u015bl, oto anio\u0142 Pa\u0144ski ukaza\u0142 mu si\u0119 we \u015bnie i rzek\u0142: \u00abJ\u00f3zefie, synu Dawida, nie b\u00f3j si\u0119 wzi\u0105\u0107 do siebie Maryi, twej Ma\u0142\u017conki; albowiem z Ducha \u015awi\u0119tego jest to, co si\u0119 w Niej pocz\u0119\u0142o.<\/strong><\/span><br><span style=\"font-family: georgia, palatino, serif;\">21 Porodzi Syna, kt\u00f3remu nadasz imi\u0119 Jezus, On bowiem zbawi sw\u00f3j lud od jego grzech\u00f3w\u00bb.<\/span><br><span style=\"font-family: georgia, palatino, serif;\">22 A sta\u0142o si\u0119 to wszystko, aby si\u0119 wype\u0142ni\u0142o s\u0142owo Pa\u0144skie powiedziane przez Proroka:<\/span><br><span style=\"font-family: georgia, palatino, serif;\">23 Oto Dziewica pocznie i porodzi Syna, kt\u00f3remu nadadz\u0105 imi\u0119 Emmanuel5, to znaczy: \u201cB\u00f3g z nami\u201d.<\/span><br><span style=\"font-family: georgia, palatino, serif;\">24 Zbudziwszy si\u0119 ze snu, J\u00f3zef uczyni\u0142 tak, jak mu poleci\u0142 anio\u0142 Pa\u0144ski: wzi\u0105\u0142 swoj\u0105 Ma\u0142\u017conk\u0119 do siebie,<\/span><br><span style=\"font-family: georgia, palatino, serif;\">25 lecz nie zbli\u017ca\u0142 si\u0119 do Niej, a\u017c porodzi\u0142a Syna, kt\u00f3remu nada\u0142 imi\u0119 Jezus.<\/span><\/p>\n\n\n\n<h2 class=\"has-vivid-purple-color has-text-color wp-block-heading\">Refleksja<\/h2>\n\n\n\n<p><\/p>\n\n\n\n<p><span style=\"font-family: georgia, palatino, serif;\"><strong>Jan Zieli\u0144ski<\/strong><\/span><\/p>\n<p><span style=\"font-family: georgia, palatino, serif;\"><em><strong>Kuszenie 5<\/strong><\/em><\/span><\/p>\n<p><span style=\"font-family: georgia, palatino, serif;\">Pewnej nocy<\/span><br><span style=\"font-family: georgia, palatino, serif;\">g\u0142owa opuszczona<\/span><br><span style=\"font-family: georgia, palatino, serif;\">a\u017c do pod\u0142ogi<\/span><br><span style=\"font-family: georgia, palatino, serif;\">a\u017c do j\u0119ku<\/span><\/p>\n<p><span style=\"font-family: georgia, palatino, serif;\">przecie\u017c to wszystko sprawia b\u00f3l<\/span><br><span style=\"font-family: georgia, palatino, serif;\">i nikt ci\u0119 ju\u017c nie rozumie<\/span><br><span style=\"font-family: georgia, palatino, serif;\">serca nie cieszy ziele\u0144 p\u00f3l<\/span><br><span style=\"font-family: georgia, palatino, serif;\">samotny jeste\u015b w t\u0142umie<\/span><\/p>\n<p><span style=\"font-family: georgia, palatino, serif;\">tej samej nocy<\/span><br><span style=\"font-family: georgia, palatino, serif;\">nad ranem<\/span><br><span style=\"font-family: georgia, palatino, serif;\">g\u0142os anio\u0142a<\/span><br><span style=\"font-family: georgia, palatino, serif;\">podnie\u015b g\u0142ow\u0119<\/span><\/p>\n<p><span style=\"font-family: georgia, palatino, serif;\">nad twoim smutkiem i ciemno\u015bci\u0105<\/span><br><span style=\"font-family: georgia, palatino, serif;\">Jezus u\u015bmiecha si\u0119 z mi\u0142o\u015bci\u0105<\/span><br><span style=\"font-family: georgia, palatino, serif;\">Amen<\/span><\/p>\n<p><span style=\"font-family: georgia, palatino, serif;\"><em><strong>\u201eWiersze podarowane\u201d, Warszawa 1994, str. 85<\/strong><\/em><\/span><\/p>\n\n\n\n<div class=\"wp-block-columns is-layout-flex wp-container-core-columns-is-layout-9d6595d7 wp-block-columns-is-layout-flex\">\n<div class=\"wp-block-column is-layout-flow wp-block-column-is-layout-flow\"><div class=\"wp-block-image\">\n<figure class=\"alignright is-resized\"><a href=\"https:\/\/www.wga.hu\/frames-e.html?\/html\/m\/master\/bartholo\/holy_fam.html\" target=\"_blank\" rel=\"noopener noreferrer\"><img loading=\"lazy\" decoding=\"async\" src=\"https:\/\/poezjaiewangelia.pl\/wp-content\/uploads\/2015\/11\/5dd70ba890b2a9ea48058e86affeffda-e1460364882816.jpg\" alt=\"Mistrz z kr\u0119gu St. Bartholomew Altar \u015awi\u0119ta Rodzina\" width=\"294\" height=\"396\" title=\"Mistrz z kr\u0119gu St. Bartholomew Altar \u015awi\u0119ta Rodzina\"\/><\/a><figcaption><center><em>Mistrz z kr\u0119gu St. Bartholomew Altar \u015awi\u0119ta Rodzina<\/em><\/center><\/figcaption><\/figure>\n<\/div><\/div>\n\n\n\n<div class=\"wp-block-column is-layout-flow wp-block-column-is-layout-flow\">\n<p>&nbsp;<\/p>\n<p>&nbsp;<\/p>\n<p><span style=\"font-family: georgia, palatino, serif;\"><strong>Wac\u0142aw Oszajca<\/strong><\/span><\/p>\n<p><span style=\"font-family: georgia, palatino, serif;\"><em><strong>Przed obrazem \u015awi\u0119tej Rodziny<\/strong><\/em><\/span><\/p>\n<p><span style=\"font-family: georgia, palatino, serif;\">J\u00f3zefie<\/span><br><span style=\"font-family: georgia, palatino, serif;\">malowali ciebie wielcy arty\u015bci<\/span><br><span style=\"font-family: georgia, palatino, serif;\">niewierz\u0105cy jednak swojemu sercu<\/span><br><span style=\"font-family: georgia, palatino, serif;\">dlatego masz siw\u0105 brod\u0119 i zmarszczki<\/span><br><span style=\"font-family: georgia, palatino, serif;\">ma\u0142ego trzymasz jakby by\u0142 z ognia<\/span><br><span style=\"font-family: georgia, palatino, serif;\">a przecie\u017c m\u00f3wiono<\/span><br><span style=\"font-family: georgia, palatino, serif;\">to syn cie\u015bli J\u00f3zefa z Nazaretu<\/span><\/p>\n<p><span style=\"font-family: georgia, palatino, serif;\"><em><strong>\u201eTy za blisko, my za daleko\u201d, Lublin 1985, str. 112<\/strong><\/em><\/span><\/p>\n<\/div>\n<\/div>\n\n\n\n<p class=\"has-text-align-center has-text-color\" style=\"color: #1e73be;\"><span style=\"font-family: georgia, palatino, serif;\"><a href=\"https:\/\/poezjaiewangelia.pl\/?page_id=3962#Gora\">Do g\u00f3ry<\/a><\/span><\/p>\n","protected":false},"excerpt":{"rendered":"<p>Powr\u00f3t do Adwent, Adwent rok A,\u00a0\u00a0\u00a0Powr\u00f3t do Linki 4 NA: EWANGELIA: MT 1, 18 \u2013 24; Narodzenie Jezusa (Sen J\u00f3zefa) 18 Z narodzeniem Jezusa Chrystusa by\u0142o tak. Po za\u015blubinach Matki Jego, Maryi, z J\u00f3zefem, wpierw nim zamieszkali razem, znalaz\u0142a si\u0119 brzemienn\u0105 za spraw\u0105 Ducha \u015awi\u0119tego.19 M\u0105\u017c Jej, J\u00f3zef, kt\u00f3ry by\u0142 cz\u0142owiekiem sprawiedliwym i nie chcia\u0142 &hellip; <a href=\"https:\/\/poezjaiewangelia.pl\/?page_id=3962\" class=\"more-link\">Czytaj dalej <span class=\"screen-reader-text\">4 Niedziela Adwentu rok A<\/span><\/a><\/p>\n","protected":false},"author":1,"featured_media":0,"parent":3907,"menu_order":4,"comment_status":"closed","ping_status":"closed","template":"","meta":{"_monsterinsights_skip_tracking":false,"_monsterinsights_sitenote_active":false,"_monsterinsights_sitenote_note":"","_monsterinsights_sitenote_category":0,"footnotes":""},"class_list":["post-3962","page","type-page","status-publish","hentry"],"aioseo_notices":[],"_links":{"self":[{"href":"https:\/\/poezjaiewangelia.pl\/index.php?rest_route=\/wp\/v2\/pages\/3962","targetHints":{"allow":["GET"]}}],"collection":[{"href":"https:\/\/poezjaiewangelia.pl\/index.php?rest_route=\/wp\/v2\/pages"}],"about":[{"href":"https:\/\/poezjaiewangelia.pl\/index.php?rest_route=\/wp\/v2\/types\/page"}],"author":[{"embeddable":true,"href":"https:\/\/poezjaiewangelia.pl\/index.php?rest_route=\/wp\/v2\/users\/1"}],"replies":[{"embeddable":true,"href":"https:\/\/poezjaiewangelia.pl\/index.php?rest_route=%2Fwp%2Fv2%2Fcomments&post=3962"}],"version-history":[{"count":46,"href":"https:\/\/poezjaiewangelia.pl\/index.php?rest_route=\/wp\/v2\/pages\/3962\/revisions"}],"predecessor-version":[{"id":9866,"href":"https:\/\/poezjaiewangelia.pl\/index.php?rest_route=\/wp\/v2\/pages\/3962\/revisions\/9866"}],"up":[{"embeddable":true,"href":"https:\/\/poezjaiewangelia.pl\/index.php?rest_route=\/wp\/v2\/pages\/3907"}],"wp:attachment":[{"href":"https:\/\/poezjaiewangelia.pl\/index.php?rest_route=%2Fwp%2Fv2%2Fmedia&parent=3962"}],"curies":[{"name":"wp","href":"https:\/\/api.w.org\/{rel}","templated":true}]}}