{"id":4074,"date":"2018-10-19T20:23:26","date_gmt":"2018-10-19T20:23:26","guid":{"rendered":"https:\/\/poezjaiewangelia.pl\/?page_id=4074"},"modified":"2022-07-12T16:39:58","modified_gmt":"2022-07-12T15:39:58","slug":"uroczystosc-objawienia-panskiego-rok-a-b-c-06-01","status":"publish","type":"page","link":"https:\/\/poezjaiewangelia.pl\/?page_id=4074","title":{"rendered":"Uroczysto\u015b\u0107 Objawienia Pa\u0144skiego rok ABC; (06.01.)"},"content":{"rendered":"<div class=\"wp-block-image\">\n<figure class=\"alignright size-large\"><img loading=\"lazy\" decoding=\"async\" width=\"150\" height=\"150\" src=\"https:\/\/poezjaiewangelia.pl\/wp-content\/uploads\/2018\/10\/R\u00f3\u017ca-bia\u0142a-e1592148272533.png\" alt=\"Kolor szat\" class=\"wp-image-4591\"\/><figcaption>Kolor szat<\/figcaption><\/figure>\n<\/div>\n\n\n<p><span style=\"color: #1e73be;\"><a style=\"color: #1e73be;\" href=\"https:\/\/poezjaiewangelia.pl\/?page_id=55#S55\">Powr\u00f3t do Bo\u017ce Narodzenie,<\/a> &nbsp;<\/span><a id=\"S4074\"><\/a><span style=\"color: #1e73be;\"><a style=\"color: #1e73be;\" href=\"https:\/\/poezjaiewangelia.pl\/?page_id=446#S446\"> Powr\u00f3t do \u015awi\u0119ta BN,<\/a>&nbsp; <\/span><a id=\"Gora\"><\/a><span style=\"color: #1e73be;\"><a style=\"color: #1e73be;\" href=\"https:\/\/poezjaiewangelia.pl\/?page_id=703#S703\"> Powr\u00f3t do Linki<\/a><\/span><\/p>\n\n\n<div class=\"wp-block-image\">\n<figure class=\"alignleft size-full\"><a href=\"http:\/\/www.wga.hu\/framex-e.html?file=html\/d\/durer\/1\/08\/1pear.html&amp;find=The+Little+Child+Jesus\" target=\"_blank\" rel=\"noopener noreferrer\"><img loading=\"lazy\" decoding=\"async\" width=\"100\" height=\"131\" src=\"https:\/\/poezjaiewangelia.pl\/wp-content\/uploads\/2022\/06\/Albrecht-DURER-Madonna-z-Jezusem-i-gruszka.jpg\" alt=\"\" class=\"wp-image-9735\" title=\"Albrecht D\u00dcRER Madonna z Jezusem i gruszka\"\/><\/a><\/figure>\n<\/div>\n\n\n<hr class=\"wp-block-separator has-text-color has-luminous-vivid-amber-color has-css-opacity has-luminous-vivid-amber-background-color has-background is-style-dots\"\/>\n\n\n\n<p><strong>Ewangelia: Mt 2, 1 \u2013 12;<\/strong><\/p>\n\n\n\n<hr class=\"wp-block-separator has-text-color has-luminous-vivid-amber-color has-css-opacity has-luminous-vivid-amber-background-color has-background is-style-dots\"\/>\n\n\n\n<h2 class=\"wp-block-heading\"><span style=\"background-color:rgba(0, 0, 0, 0)\" class=\"has-inline-color has-vivid-red-color\">S\u0142owo Bo\u017ce<\/span><\/h2>\n\n\n<div class=\"wp-block-image\">\n<figure class=\"alignright size-large is-resized\"><a href=\"https:\/\/www.wga.hu\/frames-e.html?\/html\/r\/rubens\/13religi\/55religi.html\" target=\"_blank\" rel=\"noopener noreferrer\"><img loading=\"lazy\" decoding=\"async\" src=\"https:\/\/poezjaiewangelia.pl\/wp-content\/uploads\/2015\/12\/ecab45634e275aa7e2c4e41c40369032-e1461938078383.jpg\" alt=\"Pieter Rubens Pok\u0142on Trzech M\u0119drc\u00f3w\" class=\"wp-image-2677\" width=\"343\" height=\"465\" title=\"Pieter Rubens Pok\u0142on Trzech M\u0119drc\u00f3w\"\/><\/a><figcaption><center><em>Pieter Rubens Pok\u0142on Trzech M\u0119drc\u00f3w<\/em><\/center><\/figcaption><\/figure>\n<\/div>\n\n\n<p><strong>M\u0119drcy ze Wschodu<\/strong><\/p>\n<p>1\u00a0Gdy za\u015b Jezus narodzi\u0142 si\u0119 w Betlejem w Judei za panowania kr\u00f3la Heroda<a href=\"http:\/\/online.biblia.pl\/rozdzial.php?id=245#P1\" target=\"\" rel=\"noopener noreferrer\">1<\/a>, oto M\u0119drcy ze Wschodu przybyli do Jerozolimy<br \/>2\u00a0i pytali: \u00abGdzie jest nowo narodzony kr\u00f3l \u017cydowski? Ujrzeli\u015bmy bowiem jego gwiazd\u0119 na Wschodzie i przybyli\u015bmy odda\u0107 mu pok\u0142on\u00bb.<br \/>3\u00a0Skoro to us\u0142ysza\u0142 kr\u00f3l Herod, przerazi\u0142 si\u0119, a z nim ca\u0142a Jerozolima.<br \/>4\u00a0Zebra\u0142 wi\u0119c wszystkich arcykap\u0142an\u00f3w i uczonych ludu i wypytywa\u0142 ich, gdzie ma si\u0119 narodzi\u0107 Mesjasz.<br \/>5\u00a0Ci mu odpowiedzieli: \u00abW Betlejem judzkim, bo tak napisa\u0142 Prorok:<br \/>6\u00a0A ty, Betlejem, ziemio Judy,<br \/>nie jeste\u015b zgo\u0142a najlichsze spo\u015br\u00f3d g\u0142\u00f3wnych miast Judy,<br \/>albowiem z ciebie wyjdzie w\u0142adca,<br \/>kt\u00f3ry b\u0119dzie pasterzem ludu mego, Izraela\u00bb.<br \/>7\u00a0Wtedy Herod przywo\u0142a\u0142 potajemnie M\u0119drc\u00f3w i wypyta\u0142 ich dok\u0142adnie o czas ukazania si\u0119 gwiazdy.<br \/>8\u00a0A kieruj\u0105c ich do Betlejem, rzek\u0142: \u00abUdajcie si\u0119 tam i wypytujcie starannie o Dzieci\u0119, a gdy Je znajdziecie, donie\u015bcie mi, abym i ja m\u00f3g\u0142 p\u00f3j\u015b\u0107 i odda\u0107 Mu pok\u0142on\u00bb.<br \/>9\u00a0Oni za\u015b wys\u0142uchawszy kr\u00f3la, ruszyli w drog\u0119. A oto gwiazda, kt\u00f3r\u0105 widzieli na Wschodzie, sz\u0142a przed nimi, a\u017c przysz\u0142a i zatrzyma\u0142a si\u0119 nad miejscem, gdzie by\u0142o Dzieci\u0119.<br \/><span style=\"color: #993300;\"><strong>10\u00a0Gdy ujrzeli gwiazd\u0119, bardzo si\u0119 uradowali.<\/strong><\/span><br \/><span style=\"color: #993300;\"><strong>11\u00a0Weszli do domu i zobaczyli Dzieci\u0119 z Matk\u0105 Jego, Maryj\u0105; upadli na twarz i oddali Mu pok\u0142on. I otworzywszy swe skarby, ofiarowali Mu dary: z\u0142oto, kadzid\u0142o i mirr\u0119<\/strong><\/span><br \/><span style=\"color: #993300;\"><strong>12\u00a0A otrzymawszy we \u015bnie nakaz, \u017ceby nie wracali do Heroda, inn\u0105 drog\u0105 udali si\u0119 do swojej ojczyzny<\/strong><\/span><\/p>\n\n\n\n<h2 class=\"wp-block-heading\"><span style=\"background-color:rgba(0, 0, 0, 0)\" class=\"has-inline-color has-vivid-red-color\">Refleksja<\/span><\/h2>\n\n\n\n<p><strong>Janusz Pasierb<\/strong><\/p>\n\n\n\n<p><em><strong>Trzej kr\u00f3lowie<\/strong><\/em><\/p>\n\n\n\n<p><strong>I<\/strong><\/p>\n\n\n\n<p>jak przed wiekami<br>tylko dla nich \u015bwi\u0119to<br>wok\u00f3\u0142 \u015bwiat nijaki<br>ludzie oboj\u0119tnie<br>patrz\u0105 na cudak\u00f3w<br>za czym oni lec\u0105<br>w poprzek dr\u00f3g zwyczajnych<br>z\u0142ota smuga w niebie<\/p>\n\n\n\n<p><strong>II<\/strong><\/p>\n\n\n\n<p>a w szopce<br>ja jestem kr\u00f3lem czarnym<br>ja jestem ciemno\u015b\u0107 gibka<br>ja jestem \u015bpiew i taniec<br>ja jestem mirra gorzka<br>bia\u0142y jak moje w\u0142osy<br>szary jak dym kadzid\u0142a<br>przedstawiam s\u0119dziw\u0105 m\u0105dro\u015b\u0107<br>dziecinna r\u0105czka dotyka mej g\u0142owy<br>moje sko\u015bne oczy wyci\u0119te s\u0105 w masce<br>\u015bniadej jak z\u0142oto kt\u00f3re tutaj sk\u0142adam<br>szmaragdem b\u0142yszczy moja tajemnica<br>przed tajemnic\u0105 kt\u00f3ra si\u0119 objawia<\/p>\n\n\n\n<p><strong>III<\/strong><\/p>\n\n\n\n<p>dary m\u00f3wi\u0105<br>z\u0142oto \u017ce jeste\u015b kr\u00f3lem<br>zapanuj nad sob\u0105<br>kadzid\u0142o \u017ce\u015b kap\u0142anem<br>ofiaruj co twoje<br>mirra przysz\u0142o\u015b\u0107 wyra\u017ca<br>b\u0119dziesz cierpia\u0142 umrzesz<\/p>\n\n\n\n<p><strong>IV<\/strong><\/p>\n\n\n\n<p>czas gwiazdy<br>je\u015bli z nimi<br>pod biczem nagl\u0105cych promieni<br>je\u015bli z nimi trzema<br>trzeba wzi\u0105\u0107 z\u0142oto kadzid\u0142o i mirr\u0119<br>a tu tandeta i poz\u0142otka cienka<br>z takiego dymu kaszel jak po sportach<br>co jest nasz\u0105 mirr\u0105 mo\u017ce mi\u0142o\u015b\u0107 gorzka zrobi\u0142o si\u0119 p\u00f3\u017ano<br>trzeba si\u0119 pospieszy\u0107<br>ju\u017c nikn\u0105 promienie<br>ko\u0144czy si\u0119 czas gwiazdy<br>a niebo ciemnieje<br>kto nas poprowadzi<\/p>\n\n\n\n<p><em><strong>\u00abWiersze religijne\u00bb, Pozna\u0144 \u2013 Warszawa 1983, str. 93<\/strong><\/em><\/p>\n\n\n<div class=\"wp-block-image\">\n<figure class=\"alignright size-large is-resized\"><a href=\"https:\/\/www.wga.hu\/frames-e.html?\/html\/g\/ghirland\/domenico\/7panel\/06tondo.html\" target=\"_blank\" rel=\"noopener noreferrer\"><img loading=\"lazy\" decoding=\"async\" src=\"https:\/\/poezjaiewangelia.pl\/wp-content\/uploads\/2015\/12\/feb2dcda2247f072d3a3407a06b8b242-e1461938109694.jpg\" alt=\"Domenico Ghirlandaio Pok\u0142on trzech M\u0119drc\u00f3w\" class=\"wp-image-2679\" width=\"343\" height=\"343\" title=\"Domenico Ghirlandaio Pok\u0142on trzech M\u0119drc\u00f3w\"\/><\/a><figcaption><center><em>Domenico Ghirlandaio Pok\u0142on trzech M\u0119drc\u00f3w<\/em><\/center><\/figcaption><\/figure>\n<\/div>\n\n\n<p><strong>Jan Twardowski<\/strong><\/p>\n\n\n\n<p><em><strong>O jednych i o drugich<\/strong><\/em><\/p>\n\n\n\n<p>\u2013 Ach ci pastuszkowie \u2013 m\u00f3wi\u0142<br>\u2013 bardziej dzieci\u0119cy ni\u017c dziecinni<br>pos\u0142uszni jak len na koszule<br>bardziej pro\u015bci ni\u017c kanonizowani<br>sypi\u0105 si\u0119 pod sam pr\u00f3g jak grzeczne kr\u00f3liki<br>bezbronni i nie zapomniani jeszcze<br>bez my\u015bli rosn\u0105cej jak ogromny krzy\u017c<br>bez b\u00f3lu g\u0142owy porozstawiani w czterech k\u0105tach serca<br>bez problem\u00f3w inteligenckich<br>spokojni \u017ce nie potrzebuj\u0105 ani niczego ukry\u0107 ani doda\u0107<br>gorzej z tymi trzema m\u0119drcami<br>kt\u00f3rych wygoni\u0142o na pustyni\u0119 zagl\u0105danie do nieba<br>kt\u00f3rzy wisieli na jednym w\u0142osku gwiazdy<br>sam na sam z d\u0142ugim nerwem rozumu<br>szukaj\u0105cy po ciemku krzykiem sumienia<br>\u017ceby to co proste \u2013 by\u0142o g\u0142\u0119bokie<br>to co bliskie \u2013 najszersze<br>\u017ceby to co jedyne \u2013 nie zamyka\u0142o si\u0119 w jednej formu\u0142ce<br>dla kt\u00f3rych odnalezienie staje si\u0119 pocz\u0105tkiem<br>kt\u00f3rzy wracaj\u0105 zawsze inn\u0105 drog\u0105<br>kt\u00f3rzy dopiero po kropce stawiaj\u0105 i jak niebo id\u0105&nbsp; dalej<\/p>\n\n\n\n<p><em><strong>\u201cIntencje serca\u201d , Pozna\u0144 1985, str.111<\/strong><\/em><\/p>\n\n\n\n<p><strong>Krystyna Konarska \u2013 \u0141osiowa<\/strong><\/p>\n\n\n\n<p><em><strong>Trzej Kr\u00f3lowie<\/strong><\/em><\/p>\n\n\n\n<p>T\u0119sknili w noce gwiazdami przetkane,<br>Co niby z\u0142ote oka wielkiej sieci<br>Wci\u0105ga\u0142y dusz\u0119 w konstelacyj zam\u0119t.<\/p>\n\n\n\n<p>\u015anili \u2014 pot\u0119g\u0119 mocniejsz\u0105 od \u015bmierci<br>Mi\u0142o\u015b\u0107 nad wszystko \u2014 w\u0142asnych praw niepomn\u0105,<br>M\u0105dro\u015b\u0107, jak morze bez kresu \u2014 ogromn\u0105.<\/p>\n\n\n\n<p>I szli, jechali \u2014 przez pustynne piaski<br>Dary swe nios\u0105c \u2014 owoce rozmy\u015bla\u0144,<br>I zawsze gwiazdy wiod\u0142y ich swym blaskiem.<br>A gdy musieli g\u0142\u00f3w majestat schyla\u0107,<br>Aby przest\u0105pi\u0107 pr\u00f3g malutkiej stajni,<br>Poj\u0119li, \u017ce s\u0105 w pe\u0142ni wys\u0142uchani.<\/p>\n\n\n\n<p>\u017be tu \u2014 gdzie dr\u017c\u0105ca na sianie dziecina,<br>Wszystko si\u0119 ko\u0144czy \u2014 i wszystko zaczyna.<\/p>\n\n\n\n<p><em><strong>\u201cIntencje serca\u201d Pozna\u0144 1985, str. 126<\/strong><\/em><\/p>\n\n\n<div class=\"wp-block-image\">\n<figure class=\"alignright size-large is-resized\"><a href=\"https:\/\/www.wga.hu\/frames-e.html?\/html\/d\/durer\/1\/04\/2adorat.html\" target=\"_blank\" rel=\"noopener noreferrer\"><img loading=\"lazy\" decoding=\"async\" src=\"https:\/\/poezjaiewangelia.pl\/wp-content\/uploads\/2015\/12\/c01b0ab5ce932a9a371192c79166f9e0-e1461938135919.jpg\" alt=\"Albrecht D\u00fcrer Pok\u0142on Trzech M\u0119drc\u00f3w\" class=\"wp-image-2678\" width=\"356\" height=\"314\" title=\"Albrecht D\u00fcrer Pok\u0142on Trzech M\u0119drc\u00f3w\"\/><\/a><figcaption><center><em>Albrecht D\u00fcrer Pok\u0142on Trzech M\u0119drc\u00f3w<\/em><\/center><\/figcaption><\/figure>\n<\/div>\n\n\n<p><strong>Jan Twardowski&nbsp;<\/strong>&nbsp;<em><strong>M\u0119drcy<\/strong><\/em><\/p>\n\n\n\n<p>Odnajdziemy go \u2013 szeptali<br>pod niebem spadaj\u0105cym jak g\u0142\u0119binowe \u017celazo<br>\u017cadna gwiazda nie jest pewna przed \u015bwitem<br>Z\u0142oto kt\u00f3re wieziemy w baga\u017cniku nie krzyczy jak paw<br>mirra ukl\u0119k\u0142a kadzid\u0142o protestuje \u017ce nie jest motylem<br>wszystkie karmi\u0105ce li\u015bcie nie sta\u0142y si\u0119 kolcami<br>Nie chwiejemy si\u0119 ju\u017c jak furtka na jednym zawiasie<br>byle tylko nie uczyni\u0107 z niego grzecznej prawdy<br>tak \u015bci\u015ble udowodnionej \u017ce niepewnej<br>tak pocieszaj\u0105cej \u017ce tylko ludzkiej<\/p>\n\n\n\n<p><em><strong>\u201cNoc Szcz\u0119\u015bliwego Rozwi\u0105zania\u201d, Pozna\u0144 1995, str. 73<\/strong><\/em><\/p>\n\n\n\n<p><strong>Leopold Staff&nbsp;<\/strong><\/p>\n\n\n\n<p><em><strong>Patrzyli z oczu\u2026<\/strong><\/em><\/p>\n\n\n\n<p>Patrzyli z oczu ogromn\u0105 dziwot\u0105<br>Pasterze \u2014 owiec porzuciwszy stra\u017ce \u2014<br>O, trzej kr\u00f3lowie! gdy\u015bcie Panu w darze<br>Przynie\u015bli mirr\u0119, kadzid\u0142o i z\u0142oto.<\/p>\n\n\n\n<p>Lecz, o Melchiorze, Kasprze, Baltazarze!<br>Tajnej m\u0105dro\u015bci s\u0142yn\u0119li\u015bcie cnot\u0105<br>I z swych uczonych ksi\u0105g doszli\u015bcie oto,<br>\u017be si\u0119 w Betlejem cud boski uka\u017ce.<\/p>\n\n\n\n<p>C\u00f3\u017c to wielkiego, Magowie ze Wschodu,<br>\u017be\u015bcie odkryli, po roku podr\u00f3\u017cy,<br>Pana na sianie, mi\u0119dzy byd\u0142em, gnojem,<\/p>\n\n\n\n<p>Gdy ja, bez gwiazdy szczeg\u00f3lnej przewodu<br>Znalaz\u0142em Boga, b\u0142\u0105dz\u0105c wiele d\u0142u\u017cej,<br>W jeszcze podlejszej stajni: w sercu swojem.<\/p>\n\n\n\n<p><em><strong>\u201cIntencje serca\u201d , Pozna\u0144 1985, str. 131<\/strong><\/em><\/p>\n\n\n<div class=\"wp-block-image\">\n<figure class=\"alignleft size-large is-resized\"><a href=\"https:\/\/www.wga.hu\/frames-e.html?\/html\/a\/angelico\/13\/08adorat.html\" target=\"_blank\" rel=\"noopener noreferrer\"><img loading=\"lazy\" decoding=\"async\" src=\"https:\/\/poezjaiewangelia.pl\/wp-content\/uploads\/2015\/12\/81c4f29f45ec67997955610800608de1-e1461938283451.jpg\" alt=\"Fra Angelico Pok\u0142on Trzech M\u0119drc\u00f3w\" class=\"wp-image-2680\" width=\"386\" height=\"432\" title=\"Fra Angelico Pok\u0142on Trzech M\u0119drc\u00f3w\"\/><\/a><figcaption><center><em>Fra Angelico Pok\u0142on Trzech M\u0119drc\u00f3w<\/em><\/center><\/figcaption><\/figure>\n<\/div>\n\n\n<p><strong>Jan Twardowski<\/strong><\/p>\n\n\n\n<p><em><strong>Wiersz dla dzieci o m\u0119drcach<\/strong><\/em><\/p>\n\n\n\n<p>Przybyli m\u0119drcy<br>plackiem padli<br>z\u0142o\u017cyli dary<br>odjechali<\/p>\n\n\n\n<p>w\u00f3\u0142 mia\u0142 pretensje:<\/p>\n\n\n\n<p>powinni zaraz wzi\u0105\u0107 Jezusa<br>ukry\u0107<br>ratowa\u0107 Go przed wrogiem<br>przed panem diab\u0142em i Herodem<\/p>\n\n\n\n<p>Kasprze Melchiorze Baltazarze<br>w\u00f3\u0142 dyskutowa\u0142 tupa\u0142 szura\u0142<\/p>\n\n\n\n<p>puknij si\u0119 w g\u0142ow\u0119 rzek\u0142 osio\u0142ek<br>bo przecie\u017c Matka Boska czuwa<\/p>\n\n\n\n<p><em><strong>\u201cNoc Szcz\u0119\u015bliwego Rozwi\u0105zania\u201d, Pozna\u0144 1995, str. 7<\/strong><\/em><\/p>\n\n\n\n<hr class=\"wp-block-separator has-text-color has-luminous-vivid-amber-color has-css-opacity has-luminous-vivid-amber-background-color has-background is-style-dots\"\/>\n\n\n\n<p class=\"has-text-align-center\"><a href=\"https:\/\/poezjaiewangelia.pl\/?page_id=4074#Gora\"><span style=\"color:#1e73be\" class=\"has-inline-color\">Do g\u00f3ry<\/span><\/a><\/p>\n","protected":false},"excerpt":{"rendered":"<p>Powr\u00f3t do Bo\u017ce Narodzenie, &nbsp; Powr\u00f3t do \u015awi\u0119ta BN,&nbsp; Powr\u00f3t do Linki Ewangelia: Mt 2, 1 \u2013 12; M\u0119drcy ze Wschodu 1\u00a0Gdy za\u015b Jezus narodzi\u0142 si\u0119 w Betlejem w Judei za panowania kr\u00f3la Heroda1, oto M\u0119drcy ze Wschodu przybyli do Jerozolimy2\u00a0i pytali: \u00abGdzie jest nowo narodzony kr\u00f3l \u017cydowski? Ujrzeli\u015bmy bowiem jego gwiazd\u0119 na Wschodzie i &hellip; <a href=\"https:\/\/poezjaiewangelia.pl\/?page_id=4074\" class=\"more-link\">Czytaj dalej <span class=\"screen-reader-text\">Uroczysto\u015b\u0107 Objawienia Pa\u0144skiego rok ABC; (06.01.)<\/span><\/a><\/p>\n","protected":false},"author":1,"featured_media":0,"parent":446,"menu_order":5,"comment_status":"closed","ping_status":"closed","template":"","meta":{"_monsterinsights_skip_tracking":false,"_monsterinsights_sitenote_active":false,"_monsterinsights_sitenote_note":"","_monsterinsights_sitenote_category":0,"footnotes":""},"class_list":["post-4074","page","type-page","status-publish","hentry"],"aioseo_notices":[],"_links":{"self":[{"href":"https:\/\/poezjaiewangelia.pl\/index.php?rest_route=\/wp\/v2\/pages\/4074","targetHints":{"allow":["GET"]}}],"collection":[{"href":"https:\/\/poezjaiewangelia.pl\/index.php?rest_route=\/wp\/v2\/pages"}],"about":[{"href":"https:\/\/poezjaiewangelia.pl\/index.php?rest_route=\/wp\/v2\/types\/page"}],"author":[{"embeddable":true,"href":"https:\/\/poezjaiewangelia.pl\/index.php?rest_route=\/wp\/v2\/users\/1"}],"replies":[{"embeddable":true,"href":"https:\/\/poezjaiewangelia.pl\/index.php?rest_route=%2Fwp%2Fv2%2Fcomments&post=4074"}],"version-history":[{"count":32,"href":"https:\/\/poezjaiewangelia.pl\/index.php?rest_route=\/wp\/v2\/pages\/4074\/revisions"}],"predecessor-version":[{"id":9948,"href":"https:\/\/poezjaiewangelia.pl\/index.php?rest_route=\/wp\/v2\/pages\/4074\/revisions\/9948"}],"up":[{"embeddable":true,"href":"https:\/\/poezjaiewangelia.pl\/index.php?rest_route=\/wp\/v2\/pages\/446"}],"wp:attachment":[{"href":"https:\/\/poezjaiewangelia.pl\/index.php?rest_route=%2Fwp%2Fv2%2Fmedia&parent=4074"}],"curies":[{"name":"wp","href":"https:\/\/api.w.org\/{rel}","templated":true}]}}