{"id":4292,"date":"2018-10-24T15:53:26","date_gmt":"2018-10-24T15:53:26","guid":{"rendered":"https:\/\/poezjaiewangelia.pl\/?page_id=4292"},"modified":"2022-07-12T17:42:35","modified_gmt":"2022-07-12T16:42:35","slug":"5-niedziela-wielkiego-posyu-rok-c","status":"publish","type":"page","link":"https:\/\/poezjaiewangelia.pl\/?page_id=4292","title":{"rendered":"5 Niedziela Wielkiego Postu rok C"},"content":{"rendered":"\n<p><span style=\"color: #1e73be;\"><a style=\"color: #1e73be;\" href=\"https:\/\/poezjaiewangelia.pl\/?page_id=57#S57\">Powr\u00f3t do Wielki Post,<\/a>&nbsp;<\/span><a id=\"S4292\"><\/a><span style=\"color: #1e73be;\"><a style=\"color: #1e73be;\" href=\"https:\/\/poezjaiewangelia.pl\/?page_id=117#S117\"> Powr\u00f3t do WP rok C, <\/a><\/span><a id=\"Gora\"><\/a><span style=\"color: #1e73be;\">&nbsp;&nbsp;<a style=\"color: #1e73be;\" href=\"https:\/\/poezjaiewangelia.pl\/?page_id=703#S703\">Powr\u00f3t do Linki<\/a><\/span><\/p>\n\n\n<div class=\"wp-block-image\">\n<figure class=\"alignright size-large\"><img loading=\"lazy\" decoding=\"async\" width=\"150\" height=\"113\" src=\"https:\/\/poezjaiewangelia.pl\/wp-content\/uploads\/2020\/06\/R\u00f3\u017ca-fioletowa.png\" alt=\"Kolor szat\" class=\"wp-image-8734\"\/><figcaption>Kolor szat<\/figcaption><\/figure>\n<\/div>\n\n<div class=\"wp-block-image\">\n<figure class=\"alignleft\"><a href=\"https:\/\/www.wga.hu\/framex-e.html?file=html\/b\/brunelle\/crucifix.html&amp;find=Crucifix\" target=\"_blank\" rel=\"noopener noreferrer\"><img decoding=\"async\" src=\"https:\/\/poezjaiewangelia.pl\/wp-content\/uploads\/2020\/04\/Filippo-Brunelleschi-Krucyfiks-2-e1588175454508.jpg\" alt=\"Filippo Brunelleschi Krucyfiks\" title=\"Filippo Brunelleschi Krucyfiks\"\/><\/a><\/figure>\n<\/div>\n\n\n<hr class=\"wp-block-separator has-text-color has-luminous-vivid-amber-color has-css-opacity has-luminous-vivid-amber-background-color has-background is-style-dots\"\/>\n\n\n\n<p><strong>Ewangelia: J 8, 1 \u2013 11;<\/strong><\/p>\n\n\n\n<h2 class=\"wp-block-heading\"><span style=\"background-color:rgba(0, 0, 0, 0)\" class=\"has-inline-color has-vivid-purple-color\">S\u0142owo Bo\u017ce<\/span><\/h2>\n\n\n<div class=\"wp-block-image\">\n<figure class=\"alignleft size-large is-resized\"><a href=\"https:\/\/www.wga.hu\/frames-e.html?\/html\/c\/cranach\/lucas_e\/05\/54religi.html\" target=\"_blank\" rel=\"noopener noreferrer\"><img loading=\"lazy\" decoding=\"async\" src=\"https:\/\/poezjaiewangelia.pl\/wp-content\/uploads\/2015\/11\/Lucas_Cranach_Starszy_-Chrystus_i_nierzadnica-e1462000863445.jpg\" alt=\"Lucas Cranach Starszy Chrystus i cudzo\u0142o\u017cnica\" class=\"wp-image-2145\" width=\"401\" height=\"272\" title=\"Lucas Cranach Starszy Chrystus i cudzo\u0142o\u017cnica\"\/><\/a><figcaption><center><em>Lucas Cranach Starszy Chrystus i cudzo\u0142o\u017cnica<\/em><\/center><\/figcaption><\/figure>\n<\/div>\n\n\n<p><strong>Kobieta cudzo\u0142o\u017cna<\/strong><\/p>\n<p>1 Jezus natomiast uda\u0142 si\u0119 na G\u00f3r\u0119 Oliwn\u0105,<br \/>2 ale o brzasku zjawi\u0142 si\u0119 zn\u00f3w w \u015bwi\u0105tyni. Ca\u0142y lud schodzi\u0142 si\u0119 do Niego, a On usiad\u0142szy naucza\u0142 ich.<br \/>3 W\u00f3wczas uczeni w Pi\u015bmie i faryzeusze przyprowadzili do Niego kobiet\u0119 kt\u00f3r\u0105 pochwycono na cudzo\u0142\u00f3stwie, a postawiwszy j\u0105 po\u015brodku, powiedzieli do Niego:<br \/>4 \u00abNauczycielu, t\u0119 kobiet\u0119 dopiero pochwycono na cudzo\u0142\u00f3stwie.<br \/>5 W Prawie Moj\u017cesz nakaza\u0142 nam takie kamienowa\u01072. A Ty co m\u00f3wisz?\u00bb<br \/>6 M\u00f3wili to wystawiaj\u0105c Go na pr\u00f3b\u0119, aby mieli o co Go oskar\u017cy\u0107. Lecz Jezus nachyliwszy si\u0119 pisa\u0142 palcem po ziemi.<br \/>7 A kiedy w dalszym ci\u0105gu Go pytali, podni\u00f3s\u0142 si\u0119 i rzek\u0142 do nich: \u00abKto z was jest bez grzechu, niech pierwszy rzuci na ni\u0105 kamie\u0144\u00bb.<br \/>8 I powt\u00f3rnie nachyliwszy si\u0119 pisa\u0142 na ziemi.<br \/>9 Kiedy to us\u0142yszeli, wszyscy jeden po drugim zacz\u0119li odchodzi\u0107, poczynaj\u0105c od starszych, a\u017c do ostatnich. Pozosta\u0142 tylko Jezus i kobieta, stoj\u0105ca na \u015brodku.<br \/><span style=\"color: #993300;\"><strong>10 W\u00f3wczas Jezus podni\u00f3s\u0142szy si\u0119 rzek\u0142 do niej: \u00abKobieto, gdzie\u017c oni s\u0105? Nikt ci\u0119 nie pot\u0119pi\u0142?\u00bb<\/strong><\/span><br \/><span style=\"color: #993300;\"><strong>11 A ona odrzek\u0142a: \u00abNikt, Panie!\u00bb Rzek\u0142 do niej Jezus: \u00abI Ja ciebie nie pot\u0119piam. \u2013 Id\u017a, a od tej chwili ju\u017c nie grzesz!\u00bb.<\/strong><\/span><\/p>\n\n\n\n<h2 class=\"wp-block-heading\"><span style=\"background-color:rgba(0, 0, 0, 0)\" class=\"has-inline-color has-vivid-purple-color\">Refleksja<\/span><\/h2>\n\n\n\n<p><strong>Jan Twardowski<\/strong><\/p>\n\n\n\n<p><em><strong>O \u015bwi\u0119tej Marii Magdalenie<\/strong><\/em><\/p>\n\n\n\n<p>Rozgrzeszy\u0142e\u015b ze wszystkiego<\/p>\n\n\n\n<p>pozw\u00f3l \u017ce weso\u0142o poskacz\u0119<br>a to \u0142kanie co pozosta\u0142o w domu<br>to nie ja \u2013<br>to rado\u015b\u0107 p\u0142acze<\/p>\n\n\n\n<p><em><strong>\u00abPos\u0142aniec nadziei\u00bb,&nbsp;Warszawa-Rzesz\u00f3w 2005, str. 153<\/strong><\/em><\/p>\n\n\n\n<p><strong>Wac\u0142aw Oszajca<\/strong><\/p>\n\n\n\n<p><em><strong>pokusa<\/strong><\/em><\/p>\n\n\n\n<p>nie zmusisz mnie<br>bym cisn\u0105\u0142 w ciebie kamieniem<br>wiem przecie\u017c<br>przestrze\u0144 jest zakrzywiona<\/p>\n\n\n\n<p><em><strong>\u00abReszta wi\u0119ksza od ca\u0142o\u015bci\u00bb, Warszawa 2003, str. 133<\/strong><\/em><\/p>\n\n\n\n<p><strong>Janusz Pasierb&nbsp;<\/strong><\/p>\n\n\n\n<p><em><strong>To samo s\u0142owo<\/strong><\/em><\/p>\n\n\n\n<p>Ojciec pisa\u0142 rylcem na tablicy z g\u0142az\u00f3w<br>Syn pisa\u0142 palcem na kurzu po ziemi<br>Duch \u015awi\u0119ty pisa\u0142 p\u0142omieniem na wietrze<\/p>\n\n\n\n<p>moje nieszczere serce stuka<br>to samo s\u0142owo<br>Mi\u0142o\u015b\u0107<\/p>\n\n\n\n<p><em><strong>\u00abWiersze religijne\u00bb, Pozna\u0144 \u2013 Warszawa 1983, str. 42<\/strong><\/em><\/p>\n\n\n<div class=\"wp-block-image\">\n<figure class=\"alignright size-large is-resized\"><a href=\"https:\/\/www.wga.hu\/frames-e.html?\/html\/r\/rembrand\/13biblic\/32newtes.html\" target=\"_blank\" rel=\"noopener noreferrer\"><img loading=\"lazy\" decoding=\"async\" src=\"https:\/\/poezjaiewangelia.pl\/wp-content\/uploads\/2015\/11\/Rembrandt_van_Rijn_Chrystus_i_cudzoloznica-e1462001088358.jpg\" alt=\"Rembrandt van Rijn Chrystus i cudzo\u0142o\u017cnica\" class=\"wp-image-2149\" width=\"290\" height=\"372\" title=\"Rembrandt van Rijn Chrystus i cudzo\u0142o\u017cnica\"\/><\/a><figcaption><center><em>Rembrandt van Rijn Chrystus i cudzo\u0142o\u017cnica <\/em><\/center><\/figcaption><\/figure>\n<\/div>\n\n\n<p><strong>Witold Nanowski<\/strong><\/p>\n\n\n\n<p><em><strong>\u015awi\u0119ta Magdalena<\/strong><\/em><\/p>\n\n\n\n<p>A kiedy straci\u0142a\u015b wszystko, pozosta\u0142 tobie B\u00f3g.<br>Wi\u0119cej ni\u017c wszystko na ziemi: \u015awi\u0119te Kr\u00f3lestwo Wieczno\u015bci.<br>Tylko On przebaczy\u0107 Ci m\u00f3g\u0142.<br>Gdy by\u0142a\u015b pe\u0142na b\u00f3lu i \u017ca\u0142o\u015bci.<\/p>\n\n\n\n<p>Nikt z nich bez grzechu,<br>On ich imiona wypisa\u0142 na piasku.<br>Kamienne s\u0142owom wt\u00f3rowa\u0142o echo<br>i prawda oczy pora\u017ca\u0142a blaskiem.<\/p>\n\n\n\n<p>\u201cKto z was jest bez grzechu,<br>niech pierwszy rzuci w ni\u0105 kamieniem\u201d\u2026<br>Kamienne s\u0142owom wt\u00f3rowa\u0142o echo.<br>Wszyscy odeszli z\u0142amani, skuleni.<\/p>\n\n\n\n<p><em><strong>\u00abIntencje serca\u00bb, Pozna\u0144 1985, str. 569<\/strong><\/em><\/p>\n\n\n\n<p><strong>Zofia Zaborowska<\/strong><\/p>\n\n\n\n<p><em><strong>Magdalena<\/strong><\/em><\/p>\n\n\n\n<p>By\u0142am Magdalen\u0105.<br>Przywlok\u0142am si\u0119 za nim na Golgot\u0119<br>i stan\u0119\u0142am opodal krzy\u017ca pe\u0142na l\u0119ku,<br>bo by\u0142a tam Jego Matka,<br>kt\u00f3ra mog\u0142a powiedzie\u0107, \u017ce moje miejsce w\u015br\u00f3d tych,<br>co Go na \u015bmier\u0107 wydali\u2026<br>I spotka\u0142am Jej wzrok \u2013 bez cienia urazy.<br>Przesun\u0119\u0142a si\u0119 nawet nieco,<br>bym mog\u0142a podej\u015b\u0107 bli\u017cej.<br>Popatrzy\u0142am teraz na Niego.<br>Wyczyta\u0142am w gasn\u0105cym spojrzeniu<br>nie \u017cal,<br>nie pot\u0119pienie,<br>nie wyrzuty,<br>ale s\u0142owa wdzi\u0119czno\u015bci:<br>Dzi\u0119kuj\u0119 ci, Mario, \u017ce nie pozwalasz,<br>abym dla ciebie umar\u0142 na pr\u00f3\u017cno<\/p>\n\n\n\n<p><em><strong>\u00abIntencje serca\u00bb, Pozna\u0144 1985, str. 572<\/strong><\/em><\/p>\n\n\n\n<p class=\"has-text-align-center\"><a href=\"https:\/\/poezjaiewangelia.pl\/?page_id=4292&amp;preview_id=4292#Gora\"><span style=\"color:#1e73be\" class=\"has-inline-color\">Do g\u00f3ry<\/span><\/a><\/p>\n","protected":false},"excerpt":{"rendered":"<p>Powr\u00f3t do Wielki Post,&nbsp; Powr\u00f3t do WP rok C, &nbsp;&nbsp;Powr\u00f3t do Linki Ewangelia: J 8, 1 \u2013 11; Kobieta cudzo\u0142o\u017cna 1 Jezus natomiast uda\u0142 si\u0119 na G\u00f3r\u0119 Oliwn\u0105,2 ale o brzasku zjawi\u0142 si\u0119 zn\u00f3w w \u015bwi\u0105tyni. Ca\u0142y lud schodzi\u0142 si\u0119 do Niego, a On usiad\u0142szy naucza\u0142 ich.3 W\u00f3wczas uczeni w Pi\u015bmie i faryzeusze przyprowadzili do &hellip; <a href=\"https:\/\/poezjaiewangelia.pl\/?page_id=4292\" class=\"more-link\">Czytaj dalej <span class=\"screen-reader-text\">5 Niedziela Wielkiego Postu rok C<\/span><\/a><\/p>\n","protected":false},"author":1,"featured_media":0,"parent":117,"menu_order":5,"comment_status":"closed","ping_status":"closed","template":"","meta":{"_monsterinsights_skip_tracking":false,"_monsterinsights_sitenote_active":false,"_monsterinsights_sitenote_note":"","_monsterinsights_sitenote_category":0,"footnotes":""},"class_list":["post-4292","page","type-page","status-publish","hentry"],"aioseo_notices":[],"_links":{"self":[{"href":"https:\/\/poezjaiewangelia.pl\/index.php?rest_route=\/wp\/v2\/pages\/4292","targetHints":{"allow":["GET"]}}],"collection":[{"href":"https:\/\/poezjaiewangelia.pl\/index.php?rest_route=\/wp\/v2\/pages"}],"about":[{"href":"https:\/\/poezjaiewangelia.pl\/index.php?rest_route=\/wp\/v2\/types\/page"}],"author":[{"embeddable":true,"href":"https:\/\/poezjaiewangelia.pl\/index.php?rest_route=\/wp\/v2\/users\/1"}],"replies":[{"embeddable":true,"href":"https:\/\/poezjaiewangelia.pl\/index.php?rest_route=%2Fwp%2Fv2%2Fcomments&post=4292"}],"version-history":[{"count":13,"href":"https:\/\/poezjaiewangelia.pl\/index.php?rest_route=\/wp\/v2\/pages\/4292\/revisions"}],"predecessor-version":[{"id":9977,"href":"https:\/\/poezjaiewangelia.pl\/index.php?rest_route=\/wp\/v2\/pages\/4292\/revisions\/9977"}],"up":[{"embeddable":true,"href":"https:\/\/poezjaiewangelia.pl\/index.php?rest_route=\/wp\/v2\/pages\/117"}],"wp:attachment":[{"href":"https:\/\/poezjaiewangelia.pl\/index.php?rest_route=%2Fwp%2Fv2%2Fmedia&parent=4292"}],"curies":[{"name":"wp","href":"https:\/\/api.w.org\/{rel}","templated":true}]}}