{"id":4376,"date":"2018-10-27T14:42:08","date_gmt":"2018-10-27T14:42:08","guid":{"rendered":"https:\/\/poezjaiewangelia.pl\/?page_id=4376"},"modified":"2022-07-12T18:03:11","modified_gmt":"2022-07-12T17:03:11","slug":"3-niedziela-wielkanocna-rok-b","status":"publish","type":"page","link":"https:\/\/poezjaiewangelia.pl\/?page_id=4376","title":{"rendered":"3 Niedziela Wielkanocna rok B"},"content":{"rendered":"\n<p><span style=\"color: #1e73be;\"><a style=\"color: #1e73be;\" href=\"https:\/\/poezjaiewangelia.pl\/?page_id=59#S59\">Powr\u00f3t do Wielkanoc,<\/a> <a id=\"S4376\" style=\"color: #1e73be;\"><\/a>&nbsp;<a style=\"color: #1e73be;\" href=\"https:\/\/poezjaiewangelia.pl\/?page_id=126#S126\">Niedziele Wielkanocne rok B,<\/a> <\/span><a id=\"Gora\"><\/a><span style=\"color: #1e73be;\">&nbsp;<a style=\"color: #1e73be;\" href=\"https:\/\/poezjaiewangelia.pl\/?page_id=703#S703\">Powr\u00f3t do Linki<\/a><\/span><\/p>\n\n\n<div class=\"wp-block-image\">\n<figure class=\"alignright size-large\"><img loading=\"lazy\" decoding=\"async\" width=\"150\" height=\"150\" src=\"https:\/\/poezjaiewangelia.pl\/wp-content\/uploads\/2018\/10\/R\u00f3\u017ca-bia\u0142a-e1592148272533.png\" alt=\"Kolor szat\" class=\"wp-image-4591\"\/><figcaption>Kolor szat<\/figcaption><\/figure>\n<\/div>\n\n<div class=\"wp-block-image\">\n<figure class=\"alignleft\"><a href=\"https:\/\/www.wga.hu\/framex-e.html?file=html\/v\/veronese\/04_1570s\/1resurre.html&amp;find=Resurrection\" target=\"_blank\" rel=\"noopener noreferrer\"><img decoding=\"async\" src=\"https:\/\/poezjaiewangelia.pl\/wp-content\/uploads\/2015\/12\/Paolo-Veronese-Zmartwychwstanie.jpg\" alt=\"Paolo Veronese Zmartwychwstanie (detal)\" title=\"Paolo Veronese Zmartwychwstanie (detal)\"\/><\/a><\/figure>\n<\/div>\n\n\n<hr class=\"wp-block-separator has-text-color has-luminous-vivid-amber-color has-css-opacity has-luminous-vivid-amber-background-color has-background is-style-dots\"\/>\n\n\n\n<p><strong>Ewangelia: \u0141k 24, 36 \u2013 48;<\/strong><\/p>\n\n\n\n<h2 class=\"wp-block-heading\"><strong><span style=\"color:#3366ff\" class=\"has-inline-color\">S\u0141OWO BO\u017bE<\/span><\/strong><\/h2>\n\n\n<div class=\"wp-block-image\">\n<figure class=\"alignright size-large is-resized\"><a href=\"https:\/\/www.wga.hu\/frames-e.html?\/html\/d\/duccio\/maesta\/crown_v\/cro_v_7.html\" target=\"_blank\" rel=\"noopener noreferrer\"><img loading=\"lazy\" decoding=\"async\" src=\"https:\/\/poezjaiewangelia.pl\/wp-content\/uploads\/2015\/11\/4d7b1a28614b06fcb5d163a0f60d522f-e1460749004668.jpg\" alt=\"Duccio di Buoninsegna Jezus objawia si\u0119 Aposto\u0142om\" class=\"wp-image-2775\" width=\"432\" height=\"328\" title=\"Duccio di Buoninsegna Jezus objawia si\u0119 Aposto\u0142om\"\/><\/a><figcaption><center><em>Duccio di Buoninsegna Jezus objawia si\u0119 Aposto\u0142om<\/em><\/center><\/figcaption><\/figure>\n<\/div>\n\n\n<p><strong>Jezus ukazuje si\u0119 Aposto\u0142om<\/strong><\/p>\n<p>36 A gdy rozmawiali o tym, On sam stan\u0105\u0142 po\u015br\u00f3d nich i rzek\u0142 do nich: \u00abPok\u00f3j wam!\u00bb<br \/>37 Zatrwo\u017conym i wyl\u0119k\u0142ym zdawa\u0142o si\u0119, \u017ce widz\u0105 ducha.<br \/>38 Lecz On rzek\u0142 do nich: \u00abCzemu jeste\u015bcie zmieszani i dlaczego w\u0105tpliwo\u015bci budz\u0105 si\u0119 w waszych sercach?<br \/><span style=\"color: #993300;\"><strong>39 Popatrzcie na moje r\u0119ce i nogi: to Ja jestem. Dotknijcie si\u0119 Mnie i przekonajcie: duch nie ma cia\u0142a ani ko\u015bci, jak widzicie, \u017ce Ja mam\u00bb.<\/strong><\/span><br \/><span style=\"color: #993300;\"><strong>40 Przy tych s\u0142owach pokaza\u0142 im swoje r\u0119ce i nogi.<\/strong><\/span><br \/>41 Lecz gdy oni z rado\u015bci jeszcze nie wierzyli i pe\u0142ni byli zdumienia, rzek\u0142 do nich: \u00abMacie tu co\u015b do jedzenia?\u00bb<br \/>42 Oni podali Mu kawa\u0142ek pieczonej ryby.<br \/>43 Wzi\u0105\u0142 i jad\u0142 wobec nich.<\/p>\n<p><strong>Ostatnie pouczenia<\/strong><\/p>\n<p>44 Potem rzek\u0142 do nich: \u00abTo w\u0142a\u015bnie znaczy\u0142y s\u0142owa, kt\u00f3re m\u00f3wi\u0142em do was, gdy by\u0142em jeszcze z wami: Musi si\u0119 wype\u0142ni\u0107 wszystko, co napisane jest o Mnie w Prawie Moj\u017cesza, u Prorok\u00f3w i w Psalmach\u00bb.<br \/><span style=\"color: #993300;\"><strong>45 Wtedy o\u015bwieci\u0142 ich umys\u0142y, aby rozumieli Pisma,<\/strong><\/span><br \/><span style=\"color: #993300;\"><strong>46 i rzek\u0142 do nich: \u00abTak jest napisane: Mesjasz b\u0119dzie cierpia\u0142 i trzeciego dnia zmartwychwstanie,<\/strong><\/span><br \/><span style=\"color: #993300;\"><strong>47 w imi\u0119 Jego g\u0142oszone b\u0119dzie nawr\u00f3cenie i odpuszczenie grzech\u00f3w wszystkim narodom, pocz\u0105wszy od Jerozolimy.<\/strong><\/span><br \/><span style=\"color: #993300;\"><strong>48 Wy jeste\u015bcie \u015bwiadkami tego\u00bb.<\/strong><\/span><\/p>\n\n\n\n<h2 class=\"wp-block-heading\"><strong><span style=\"color:#3366ff\" class=\"has-inline-color\">REFLEKSJA<\/span><\/strong><\/h2>\n\n\n\n<p><strong>Jan Twardowski<\/strong><\/p>\n\n\n\n<p><em><strong>Rany<\/strong><\/em><\/p>\n\n\n\n<p>M\u00f3wi\u0105 \u017ce Ci\u0119 poznano przy \u0142amaniu chleba<br>raczej po ranach r\u0105k Twych kt\u00f3re go \u0142ama\u0142y<br>chleb niewidoczny jak tajniak na co dzie\u0144<br>by\u0107 albo nie by\u0107 nie dla nas pytanie<br>tylko Ty jeste\u015b<\/p>\n\n\n\n<p>obraca si\u0119 ziemia<br>mi\u0142o\u015b\u0107 odda\u0142a bo za bardzo zbli\u017ca<br>chleb tak jak serce o wiele za ma\u0142e<br>rany \u015bwiadcz\u0105 wi\u0119cej ni\u017c r\u0119ce rozda\u0142y<\/p>\n\n\n\n<p><em><strong>\u00abABC ksi\u0119dza Twardowskiego. Rok A\u00bb, Warszawa 2002, str. 63<\/strong><\/em><\/p>\n\n\n\n<p><strong>Jan Twardowski<\/strong><\/p>\n\n\n\n<p><em><strong>Pytania<\/strong><\/em><\/p>\n\n\n\n<p>Gdzie si\u0119 prawda zaczyna a gdzie rozum ko\u0144czy<br>gdzie mi\u0142o\u015b\u0107 mi\u0119dzy nami a gdzie ju\u017c cierpienie<br>czy \u0142za czy na nosie ciep\u0142o zimnej wody<br>dok\u0105d razem idziemy by umrze\u0107 osobno<br>czy s\u0142owo jeszcze s\u0142owem czy nagle milczeniem<br>czy cia\u0142o wci\u0105\u017c oddala czy tylko zas\u0142ania<br>w kt\u00f3rym miejscu odchodzi Pan B\u00f3g oficjalny<br>i nie patrzy w przepisy bo ju\u017c jest prawdziwy<\/p>\n\n\n\n<p>O \u015bwi\u0119ty krzy\u017cu pyta\u0144 jak niewiele wa\u017cysz<br>gdy ma\u0142e g\u0142upie szcz\u0119\u015bcie li\u017ce nas po twarzy<\/p>\n\n\n\n<p><em><strong>\u201cnie przyszed\u0142em pana nawraca\u0107\u201d, Warszawa 1986, str. 245<\/strong><\/em><\/p>\n\n\n\n<p class=\"has-text-align-center\"><a href=\"https:\/\/poezjaiewangelia.pl\/?page_id=4376&amp;preview_id=4376#Gora\"><span style=\"color:#1e73be\" class=\"has-inline-color\">Do g\u00f3ry<\/span><\/a><\/p>\n","protected":false},"excerpt":{"rendered":"<p>Powr\u00f3t do Wielkanoc, &nbsp;Niedziele Wielkanocne rok B, &nbsp;Powr\u00f3t do Linki Ewangelia: \u0141k 24, 36 \u2013 48; Jezus ukazuje si\u0119 Aposto\u0142om 36 A gdy rozmawiali o tym, On sam stan\u0105\u0142 po\u015br\u00f3d nich i rzek\u0142 do nich: \u00abPok\u00f3j wam!\u00bb37 Zatrwo\u017conym i wyl\u0119k\u0142ym zdawa\u0142o si\u0119, \u017ce widz\u0105 ducha.38 Lecz On rzek\u0142 do nich: \u00abCzemu jeste\u015bcie zmieszani i dlaczego &hellip; <a href=\"https:\/\/poezjaiewangelia.pl\/?page_id=4376\" class=\"more-link\">Czytaj dalej <span class=\"screen-reader-text\">3 Niedziela Wielkanocna rok B<\/span><\/a><\/p>\n","protected":false},"author":1,"featured_media":0,"parent":126,"menu_order":1,"comment_status":"closed","ping_status":"closed","template":"","meta":{"_monsterinsights_skip_tracking":false,"_monsterinsights_sitenote_active":false,"_monsterinsights_sitenote_note":"","_monsterinsights_sitenote_category":0,"footnotes":""},"class_list":["post-4376","page","type-page","status-publish","hentry"],"aioseo_notices":[],"_links":{"self":[{"href":"https:\/\/poezjaiewangelia.pl\/index.php?rest_route=\/wp\/v2\/pages\/4376","targetHints":{"allow":["GET"]}}],"collection":[{"href":"https:\/\/poezjaiewangelia.pl\/index.php?rest_route=\/wp\/v2\/pages"}],"about":[{"href":"https:\/\/poezjaiewangelia.pl\/index.php?rest_route=\/wp\/v2\/types\/page"}],"author":[{"embeddable":true,"href":"https:\/\/poezjaiewangelia.pl\/index.php?rest_route=\/wp\/v2\/users\/1"}],"replies":[{"embeddable":true,"href":"https:\/\/poezjaiewangelia.pl\/index.php?rest_route=%2Fwp%2Fv2%2Fcomments&post=4376"}],"version-history":[{"count":13,"href":"https:\/\/poezjaiewangelia.pl\/index.php?rest_route=\/wp\/v2\/pages\/4376\/revisions"}],"predecessor-version":[{"id":9995,"href":"https:\/\/poezjaiewangelia.pl\/index.php?rest_route=\/wp\/v2\/pages\/4376\/revisions\/9995"}],"up":[{"embeddable":true,"href":"https:\/\/poezjaiewangelia.pl\/index.php?rest_route=\/wp\/v2\/pages\/126"}],"wp:attachment":[{"href":"https:\/\/poezjaiewangelia.pl\/index.php?rest_route=%2Fwp%2Fv2%2Fmedia&parent=4376"}],"curies":[{"name":"wp","href":"https:\/\/api.w.org\/{rel}","templated":true}]}}