{"id":4390,"date":"2018-10-27T15:31:44","date_gmt":"2018-10-27T15:31:44","guid":{"rendered":"https:\/\/poezjaiewangelia.pl\/?page_id=4390"},"modified":"2022-07-12T18:06:11","modified_gmt":"2022-07-12T17:06:11","slug":"wniebowstapienie-panskie-7-nw-rok-b","status":"publish","type":"page","link":"https:\/\/poezjaiewangelia.pl\/?page_id=4390","title":{"rendered":"7 NW &#8211; Wniebowst\u0105pienie Pa\u0144skie rok B"},"content":{"rendered":"\n<p><span style=\"color: #1e73be;\"><a style=\"color: #1e73be;\" href=\"https:\/\/poezjaiewangelia.pl\/?page_id=59#S59\">Powr\u00f3t do Wielkanoc,<\/a>&nbsp;&nbsp;<\/span><a id=\"S4390\"><\/a><span style=\"color: #1e73be;\"><a style=\"color: #1e73be;\" href=\"https:\/\/poezjaiewangelia.pl\/?page_id=126#S126\"> Niedziele Wielkanocne rok B, <\/a><\/span><a id=\"Gora\"><\/a><span style=\"color: #1e73be;\">&nbsp;&nbsp;&nbsp;<a style=\"color: #1e73be;\" href=\"https:\/\/poezjaiewangelia.pl\/?page_id=703#S703\">Powr\u00f3t do Linki<\/a><\/span><\/p>\n\n\n<div class=\"wp-block-image\">\n<figure class=\"alignright size-large\"><img loading=\"lazy\" decoding=\"async\" width=\"150\" height=\"150\" src=\"https:\/\/poezjaiewangelia.pl\/wp-content\/uploads\/2018\/10\/R\u00f3\u017ca-bia\u0142a-e1592148272533.png\" alt=\"Kolor szat\" class=\"wp-image-4591\"\/><figcaption>Kolor szat<\/figcaption><\/figure>\n<\/div>\n\n<div class=\"wp-block-image\">\n<figure class=\"alignleft\"><a href=\"https:\/\/www.wga.hu\/frames-e.html?\/html\/r\/robbia\/luca\/duomo\/6duomo.html\" target=\"_blank\" rel=\"noopener noreferrer\"><img decoding=\"async\" src=\"https:\/\/poezjaiewangelia.pl\/wp-content\/uploads\/2015\/12\/Luca-della-Robbia-Ascension-of-Christ1.jpg\" alt=\"Luca della RobbianWniebowst\u0105pienie\" title=\"Luca della RobbianWniebowst\u0105pienie\"\/><\/a><\/figure>\n<\/div>\n\n\n<hr class=\"wp-block-separator has-text-color has-luminous-vivid-amber-color has-css-opacity has-luminous-vivid-amber-background-color has-background is-style-dots\"\/>\n\n\n\n<p><strong>Ewangelia: Mk 16, 15 \u2013 20;<\/strong><\/p>\n\n\n\n<h2 class=\"wp-block-heading\"><strong><span style=\"color:#3366ff\" class=\"has-inline-color\">S\u0141OWO BO\u017bE<\/span><\/strong><\/h2>\n\n\n<div class=\"wp-block-image\">\n<figure class=\"alignright size-large is-resized\"><a href=\"https:\/\/www.wga.hu\/framex-e.html?file=html\/g\/guarient\/ascensio.html&amp;find=Ascension+of+Christ\" target=\"_blank\" rel=\"noopener noreferrer\"><img loading=\"lazy\" decoding=\"async\" src=\"https:\/\/poezjaiewangelia.pl\/wp-content\/uploads\/2015\/11\/9544f4877218d7e844c7b636d50a8152-e1462205589583.jpg\" alt=\"Guariento d'Arpo Wniebowst\u0105pienie\" class=\"wp-image-2784\" width=\"322\" height=\"442\" title=\"Guariento d'Arpo Wniebowst\u0105pienie\"\/><\/a><figcaption><center><em>Guariento d&#8217;Arpo Wniebowst\u0105pienie<\/em><\/center><\/figcaption><\/figure>\n<\/div>\n\n\n<p><strong>Ostatni rozkaz<\/strong><\/p>\n<p><span style=\"color: #993300;\"><strong>15 I rzek\u0142 do nich: \u00abId\u017acie na ca\u0142y \u015bwiat i g\u0142o\u015bcie Ewangeli\u0119 wszelkiemu stworzeniu!<\/strong><\/span><br \/><span style=\"color: #993300;\"><strong>16 Kto uwierzy i przyjmie chrzest, b\u0119dzie zbawiony; a kto nie uwierzy, b\u0119dzie pot\u0119piony.<\/strong><\/span><br \/>17 Tym za\u015b, kt\u00f3rzy uwierz\u0105, te znaki towarzyszy\u0107 b\u0119d\u0105: w imi\u0119 moje z\u0142e duchy b\u0119d\u0105 wyrzuca\u0107, nowymi j\u0119zykami m\u00f3wi\u0107 b\u0119d\u0105;<br \/>18 w\u0119\u017ce bra\u0107 b\u0119d\u0105 do r\u0105k, i je\u015bliby co zatrutego wypili, nie b\u0119dzie im szkodzi\u0107. Na chorych r\u0119ce k\u0142a\u015b\u0107 b\u0119d\u0105, i ci odzyskaj\u0105 zdrowie\u00bb.<\/p>\n<p><strong>Wniebowst\u0105pienie<\/strong><\/p>\n<p>19 Po rozmowie z nimi Pan Jezus zosta\u0142 wzi\u0119ty do nieba i zasiad\u0142 po prawicy Boga.<br \/>20 Oni za\u015b poszli i g\u0142osili Ewangeli\u0119 wsz\u0119dzie, a Pan wsp\u00f3\u0142dzia\u0142a\u0142 z nimi i potwierdzi\u0142 nauk\u0119 znakami, kt\u00f3re jej towarzyszy\u0142y.<\/p>\n\n\n\n<h2 class=\"wp-block-heading\"><strong><span style=\"color:#3366ff\" class=\"has-inline-color\">REFLEKSJA<\/span><\/strong><\/h2>\n\n\n\n<p><strong>Jan Zieli\u0144ski<\/strong><\/p>\n\n\n\n<p><em><strong>Nowa ewangelizacja II<\/strong><\/em><\/p>\n\n\n\n<p>Ulice i dachy<br>ju\u017c czekaj\u0105 na nas<br>to co szeptali\u015bmy od ucha do ucha<br>pot\u0119\u017cnieje<br>merkaba ruszy\u0142a na wszystkie strony<br>anio\u0142owie biegn\u0105 obok<br>nios\u0105 ziarno Dobrej Nowiny<br>w kruchych naczyniach<br>zagrzmia\u0142a tr\u0105ba<\/p>\n\n\n\n<p>S\u0142owo budzi umar\u0142ych<br>S\u0142owo zgromadzi umar\u0142ych<br>S\u0142owo umar\u0142ym da \u017bycie<\/p>\n\n\n\n<p><em><strong>\u00abwiersze podarowane\u00bb, Warszawa 1994, str. 111<\/strong><\/em><\/p>\n\n\n\n<p><strong>Pawe\u0142 Heintsch<\/strong><\/p>\n\n\n\n<p><em><strong>O Wniebowst\u0105pieniu<\/strong><\/em><\/p>\n\n\n\n<p>\u0141ukasz w rado\u015bci i b\u0142ogos\u0142awie\u0144stwach<br>ko\u0144czy swoje pierwsze sprawozdanie:<br>rozsta\u0142 si\u0119 z nimi i by\u0142 uniesiony do Nieba.<br>A drugie rozpoczyna oznajmiaj\u0105c,<br>\u017ce Jezus \u017cyje,<br>pokarmy wsp\u00f3lnie spo\u017cywa<br>z uczniami,<br>unosi si\u0119 ze szczytu<br>i Ob\u0142ok Go os\u0142ania<br>a Duch ich wiar\u0119 o\u017cywia.<\/p>\n\n\n\n<p>Marek kr\u00f3tko m\u00f3wi,<br>\u017ce wzi\u0119ty do Nieba<br>po prawicy Bo\u017cej<br>zasiada,<br>a ci, kt\u00f3rych pos\u0142a\u0142,<br>poszli \u015bwiadectwo<br>z\u0142o\u017cy\u0107.<br>I z\u0142o\u017cyli, bo im pomaga\u0142.<\/p>\n\n\n\n<p><em><strong>\u00abIntencje serca\u00bb, Pozna\u0144 1985, str. 266<\/strong><\/em><\/p>\n\n\n\n<p class=\"has-text-align-center\"><a href=\"https:\/\/poezjaiewangelia.pl\/?page_id=4390#Gora\"><span style=\"color:#1e73be\" class=\"has-inline-color\">Do g\u00f3ry<\/span><\/a><\/p>\n","protected":false},"excerpt":{"rendered":"<p>Powr\u00f3t do Wielkanoc,&nbsp;&nbsp; Niedziele Wielkanocne rok B, &nbsp;&nbsp;&nbsp;Powr\u00f3t do Linki Ewangelia: Mk 16, 15 \u2013 20; Ostatni rozkaz 15 I rzek\u0142 do nich: \u00abId\u017acie na ca\u0142y \u015bwiat i g\u0142o\u015bcie Ewangeli\u0119 wszelkiemu stworzeniu!16 Kto uwierzy i przyjmie chrzest, b\u0119dzie zbawiony; a kto nie uwierzy, b\u0119dzie pot\u0119piony.17 Tym za\u015b, kt\u00f3rzy uwierz\u0105, te znaki towarzyszy\u0107 b\u0119d\u0105: w imi\u0119 &hellip; <a href=\"https:\/\/poezjaiewangelia.pl\/?page_id=4390\" class=\"more-link\">Czytaj dalej <span class=\"screen-reader-text\">7 NW &#8211; Wniebowst\u0105pienie Pa\u0144skie rok B<\/span><\/a><\/p>\n","protected":false},"author":1,"featured_media":0,"parent":126,"menu_order":5,"comment_status":"closed","ping_status":"closed","template":"","meta":{"_monsterinsights_skip_tracking":false,"_monsterinsights_sitenote_active":false,"_monsterinsights_sitenote_note":"","_monsterinsights_sitenote_category":0,"footnotes":""},"class_list":["post-4390","page","type-page","status-publish","hentry"],"aioseo_notices":[],"_links":{"self":[{"href":"https:\/\/poezjaiewangelia.pl\/index.php?rest_route=\/wp\/v2\/pages\/4390","targetHints":{"allow":["GET"]}}],"collection":[{"href":"https:\/\/poezjaiewangelia.pl\/index.php?rest_route=\/wp\/v2\/pages"}],"about":[{"href":"https:\/\/poezjaiewangelia.pl\/index.php?rest_route=\/wp\/v2\/types\/page"}],"author":[{"embeddable":true,"href":"https:\/\/poezjaiewangelia.pl\/index.php?rest_route=\/wp\/v2\/users\/1"}],"replies":[{"embeddable":true,"href":"https:\/\/poezjaiewangelia.pl\/index.php?rest_route=%2Fwp%2Fv2%2Fcomments&post=4390"}],"version-history":[{"count":12,"href":"https:\/\/poezjaiewangelia.pl\/index.php?rest_route=\/wp\/v2\/pages\/4390\/revisions"}],"predecessor-version":[{"id":9999,"href":"https:\/\/poezjaiewangelia.pl\/index.php?rest_route=\/wp\/v2\/pages\/4390\/revisions\/9999"}],"up":[{"embeddable":true,"href":"https:\/\/poezjaiewangelia.pl\/index.php?rest_route=\/wp\/v2\/pages\/126"}],"wp:attachment":[{"href":"https:\/\/poezjaiewangelia.pl\/index.php?rest_route=%2Fwp%2Fv2%2Fmedia&parent=4390"}],"curies":[{"name":"wp","href":"https:\/\/api.w.org\/{rel}","templated":true}]}}