{"id":4770,"date":"2018-11-03T15:20:16","date_gmt":"2018-11-03T15:20:16","guid":{"rendered":"https:\/\/poezjaiewangelia.pl\/?page_id=4770"},"modified":"2022-07-12T18:21:27","modified_gmt":"2022-07-12T17:21:27","slug":"uroczystosc-zwiastowania-panskiego-25-03-rok-a-b-c","status":"publish","type":"page","link":"https:\/\/poezjaiewangelia.pl\/?page_id=4770","title":{"rendered":"Uroczysto\u015b\u0107 Zwiastowania Pa\u0144skiego (25.03.) rok ABC;"},"content":{"rendered":"\n<p><span style=\"color: #1e73be;\"><a style=\"color: #1e73be;\" href=\"https:\/\/poezjaiewangelia.pl\/?page_id=63#S63\">Powr\u00f3t do \u015awi\u0119ta,<\/a>&nbsp;&nbsp;<\/span><a id=\"S4770\"><\/a><span style=\"color: #1e73be;\">&nbsp; <a style=\"color: #1e73be;\" href=\"https:\/\/poezjaiewangelia.pl\/?page_id=138#S138\">Uroczysto\u015bci i \u015bwi\u0119ta II \u2013 IV, <\/a><\/span><a id=\"Gora\"><\/a><span style=\"color: #1e73be;\">&nbsp;&nbsp;<a style=\"color: #1e73be;\" href=\"https:\/\/poezjaiewangelia.pl\/?page_id=703#S703\">Powr\u00f3t do Linki<\/a><\/span><\/p>\n\n\n<div class=\"wp-block-image\">\n<figure class=\"alignright size-large\"><img loading=\"lazy\" decoding=\"async\" width=\"150\" height=\"150\" src=\"https:\/\/poezjaiewangelia.pl\/wp-content\/uploads\/2018\/10\/R\u00f3\u017ca-bia\u0142a-e1592148272533.png\" alt=\"Kolor szat\" class=\"wp-image-4591\"\/><figcaption>Kolor szat<\/figcaption><\/figure>\n<\/div>\n\n<div class=\"wp-block-image\">\n<figure class=\"alignleft size-large\"><a href=\"https:\/\/www.wga.hu\/frames-e.html?\/html\/s\/strozzi\/2\/annunc.html\" target=\"_blank\" rel=\"noopener noreferrer\"><img loading=\"lazy\" decoding=\"async\" width=\"100\" height=\"124\" src=\"https:\/\/poezjaiewangelia.pl\/wp-content\/uploads\/2015\/12\/Bernardo-Strozzi-Zwiastowanie1.jpg\" alt=\"Bernardo Strozzi Zwiastowanie\" class=\"wp-image-412\" title=\"Bernardo Strozzi Zwiastowanie\"\/><\/a><\/figure>\n<\/div>\n\n\n<hr class=\"wp-block-separator has-text-color has-luminous-vivid-amber-color has-css-opacity has-luminous-vivid-amber-background-color has-background is-style-dots\"\/>\n\n\n\n<p><strong>Ewangelia: \u0141k 1, 26 \u2013 38<\/strong><\/p>\n\n\n\n<h2 class=\"wp-block-heading\"><strong><span class=\"has-inline-color has-luminous-vivid-orange-color\">S\u0141OWO BO\u017bE<\/span><\/strong><\/h2>\n\n\n\n<p><strong>Zwiastowanie Maryi<\/strong><\/p>\n<p>26 W sz\u00f3stym miesi\u0105cu pos\u0142a\u0142 B\u00f3g anio\u0142a Gabriela do miasta w Galilei, zwanego Nazaret,<br \/>27 do Dziewicy po\u015blubionej m\u0119\u017cowi, imieniem J\u00f3zef, z rodu Dawida; a Dziewicy by\u0142o na imi\u0119 Maryja.<br \/>28 Anio\u0142 wszed\u0142 do Niej i rzek\u0142: \u00abB\u0105d\u017a pozdrowiona, pe\u0142na \u0142aski, Pan z Tob\u0105, \u00bb.<br \/>29 Ona zmiesza\u0142a si\u0119 na te s\u0142owa i rozwa\u017ca\u0142a, co mia\u0142oby znaczy\u0107 to pozdrowienie.<br \/>30 Lecz anio\u0142 rzek\u0142 do Niej: \u00abNie b\u00f3j si\u0119, Maryjo, znalaz\u0142a\u015b bowiem \u0142ask\u0119 u Boga.<br \/>31 Oto poczniesz i porodzisz Syna, kt\u00f3remu nadasz imi\u0119 Jezus.<br \/>32 B\u0119dzie On wielki i b\u0119dzie nazwany Synem Najwy\u017cszego, a Pan B\u00f3g da Mu tron Jego praojca, Dawida<br \/>33 B\u0119dzie panowa\u0142 nad domem Jakuba na wieki, a Jego panowaniu nie b\u0119dzie ko\u0144ca\u00bb.<br \/>34 Na to Maryja rzek\u0142a do anio\u0142a: \u00abJak\u017ce si\u0119 to stanie, skoro nie znam m\u0119\u017ca?\u00bb<br \/>35 Anio\u0142 Jej odpowiedzia\u0142: \u00abDuch \u015awi\u0119ty zst\u0105pi na Ciebie i moc Najwy\u017cszego os\u0142oni Ci\u0119. Dlatego te\u017c \u015awi\u0119te, kt\u00f3re si\u0119 narodzi, b\u0119dzie nazwane Synem Bo\u017cym.<br \/>36 A oto r\u00f3wnie\u017c krewna Twoja, El\u017cbieta, pocz\u0119\u0142a w swej staro\u015bci syna i jest ju\u017c w sz\u00f3stym miesi\u0105cu ta, kt\u00f3ra uchodzi za niep\u0142odn\u0105. 37 Dla Boga bowiem nie ma nic niemo\u017cliwego\u00bb.<br \/><span style=\"color: #993300;\"><strong>38 Na to rzek\u0142a Maryja: \u00abOto Ja s\u0142u\u017cebnica Pa\u0144ska, niech Mi si\u0119 stanie wed\u0142ug twego s\u0142owa!\u00bb Wtedy odszed\u0142 od Niej anio\u0142.<\/strong><\/span><\/p>\n\n\n<div class=\"wp-block-image\">\n<figure class=\"aligncenter size-large is-resized\"><a href=\"https:\/\/www.wga.hu\/html\/b\/botticel\/8smarco\/23predel.html\" target=\"_blank\" rel=\"noopener noreferrer\"><img loading=\"lazy\" decoding=\"async\" src=\"https:\/\/poezjaiewangelia.pl\/wp-content\/uploads\/2015\/11\/Sandro-Botticelli-Zwiastowanie-1.jpg\" alt=\"Sandro Botticelli Zwiastowanie\" class=\"wp-image-2826\" width=\"631\" height=\"232\" title=\"Sandro Botticelli Zwiastowanie\"\/><\/a><figcaption><center><em>Sandro Botticelli Zwiastowanie<\/em><\/center><\/figcaption><\/figure>\n<\/div>\n\n\n<h2 class=\"wp-block-heading\"><strong><span class=\"has-inline-color has-luminous-vivid-orange-color\">REFLEKSJA<\/span><\/strong><\/h2>\n\n\n\n<p><strong>Jan Twardowski<\/strong><\/p>\n\n\n\n<p><em><strong>Dzi\u0119kuj\u0119<\/strong><\/em><\/p>\n\n\n\n<p>Dzi\u0119kuj\u0119 za Twoje w\u0142osy<br>niemalowane na obrazach<br>za Twoje brwi podniesione na widok anio\u0142a<br>za piersi karmi\u0105ce<br>za ramiona co przenosi\u0142y Jezusa przez zielon\u0105 granic\u0119<br>za kolana<br>za plecy pochylone nad \u015bmieciem w lampie<br>za czwarty palec serdeczny<br>za oddech na szybie<br>za ciep\u0142o d\u0142oni na klamce<br>za stopy stukaj\u0105ce po kamiennych schodach<br>za to \u017ce cia\u0142o mo\u017ce prowadzi\u0107 do Boga<\/p>\n\n\n\n<p><em><strong>\u201ePos\u0142aniec nadziei\u201d, Warszawa \u2013 Rzesz\u00f3w 2005, str. 104<\/strong><\/em><\/p>\n\n\n\n<p><strong>Jadwiga Stabi\u0144ska<\/strong><\/p>\n\n\n\n<p><em><strong>Syn i Duch<\/strong><\/em><\/p>\n\n\n\n<p>Na pocz\u0105tku jest Zwiastowanie<br>Pochwalne \u00abZdrowa\u015b\u00bb<br>I obietnica Ojca:<br>Duch \u015awi\u0119ty sp\u0142ynie na Ci\u0119 i zostanie<br>Maryjo z Nazaret<br>Matko S\u0142owa<\/p>\n\n\n\n<p>Potem jest Syn<br>I On ma wzrasta\u0107<br>A Ty w p\u00f3\u0142cieniu<br>\u017ba\u0142osna i ukryta<br>Bo tak jest zawsze:<br>\u00abIn cruce vita\u00bb.<\/p>\n\n\n\n<p>Wszystko zaczyna si\u0119 i ko\u0144czy<br>Duchem mi\u0142o\u015bci, \u017cyciem nowym<br>A Ty w po\u015brodku<br>Kontempluj\u0105ca &nbsp; \u2026<br>\u00abI trwali wsp\u00f3lnie na modlitwie<br>Z Maryj\u0105 Matk\u0105 Jezusow\u0105\u00bb.<\/p>\n\n\n\n<p><em><strong>\u00abIntencje serca\u00bb, Pozna\u0144 1985, str. 381<\/strong><\/em><\/p>\n\n\n\n<p><strong>Roman Brandstaetter<\/strong><\/p>\n\n\n\n<p><em><strong>Anio\u0142 Pa\u0144ski<\/strong><\/em><\/p>\n\n\n\n<p>Anio\u0142 Pa\u0144ski<br>Zwiastowa\u0142 Pannie Maryi<\/p>\n\n\n\n<p>O tej porze<br>\u015apiewaj\u0105 Madonny.<\/p>\n\n\n\n<p>O tej porze<br>W\u0119druj\u0105 Madonny<\/p>\n\n\n\n<p>Wychodz\u0105<br>Z obraz\u00f3w,<br>Z kapliczek,<br>Z ko\u015bcio\u0142\u00f3w.<\/p>\n\n\n\n<p>Id\u0105<br>Z g\u0142\u0119bi czasu<br>I z g\u0142\u0119bi \u015bwiata,<br>Ulicami,<br>Polami,<br>Wszystkimi drogami<br>Wszystkie Madonny.<\/p>\n\n\n\n<p>Gotyckie,<br>Renesansowe,<br>Barokowe,<br>Wsp\u00f3\u0142czesne.<\/p>\n\n\n<div class=\"wp-block-image\">\n<figure class=\"alignright size-large is-resized\"><a href=\"https:\/\/www.wga.hu\/frames-e.html?\/html\/a\/angelico\/04\/1annunc1.html\" target=\"_blank\" rel=\"noopener noreferrer\"><img loading=\"lazy\" decoding=\"async\" src=\"https:\/\/poezjaiewangelia.pl\/wp-content\/uploads\/2015\/11\/Fra-Angelico-Zwiastowanie-e1462092060647.jpg\" alt=\"Fra Angelico Zwiastowanie\" class=\"wp-image-2246\" width=\"384\" height=\"325\" title=\"Fra Angelico Zwiastowanie\"\/><\/a><figcaption><center><em>Fra Angelico Zwiastowanie<\/em><\/center><\/figcaption><\/figure>\n<\/div>\n\n\n<p>Bia\u0142e,<br>Czarne,<br>\u017b\u00f3\u0142te,<br>Czerwone.<\/p>\n\n\n\n<p>Wszystkie Madonny.<br>Dok\u0105d w\u0119druj\u0105 Madonny?<\/p>\n\n\n\n<p>W\u0119druj\u0105 do Nazaretu,<br>Aby z\u0142o\u017cy\u0107 pok\u0142on<\/p>\n\n\n\n<p>Ma\u0142ej,<br>Drobnej,<br>Czarnookiej Maryi.<br>A gdy milkn\u0105 dzwony<\/p>\n\n\n\n<p>Na Anio\u0142 Pa\u0144ski,<br>Ch\u00f3r Madonn<br>Podnosi si\u0119 z kolan<br>I wraca<br>Do obraz\u00f3w,<br>Kapliczek<br>I ko\u015bcio\u0142\u00f3w.<\/p>\n\n\n\n<p>A ma\u0142a,<br>Drobna,<br>Czarnooka Maryja<br>Stoi u progu<br>Swojego domu<\/p>\n\n\n\n<p>I znakiem krzy\u017ca<br>\u017begna odchodz\u0105ce<br>Madonny,<br>W kt\u00f3rych poznaje<br>Siebie.<\/p>\n\n\n\n<p><em><strong>\u00abIntencje serca\u00bb, Pozna\u0144 1985, str. 373<\/strong><\/em><\/p>\n\n\n\n<p class=\"has-text-align-center\"><a href=\"https:\/\/poezjaiewangelia.pl\/?page_id=4770#Gora\"><span style=\"color:#1e73be\" class=\"has-inline-color\">Do g\u00f3ry<\/span><\/a><\/p>\n","protected":false},"excerpt":{"rendered":"<p>Powr\u00f3t do \u015awi\u0119ta,&nbsp;&nbsp;&nbsp; Uroczysto\u015bci i \u015bwi\u0119ta II \u2013 IV, &nbsp;&nbsp;Powr\u00f3t do Linki Ewangelia: \u0141k 1, 26 \u2013 38 Zwiastowanie Maryi 26 W sz\u00f3stym miesi\u0105cu pos\u0142a\u0142 B\u00f3g anio\u0142a Gabriela do miasta w Galilei, zwanego Nazaret,27 do Dziewicy po\u015blubionej m\u0119\u017cowi, imieniem J\u00f3zef, z rodu Dawida; a Dziewicy by\u0142o na imi\u0119 Maryja.28 Anio\u0142 wszed\u0142 do Niej i rzek\u0142: &hellip; <a href=\"https:\/\/poezjaiewangelia.pl\/?page_id=4770\" class=\"more-link\">Czytaj dalej <span class=\"screen-reader-text\">Uroczysto\u015b\u0107 Zwiastowania Pa\u0144skiego (25.03.) rok ABC;<\/span><\/a><\/p>\n","protected":false},"author":1,"featured_media":0,"parent":138,"menu_order":3,"comment_status":"closed","ping_status":"closed","template":"","meta":{"_monsterinsights_skip_tracking":false,"_monsterinsights_sitenote_active":false,"_monsterinsights_sitenote_note":"","_monsterinsights_sitenote_category":0,"footnotes":""},"class_list":["post-4770","page","type-page","status-publish","hentry"],"aioseo_notices":[],"_links":{"self":[{"href":"https:\/\/poezjaiewangelia.pl\/index.php?rest_route=\/wp\/v2\/pages\/4770","targetHints":{"allow":["GET"]}}],"collection":[{"href":"https:\/\/poezjaiewangelia.pl\/index.php?rest_route=\/wp\/v2\/pages"}],"about":[{"href":"https:\/\/poezjaiewangelia.pl\/index.php?rest_route=\/wp\/v2\/types\/page"}],"author":[{"embeddable":true,"href":"https:\/\/poezjaiewangelia.pl\/index.php?rest_route=\/wp\/v2\/users\/1"}],"replies":[{"embeddable":true,"href":"https:\/\/poezjaiewangelia.pl\/index.php?rest_route=%2Fwp%2Fv2%2Fcomments&post=4770"}],"version-history":[{"count":15,"href":"https:\/\/poezjaiewangelia.pl\/index.php?rest_route=\/wp\/v2\/pages\/4770\/revisions"}],"predecessor-version":[{"id":10009,"href":"https:\/\/poezjaiewangelia.pl\/index.php?rest_route=\/wp\/v2\/pages\/4770\/revisions\/10009"}],"up":[{"embeddable":true,"href":"https:\/\/poezjaiewangelia.pl\/index.php?rest_route=\/wp\/v2\/pages\/138"}],"wp:attachment":[{"href":"https:\/\/poezjaiewangelia.pl\/index.php?rest_route=%2Fwp%2Fv2%2Fmedia&parent=4770"}],"curies":[{"name":"wp","href":"https:\/\/api.w.org\/{rel}","templated":true}]}}