{"id":4997,"date":"2018-11-08T10:57:12","date_gmt":"2018-11-08T10:57:12","guid":{"rendered":"https:\/\/poezjaiewangelia.pl\/?page_id=4997"},"modified":"2022-07-18T18:06:59","modified_gmt":"2022-07-18T17:06:59","slug":"swieto-narodzenia-n-m-p-rok-a-b-c-08-09","status":"publish","type":"page","link":"https:\/\/poezjaiewangelia.pl\/?page_id=4997","title":{"rendered":"\u015awi\u0119to Narodzenia N. M. P. rok ABC; (8. 09.)"},"content":{"rendered":"\n<p><span style=\"color: #1e73be;\"><a style=\"color: #1e73be;\" href=\"https:\/\/poezjaiewangelia.pl\/?page_id=63#S63\">Powr\u00f3t do \u015awi\u0119ta,<\/a>&nbsp;&nbsp;&nbsp;<\/span><a id=\"S4997\"><\/a><span style=\"color: #1e73be;\"> <a style=\"color: #1e73be;\" href=\"https:\/\/poezjaiewangelia.pl\/?page_id=4993#S4993\">Uroczysto\u015bci i \u015bwi\u0119ta IX \u2013 X<\/a>, &nbsp;<\/span><a id=\"Gora\"><\/a><span style=\"color: #1e73be;\">&nbsp;&nbsp;<a style=\"color: #1e73be;\" href=\"https:\/\/poezjaiewangelia.pl\/?page_id=703#S703\">Powr\u00f3t do Linki<\/a><\/span><\/p>\n\n\n<div class=\"wp-block-image\">\n<figure class=\"alignright size-large\"><img loading=\"lazy\" decoding=\"async\" width=\"150\" height=\"150\" src=\"https:\/\/poezjaiewangelia.pl\/wp-content\/uploads\/2018\/10\/R\u00f3\u017ca-bia\u0142a-e1592148272533.png\" alt=\"Kolor szat\" class=\"wp-image-4591\"\/><figcaption>Kolor szat<\/figcaption><\/figure>\n<\/div>\n\n<div class=\"wp-block-image\">\n<figure class=\"alignleft size-full\"><a href=\"http:\/\/iconoskiko.blogspot.com\/p\/iconos-de-kiko-arguello.html\" target=\"_blank\" rel=\"noopener noreferrer\"><img loading=\"lazy\" decoding=\"async\" width=\"100\" height=\"130\" src=\"https:\/\/poezjaiewangelia.pl\/wp-content\/uploads\/2022\/06\/Kiko-Arguello-Madonna.jpg\" alt=\"\" class=\"wp-image-9729\" title=\"Kiko Arg\u00fcello Madonna\"\/><\/a><\/figure>\n<\/div>\n\n\n<hr class=\"wp-block-separator has-text-color has-luminous-vivid-amber-color has-css-opacity has-luminous-vivid-amber-background-color has-background is-style-dots\"\/>\n\n\n\n<p><strong>Ewangelia: Mt 1,1 \u2013 16. 18 \u2013 23;<\/strong><\/p>\n\n\n\n<h2 class=\"wp-block-heading\"><strong><span class=\"has-inline-color has-luminous-vivid-orange-color\">S\u0141OWO BO\u017bE<\/span><\/strong><\/h2>\n\n\n<div class=\"wp-block-image\">\n<figure class=\"alignleft size-large is-resized\"><a href=\"https:\/\/www.wga.hu\/frames-e.html?\/html\/c\/cavallin\/mosaic\/1scene.html\" target=\"_blank\" rel=\"noopener noreferrer\"><img loading=\"lazy\" decoding=\"async\" src=\"https:\/\/poezjaiewangelia.pl\/wp-content\/uploads\/2015\/11\/Pietro-Cavallini-Narodziny-Dziewicy-Maryi-e1462099664516.jpg\" alt=\"Pietro Cavallini Narodziny Dziewicy Maryi\" class=\"wp-image-2803\" width=\"343\" height=\"310\" title=\"Pietro Cavallini Narodziny Dziewicy Maryi\"\/><\/a><figcaption><center><em>Pietro Cavallini Narodziny Dziewicy Maryi<\/em><\/center><\/figcaption><\/figure>\n<\/div>\n\n\n<p><strong>Rodow\u00f3d Jezusa<\/strong><\/p>\n<p>1 Rodow\u00f3d Jezusa Chrystusa, syna Dawida, syna Abrahama.<br \/>2 Abraham by\u0142 ojcem Izaaka; Izaak ojcem Jakuba; Jakub ojcem Judy i jego braci;<br \/>3 Juda za\u015b by\u0142 ojcem Faresa i Zary, kt\u00f3rych matk\u0105 by\u0142a Tamar. Fares by\u0142 ojcem Ezrona; Ezron ojcem Arama;<br \/>4 Aram ojcem Aminadaba; Aminadab ojcem Naassona; Naasson ojcem Salmona;<br \/>5 Salmon ojcem Booza, a matk\u0105 by\u0142a Rachab. Booz by\u0142 ojcem Obeda, a matk\u0105 by\u0142a Rut. Obed by\u0142 ojcem Jessego,<br \/>6 a Jesse ojcem kr\u00f3la Dawida.Dawid by\u0142 ojcem Salomona, a matk\u0105 by\u0142a [dawna] \u017cona Uriasza.<br \/>7 Salomon by\u0142 ojcem Roboama; Roboam ojcem Abiasza; Abiasz ojcem Asy;<br \/>8 Asa ojcem Jozafata; Jozafat ojcem Jorama; Joram ojcem Ozjasza;<br \/>9 Ozjasz ojcem Joatama; Joatam ojcem Achaza; Achaz ojcem Ezechiasza;<br \/>10 Ezechiasz ojcem Manassesa; Manasses ojcem Amosa; Amos ojcem Jozjasza;<br \/>11 Jozjasz ojcem Jechoniasza i jego braci w czasie przesiedlenia babilo\u0144skiego.<br \/>12 Po przesiedleniu babilo\u0144skim Jechoniasz by\u0142 ojcem Salatiela; Salatiel ojcem Zorobabela;<br \/>13 Zorobabel ojcem Abiuda; Abiud ojcem Eliakima; Eliakim ojcem Azora;<br \/>14 Azor ojcem Sadoka; Sadok ojcem Achima; Achim ojcem Eliuda;<br \/>15 Eliud ojcem Eleazara; Eleazar ojcem Mattana; Mattan ojcem Jakuba;<br \/>16 Jakub ojcem J\u00f3zefa, m\u0119\u017ca Maryi, z kt\u00f3rej narodzi\u0142 si\u0119 Jezus, zwany Chrystusem.<\/p>\n<p><strong>Narodzenie Jezusa<\/strong><\/p>\n<p><span style=\"color: #993300;\"><strong>18 Z narodzeniem Jezusa Chrystusa by\u0142o tak. Po za\u015blubinach Matki Jego, Maryi, z J\u00f3zefem, wpierw nim zamieszkali razem, znalaz\u0142a si\u0119 brzemienn\u0105 za spraw\u0105 Ducha \u015awi\u0119tego.<\/strong><\/span><br \/><span style=\"color: #993300;\"><strong>19 M\u0105\u017c Jej, J\u00f3zef, kt\u00f3ry by\u0142 cz\u0142owiekiem sprawiedliwym i nie chcia\u0142 narazi\u0107 Jej na znies\u0142awienie, zamierza\u0142 oddali\u0107 J\u0105 potajemnie.<\/strong><\/span><br \/><span style=\"color: #993300;\"><strong>20 Gdy powzi\u0105\u0142 t\u0119 my\u015bl, oto anio\u0142 Pa\u0144ski ukaza\u0142 mu si\u0119 we \u015bnie i rzek\u0142: \u00abJ\u00f3zefie, synu Dawida, nie b\u00f3j si\u0119 wzi\u0105\u0107 do siebie Maryi, twej Ma\u0142\u017conki; albowiem z Ducha \u015awi\u0119tego jest to, co si\u0119 w Niej pocz\u0119\u0142o.<\/strong><\/span><br \/><span style=\"color: #993300;\"><strong>21 Porodzi Syna, kt\u00f3remu nadasz imi\u0119 Jezus, On bowiem zbawi sw\u00f3j lud od jego grzech\u00f3w\u00bb.<\/strong><\/span><br \/>22 A sta\u0142o si\u0119 to wszystko, aby si\u0119 wype\u0142ni\u0142o s\u0142owo Pa\u0144skie powiedziane przez Proroka:<br \/>23 Oto Dziewica pocznie i porodzi Syna, kt\u00f3remu nadadz\u0105 imi\u0119 Emmanuel, to znaczy: \u201cB\u00f3g z nami\u201d.<\/p>\n\n\n\n<h2 class=\"wp-block-heading\"><strong><span class=\"has-inline-color has-luminous-vivid-orange-color\">REFLEKSJA<\/span><\/strong><\/h2>\n\n\n\n<p><strong>Wac\u0142aw Oszajca<\/strong><\/p>\n\n\n\n<p><em><strong>narodzenie<\/strong><\/em><\/p>\n\n\n\n<p>Maria<br>jak ka\u017cde dziecko<br>p\u0142aczem przywita\u0142a matk\u0119 i ojca&nbsp; Wac\u0142aw Oszajca<br>ale Hanna poda\u0142a jej pier\u015b<br>i dziewczynka usn\u0119\u0142a<\/p>\n\n\n\n<p>jakby w drobnym cia\u0142ku<br>kto\u015b zamkn\u0105\u0142 r\u00f3j bia\u0142ych motyli<br>jakby kto\u015b przechodzi\u0142<br>w lekkim powiewie przez kwitn\u0105ca pustyni\u0119<\/p>\n\n\n\n<p>nie<br>nie by\u0142o w tym dziecku<br>jak w ka\u017cdym innym<br>pokalanego ci\u0119\u017caru potu<br>Joachim i Hanna<br>pocz\u0119li je z b\u0142ogos\u0142awie\u0144stwem Najwy\u017cszego<\/p>\n\n\n\n<p><em><strong>\u00ab\u2026Ty za blisko, my za daleko\u2026\u00bb, Lublin 1985, str. 147<\/strong><\/em><\/p>\n\n\n\n<p><strong>Jan Zieli\u0144ski<\/strong><\/p>\n\n\n\n<p><em><strong>Fotografia&nbsp; Matki<\/strong><\/em><\/p>\n\n\n\n<p>Macierzy\u0144stwo<br>kt\u00f3re rodzi ludzi<br>i u\u015bmiechy dla nich<br>noce nieprzespane przep\u0142akane przemodlone<br>by z ciebie co\u015b wyros\u0142o<br>poranne wstawanie z mi\u0142o\u015bci do dnia<br>\u015bwi\u0119ta praca w polu<br>\u015bwi\u0119ty wieczorny \u015bpiew<br>drzwi szeroko otwarte<br>chleb i mleko na stole<br>a g\u0142owa niech tam sobie boli<br>i ro\u015bnie guz<br>a co tam<br>a gdy nie wiesz jak pociesza\u0107<br>w cierpliwym umieraniu<br>jawi si\u0119 u\u015bmiech<br>jak \u015bwiat\u0142o w ciemno\u015bci<br>ciep\u0142a tul\u0105ca d\u0142o\u0144<br>kolana matczyne najmilsze<br>z\u0142o\u017cy\u0142by\u015b teraz na nich g\u0142ow\u0119<br>ty stary koniu<\/p>\n\n\n\n<p><em><strong>\u00abWiersze podarowane\u00bb, Warszawa 1994, str. 67<\/strong><\/em><\/p>\n\n\n<div class=\"wp-block-image\">\n<figure class=\"alignright size-large is-resized\"><a href=\"https:\/\/www.wga.hu\/frames-e.html?\/html\/g\/ghirland\/domenico\/6tornab\/61tornab\/2birth.html\" target=\"_blank\" rel=\"noopener noreferrer\"><img loading=\"lazy\" decoding=\"async\" src=\"https:\/\/poezjaiewangelia.pl\/wp-content\/uploads\/2015\/11\/Domenico-Ghirlandaio-Narodziny-Maryi-e1458600512901.jpg\" alt=\"Domenico Ghirlandaio Narodziny Maryi\" class=\"wp-image-2804\" width=\"400\" height=\"246\" title=\"Domenico Ghirlandaio Narodziny Maryi\"\/><\/a><figcaption><center><em>Domenico Ghirlandaio Narodziny Maryi<\/em><\/center><\/figcaption><\/figure>\n<\/div>\n\n\n<p><strong>Jan Zieli\u0144ski<\/strong><\/p>\n\n\n\n<p><em><strong>T\u0119sknota<\/strong><\/em><\/p>\n\n\n\n<p>Przychodzi cz\u0119sto<br>gdy kto\u015b odszed\u0142 odjecha\u0142 nie wraca<br>czym ona jest<br>kiedy t\u0119skni\u0119 za tym co by\u0142o co b\u0119dzie<br>za matk\u0105 kt\u00f3ra odesz\u0142a do nieba<br>za krain\u0105 w\u015br\u00f3d jezior i las\u00f3w<br>za parafi\u0105 nie umar\u0142\u0105<br>dzie\u0107mi kt\u00f3re uczy\u0142em<br>przyjacielem<br>rozmow\u0105 bez s\u0142\u00f3w<br>u\u015bmiechem bez oszustwa<br>listem kt\u00f3ry nie doszed\u0142<br>wakacjami na W\u00f3lce<br>rodzin\u0105<br>tob\u0105<\/p>\n\n\n\n<p>mo\u017ce jest pokus\u0105<br>mo\u017ce przypomnieniem<br>iskr\u0105<br>by rozpali\u0107 t\u0119 jedyn\u0105<br>najwa\u017cniejsz\u0105<br>t\u0119sknot\u0119 za Bogiem<\/p>\n\n\n\n<p><em><strong>\u00abWiersze podarowane\u00bb, Warszawa 1994, str. 66<\/strong><\/em><\/p>\n\n\n\n<p class=\"has-text-align-center\"><a href=\"https:\/\/poezjaiewangelia.pl\/?page_id=4997#Gora\"><span style=\"color:#1e73be\" class=\"has-inline-color\">Do g\u00f3ry&nbsp;<\/span><\/a><\/p>\n","protected":false},"excerpt":{"rendered":"<p>Powr\u00f3t do \u015awi\u0119ta,&nbsp;&nbsp;&nbsp; Uroczysto\u015bci i \u015bwi\u0119ta IX \u2013 X, &nbsp;&nbsp;&nbsp;Powr\u00f3t do Linki Ewangelia: Mt 1,1 \u2013 16. 18 \u2013 23; Rodow\u00f3d Jezusa 1 Rodow\u00f3d Jezusa Chrystusa, syna Dawida, syna Abrahama.2 Abraham by\u0142 ojcem Izaaka; Izaak ojcem Jakuba; Jakub ojcem Judy i jego braci;3 Juda za\u015b by\u0142 ojcem Faresa i Zary, kt\u00f3rych matk\u0105 by\u0142a Tamar. Fares &hellip; <a href=\"https:\/\/poezjaiewangelia.pl\/?page_id=4997\" class=\"more-link\">Czytaj dalej <span class=\"screen-reader-text\">\u015awi\u0119to Narodzenia N. M. P. rok ABC; (8. 09.)<\/span><\/a><\/p>\n","protected":false},"author":1,"featured_media":0,"parent":4993,"menu_order":1,"comment_status":"closed","ping_status":"closed","template":"","meta":{"_monsterinsights_skip_tracking":false,"_monsterinsights_sitenote_active":false,"_monsterinsights_sitenote_note":"","_monsterinsights_sitenote_category":0,"footnotes":""},"class_list":["post-4997","page","type-page","status-publish","hentry"],"aioseo_notices":[],"_links":{"self":[{"href":"https:\/\/poezjaiewangelia.pl\/index.php?rest_route=\/wp\/v2\/pages\/4997","targetHints":{"allow":["GET"]}}],"collection":[{"href":"https:\/\/poezjaiewangelia.pl\/index.php?rest_route=\/wp\/v2\/pages"}],"about":[{"href":"https:\/\/poezjaiewangelia.pl\/index.php?rest_route=\/wp\/v2\/types\/page"}],"author":[{"embeddable":true,"href":"https:\/\/poezjaiewangelia.pl\/index.php?rest_route=\/wp\/v2\/users\/1"}],"replies":[{"embeddable":true,"href":"https:\/\/poezjaiewangelia.pl\/index.php?rest_route=%2Fwp%2Fv2%2Fcomments&post=4997"}],"version-history":[{"count":14,"href":"https:\/\/poezjaiewangelia.pl\/index.php?rest_route=\/wp\/v2\/pages\/4997\/revisions"}],"predecessor-version":[{"id":10033,"href":"https:\/\/poezjaiewangelia.pl\/index.php?rest_route=\/wp\/v2\/pages\/4997\/revisions\/10033"}],"up":[{"embeddable":true,"href":"https:\/\/poezjaiewangelia.pl\/index.php?rest_route=\/wp\/v2\/pages\/4993"}],"wp:attachment":[{"href":"https:\/\/poezjaiewangelia.pl\/index.php?rest_route=%2Fwp%2Fv2%2Fmedia&parent=4997"}],"curies":[{"name":"wp","href":"https:\/\/api.w.org\/{rel}","templated":true}]}}