{"id":5006,"date":"2018-11-08T12:20:10","date_gmt":"2018-11-08T11:20:10","guid":{"rendered":"https:\/\/poezjaiewangelia.pl\/?page_id=5006"},"modified":"2022-07-18T18:11:59","modified_gmt":"2022-07-18T17:11:59","slug":"rocznica-poswiecenia-wlasnego-kosciola-rok-a-b-c-ostatnia-niedziela-x","status":"publish","type":"page","link":"https:\/\/poezjaiewangelia.pl\/?page_id=5006","title":{"rendered":"Rocznica po\u015bwi\u0119cenia w\u0142asnego ko\u015bcio\u0142a rok ABC; (ostatnia niedziela X)"},"content":{"rendered":"\n<p><span style=\"color: #1e73be;\"><a style=\"color: #1e73be;\" href=\"https:\/\/poezjaiewangelia.pl\/?page_id=63#S63\">Powr\u00f3t do \u015awi\u0119ta,<\/a>&nbsp;&nbsp;<\/span><a id=\"S5006\"><\/a><span style=\"color: #1e73be;\"><a style=\"color: #1e73be;\" href=\"https:\/\/poezjaiewangelia.pl\/?page_id=4993#S4993\"> Uroczysto\u015bci i \u015bwi\u0119ta IX \u2013 X, <\/a><\/span><a id=\"Gora\"><\/a><span style=\"color: #1e73be;\">&nbsp;&nbsp;<a style=\"color: #1e73be;\" href=\"https:\/\/poezjaiewangelia.pl\/?page_id=703#S703\">Powr\u00f3t do Linki<\/a><\/span><\/p>\n\n\n<div class=\"wp-block-image\">\n<figure class=\"alignright size-large\"><img loading=\"lazy\" decoding=\"async\" width=\"150\" height=\"150\" src=\"https:\/\/poezjaiewangelia.pl\/wp-content\/uploads\/2018\/10\/R\u00f3\u017ca-bia\u0142a-e1592148272533.png\" alt=\"Kolor szat\" class=\"wp-image-4591\"\/><figcaption>Kolor szat<\/figcaption><\/figure>\n<\/div>\n\n<div class=\"wp-block-image\">\n<figure class=\"alignleft size-large\"><a href=\"https:\/\/commons.wikimedia.org\/wiki\/File:San_Giovanni_Laterano_Rom.jpg\" target=\"_blank\" rel=\"noopener noreferrer\"><img loading=\"lazy\" decoding=\"async\" width=\"100\" height=\"100\" src=\"https:\/\/poezjaiewangelia.pl\/wp-content\/uploads\/2020\/06\/Bazylika-Latera\u0144ska-Rzym-e1591781218652.jpg\" alt=\"Bazylika Latera\u0144ska Rzym\" class=\"wp-image-8662\" title=\"Bazylika Latera\u0144ska Rzym\"\/><\/a><\/figure>\n<\/div>\n\n\n<hr class=\"wp-block-separator has-text-color has-luminous-vivid-amber-color has-css-opacity has-luminous-vivid-amber-background-color has-background is-style-dots\"\/>\n\n\n\n<p><strong>Ewangelia: Mt 16, 13 \u2013 19; lub J 4, 19 \u2013 24;<\/strong><\/p>\n\n\n\n<h2 class=\"wp-block-heading\"><strong><span class=\"has-inline-color has-luminous-vivid-orange-color\">S\u0141OWO BO\u017bE<\/span><\/strong><\/h2>\n\n\n\n<h5><strong>Ewangelia: Mt 16, 13 \u2013 19;<\/strong><\/h5>\n\n\n<div class=\"wp-block-image\">\n<figure class=\"alignleft size-large is-resized\"><a href=\"https:\/\/www.wga.hu\/frames-e.html?\/html\/f\/fernand\/stpeter.html\" target=\"_blank\" rel=\"noopener noreferrer\"><img loading=\"lazy\" decoding=\"async\" src=\"https:\/\/poezjaiewangelia.pl\/wp-content\/uploads\/2015\/11\/e0969da7c8ac87169344a5c3056b7369-e1591781918990.jpg\" alt=\"Vasco Fernandes \u015aw. Piotr\" class=\"wp-image-2813\" width=\"334\" height=\"308\" title=\"Vasco Fernandes \u015aw. Piotr\"\/><\/a><figcaption><center><em>Vasco Fernandes \u015aw. Piotr<\/em><\/center><\/figcaption><\/figure>\n<\/div>\n\n\n<p><strong>Wyznanie Piotra<\/strong><\/p>\n<p>13 Gdy Jezus przyszed\u0142 w okolice Cezarei Filipowej, pyta\u0142 swych uczni\u00f3w: \u00abZa kogo ludzie uwa\u017caj\u0105 Syna Cz\u0142owieczego?\u00bb<br>14 A oni odpowiedzieli: \u00abJedni za Jana Chrzciciela, inni za Eliasza, jeszcze inni za Jeremiasza albo za jednego z prorok\u00f3w\u00bb.<br>15 Jezus zapyta\u0142 ich: \u00abA wy za kogo Mnie uwa\u017cacie?\u00bb<br>16 Odpowiedzia\u0142 Szymon Piotr: \u00abTy jeste\u015b Mesjasz, Syn Boga \u017cywego\u00bb.<br>17 Na to Jezus mu rzek\u0142: \u00abB\u0142ogos\u0142awiony jeste\u015b, Szymonie, synu Jony. Albowiem nie objawi\u0142y ci tego cia\u0142o i krew6, lecz Ojciec m\u00f3j, kt\u00f3ry jest w niebie.<br><span style=\"color: #993300;\"><strong>18 Ot\u00f3\u017c i Ja tobie powiadam: Ty jeste\u015b Piotr [czyli Ska\u0142a], i na tej Skale zbuduj\u0119 Ko\u015bci\u00f3\u0142 m\u00f3j, a bramy piekielne go nie przemog\u0105.<\/strong><\/span><br><span style=\"color: #993300;\"><strong>19 I tobie dam klucze kr\u00f3lestwa niebieskiego; cokolwiek zwi\u0105\u017cesz na ziemi, b\u0119dzie zwi\u0105zane w niebie, a co rozwi\u0105\u017cesz na ziemi, b\u0119dzie rozwi\u0105zane w niebie\u00bb.<\/strong><\/span><\/p>\n\n\n\n<h2 class=\"wp-block-heading\"><strong><span class=\"has-inline-color has-luminous-vivid-orange-color\">REFLEKSJA<\/span><\/strong><\/h2>\n\n\n\n<p><strong>Janusz Pasierb<\/strong><\/p>\n\n\n\n<p><em><strong>przez okno biblioteki<\/strong><\/em><\/p>\n\n\n\n<p>kopu\u0142a \u015bwi\u0119tego Piotra<br>w g\u0119stej mgle bo ju\u017c grudzie\u0144<br>jak bia\u0142a g\u00f3ra lodowa<\/p>\n\n\n\n<p>przez moment jej zarys<br>nape\u0142ni si\u0119 \u015bwiat\u0142em<br>potem znika<br>mo\u017ce naprawd\u0119<br>odp\u0142ywa gdzie\u015b dalej<br>mo\u017ce p\u0119kata jak pod \u015bniegiem st\u00f3g<br>przesuwa si\u0119 bli\u017cej naszych stron<br>i p\u00f3r<\/p>\n\n\n\n<p>jest taka ci\u0119\u017cka \u017ce nie wst\u0119puje do nieba<br>wida\u0107 jak ci\u0105\u017cy ziemi<br>nadaje wag\u0119<br>urbi et orbi<\/p>\n\n\n\n<p>7.12.84, przez okno BAV<\/p>\n\n\n\n<p><em><strong>\u00abWiersze religijne\u00bb, Pozna\u0144 \u2013 Warszawa 1983, str. 42<\/strong><\/em><\/p>\n\n\n\n<p><strong>Janusz Pasierb<\/strong><\/p>\n\n\n\n<p><em><strong>Twoja godzina&nbsp;<\/strong><\/em><\/p>\n\n\n\n<p>od lat dr\u0119cz\u0105ca ko\u0144czy si\u0119 przyziemno\u015b\u0107<br>wreszcie prze\u017cywasz wielkie uniesienie<br>i ju\u017c nie czujesz pod stopami ziemi<\/p>\n\n\n\n<p>oto osi\u0105gasz ostateczny pu\u0142ap<br>dok\u0142adnie tyle jak ci wymierzono<br>jeste\u015b nareszcie na w\u0142a\u015bciwym miejscu<\/p>\n\n\n\n<p>to ten punkt globu o jaki chodzi\u0142o<br>nie b\u0119dziesz musia\u0142 ju\u017c wybiera\u0107 drogi<br>o cal nie zboczysz trudno si\u0119 oderwa\u0107<\/p>\n\n\n\n<p>ko\u0144cz\u0105 si\u0119 troski nie musisz posiada\u0107<br>oto\u015b jest nagi i nie czujesz wstydu<br>ju\u017c wstyd. i bezwstyd nie maj\u0105 znaczenia<\/p>\n\n\n\n<p>wyprostowany wreszcie sztywny masz kr\u0119gos\u0142up<br>ju\u017c si\u0119 nie wijesz nie musisz si\u0119 k\u0142ania\u0107<br>twardy jak drewno nie ugniesz si\u0119 wi\u0119cej<\/p>\n\n\n\n<p>jeste\u015b skupiony ju\u017c si\u0119 nie rozpraszasz<br>wszystko co mo\u017cesz to poruszy\u0107 g\u0142ow\u0105<br>jakby\u015b zaprzecza\u0142 albo niedowierza\u0142<\/p>\n\n\n\n<p>oszcz\u0119dnym ruchem sp\u00f3jrz w prawo i lewo<br>jak wszyscy nie wiesz z kt\u00f3rej wisisz strony<br>do kogo w nagle o\u015blep\u0142ej ciemno\u015bci<\/p>\n\n\n\n<p>mo\u017cesz zawo\u0142a\u0107<\/p>\n\n\n\n<p><em><strong>\u00abWiersze religijne\u00bb, Pozna\u0144 \u2013 Warszawa 1983, str. 85<\/strong><\/em><\/p>\n\n\n<div class=\"wp-block-image\">\n<figure class=\"alignright size-large is-resized\"><a href=\"https:\/\/www.wga.hu\/frames-e.html?\/html\/e\/elsheime\/glorific.html\" target=\"_blank\" rel=\"noopener noreferrer\"><img loading=\"lazy\" decoding=\"async\" src=\"https:\/\/poezjaiewangelia.pl\/wp-content\/uploads\/2015\/11\/b20a1f20c7b87dae90095d2dce301883-e1462099727870.jpg\" alt=\"Adam Elsheimer Gloryfikacja Krzy\u017ca\" class=\"wp-image-2807\" width=\"309\" height=\"425\" title=\"Adam Elsheimer Gloryfikacja Krzy\u017ca\"\/><\/a><figcaption><center><em>Adam Elsheimer Gloryfikacja Krzy\u017ca<\/em><\/center><\/figcaption><\/figure>\n<\/div>\n\n\n<p><strong>Janusz Pasierb<\/strong><\/p>\n\n\n\n<p><em><strong>jubileusz<\/strong><\/em><\/p>\n\n\n\n<p>id\u0119 sam jak Jan XXIII na swoje prymicje<br>po p\u0142atkach szarej r\u00f3\u017cy wpisanej w bruk placu<br>kwitn\u0105cej na obelisku egipskiej \u0142odydze<br>czytam imiona wiatr\u00f3w kto by to pomy\u015bla\u0142<br>\u017ce po\u0142udniowy nazywa si\u0119 Ostro<br>bram\u0119 z\u0142a i dobra ogl\u0105dam obok bramy \u015bmierci<br>przechodz\u0119 przez kt\u00f3r\u0105\u015b jak zwykle niebaczny<br>nawa pusta jak dworzec o rannej godzinie<br>lampy przy konfesji m\u00f3wi\u0105 pacierze kto\u015b pyta<br>co tu w\u0142a\u015bciwie m\u00f3wi\u0119 \u017ce gr\u00f3b Piotra<br>na pomniku papieskim ko\u015bciotrup uprzejmie<br>pokaza\u0142 mi klepsydr\u0119 ile tam zosta\u0142o<br>w kaplicy polskiej robi\u0119 rachunek sumienia<br>z Janem XXIII mo\u017cna m\u00f3wi\u0107 szczerze<br>kwiat\u00f3w tyle przy grobie gorej\u0105 lamp serca<br>spowied\u017a dzisiejsza powinna by\u0107 znakiem<br>otch\u0142a\u0144 nad g\u0142ow\u0105 lecz s\u0142owa na fryzie<br>TU QUI OMNIA NOSTI to przecie\u017c Piotr m\u00f3wi<br>za nim powtarzam ty wiesz o mnie wszystko<br>ale reszta zdania brzmi dzi\u015b jak odpowied\u017a<br>mi\u0142osierdzie mnie mia\u017cd\u017cy jak ten gmach ogromny<br>kiedy B\u00f3g m\u00f3wi wiesz \u017ce ciebie kocham<br>w r\u0119ce brudne zm\u0119czone trzeba uj\u0105\u0107 mi\u0142o\u015b\u0107<br>i zacz\u0105\u0107 od pocz\u0105tku<br>wi\u0119c jednak prymicje<\/p>\n\n\n\n<p>20.9.77<\/p>\n\n\n\n<p><em><strong>\u00abWiersze religijne\u00bb, Pozna\u0144 \u2013 Warszawa 1983, str. 34<\/strong><\/em><\/p>\n\n\n\n<p><strong>Janusz Pasierb<\/strong><\/p>\n\n\n\n<p><em><strong>Dachau<\/strong><\/em><\/p>\n\n\n\n<p>ile tu<br>nawieziono drobnych kamieni<br>powsta\u0142a szara pustynia<br>opodal miasta<br>(zwiedzajcie<br>Dachau ma 1200 lat<br>zwiedzajcie zamek)<br>c\u00f3\u017c<br>\u017cywi musz\u0105 \u017cy\u0107 dalej<br>umarli jak drobne kamienie<br>ci\u0119\u017cko po nich chodzi\u0107<br>tak si\u0119 ko\u0144czy piek\u0142o zaczyna<br>apokatastasis<\/p>\n\n\n\n<p>pewnie by tu wszystko zszarza\u0142o i zblad\u0142o<br>jak barak eksponat<br>jak muzeum z papieru<br>gdyby nie zakonnice czuwaj\u0105ce nocami<br>gdyby nie klasztor Krwi<br>gdyby nie Krew<br>gdyby nie umieraj\u0105cy tu ci\u0105gle<br>Jezus<\/p>\n\n\n\n<p><em><strong>\u00abWiersze religijne\u00bb, Pozna\u0144 \u2013 Warszawa 1983, str. 29<\/strong><\/em><\/p>\n\n\n\n<h2 class=\"wp-block-heading\"><strong><span class=\"has-inline-color has-luminous-vivid-orange-color\">S\u0141OWO BO\u017bE<\/span><\/strong><\/h2>\n\n\n\n<h5><strong>Ewangelia:<\/strong> <strong>J 4, 19 \u2013 24;<\/strong><\/h5>\n\n\n<div class=\"wp-block-image\">\n<figure class=\"alignleft size-large is-resized\"><a href=\"https:\/\/www.wga.hu\/html\/m\/maiano\/benedett\/samarian.html\" target=\"_blank\" rel=\"noopener noreferrer\"><img loading=\"lazy\" decoding=\"async\" src=\"https:\/\/poezjaiewangelia.pl\/wp-content\/uploads\/2015\/11\/Benedetto-da-Maiano-Chrystus-i-Samarytanka-e1458651447337.jpg\" alt=\"Benedetto da Maiano Chrystus i Samarytanka\" class=\"wp-image-2814\" width=\"388\" height=\"310\" title=\"Benedetto da Maiano Chrystus i Samarytanka\"\/><\/a><figcaption><em>Benedetto da Maiano Chrystus i Samarytanka<\/em><\/figcaption><\/figure>\n<\/div>\n\n\n<p><strong>Jezus i Samarytanka<\/strong><\/p>\n<p>19 Rzek\u0142a do Niego kobieta: \u00abPanie, widz\u0119, \u017ce jeste\u015b prorokiem.<br \/>20 Ojcowie nasi oddawali cze\u015b\u0107 Bogu na tej g\u00f3rze, a wy m\u00f3wicie, \u017ce w Jerozolimie jest miejsce, gdzie nale\u017cy czci\u0107 Boga\u00bb.<br \/>21 Odpowiedzia\u0142 jej Jezus: \u00abWierz Mi, kobieto, \u017ce nadchodzi godzina, kiedy ani na tej g\u00f3rze, ani w Jerozolimie nie b\u0119dziecie czcili Ojca.<br \/>22 Wy czcicie to, czego nie znacie, my czcimy to, co znamy, poniewa\u017c zbawienie bierze pocz\u0105tek od \u017byd\u00f3w.<br \/><span style=\"color: #993300;\"><strong>23 Nadchodzi jednak godzina, owszem ju\u017c jest, kiedy to prawdziwi czciciele b\u0119d\u0105 oddawa\u0107 cze\u015b\u0107 Ojcu w Duchu i prawdzie, a takich to czcicieli chce mie\u0107 Ojciec.<\/strong><\/span><br \/><span style=\"color: #993300;\"><strong>24 B\u00f3g jest duchem: potrzeba wi\u0119c, by czciciele Jego oddawali Mu cze\u015b\u0107 w Duchu i prawdzie\u00bb.<\/strong><\/span><\/p>\n\n\n\n<h2 class=\"wp-block-heading\"><strong><span class=\"has-inline-color has-luminous-vivid-orange-color\">REFLEKSJA<\/span><\/strong><\/h2>\n\n\n\n<p><strong>Janusz Pasierb<\/strong><\/p>\n\n\n\n<p><em><strong>Stare kobiety w ko\u015bciele<\/strong><\/em><\/p>\n\n\n\n<p>m\u0142odzi maj\u0105 tyle na g\u0142owie<br>chocia\u017cby w\u0142os\u00f3w<br>poza tem szko\u0142\u0119 mi\u0142o\u015b\u0107 i konflikt pokole\u0144<br>stare kobiety maj\u0105 przede wszystkim choroby i wnuki<br>a ponadto maj\u0105 na sercu ko\u015bci\u00f3\u0142<\/p>\n\n\n\n<p>stare kobiety lubi\u0105 by\u0107 w ko\u015bciele<br>s\u0105 najwierniejsz\u0105 publiczno\u015bci\u0105 Pana Boga<br>nie \u00f3d \u015bwi\u0119ta ale na co dzie\u0144<br>stare panny i samotne wdowy<br>przychodz\u0105 rano w po\u0142udnie wieczorem<\/p>\n\n\n\n<p>kl\u0119cz\u0105 \u015bl\u0119cz\u0105 w p\u00f3\u0142mroku cierpliwie<br>tyle si\u0119 naczeka\u0142y w \u017cyciu<br>na \u017cycie na koniec kt\u00f3rej\u015b wojny na szcz\u0119\u015bcie<br>na dzieci ze szko\u0142y na m\u0119\u017ca z pracy albo z knajpy<br>one wiedz\u0105 \u017ce mi\u0142o\u015b\u0107 to czekanie<\/p>\n\n\n\n<p>one czuwaj\u0105 panny wierne<br>w niemodnych kapeluszach gubi\u0105c zniszczone torebki<br>\u015bwiat widzi w nich staruszki siedz\u0105ce w ko\u015bciele<br>czasem proboszcz ofuknie je w konfesjonale<br>nawet wikary nie ma dla nich czasu<\/p>\n\n\n\n<p>tylko Jezus kt\u00f3ry jest wiecznie m\u0142odzie\u0144cem<br>widzi w nich ci\u0105gle swoje narzeczone<br>widzi w nich zawsze te pi\u0119kne dziewczyny<br>kt\u00f3re w czerwcowe wieczory stroi\u0142y w klonowe wie\u0144ce<br>w peonie i ja\u015bminy w girlandy i wst\u0105\u017cki<br>feretrony na Bo\u017ce Cia\u0142o na procesj\u0119<\/p>\n\n\n\n<p><em><strong>\u00abWiersze religijne\u00bb, Pozna\u0144 \u2013 Warszawa 1983, str. 102<\/strong><\/em><\/p>\n\n\n\n<p><strong>Janusz Pasierb<\/strong><\/p>\n\n\n\n<p><em><strong>w Rzymie<\/strong><\/em><\/p>\n\n\n\n<p>ma\u0142e ko\u015bci\u00f3\u0142ki<br>na kt\u00f3re jako\u015b starcza wiernych<br>w zlaicyzowanej stolicy chrze\u015bcija\u0144stwa<br>jeszcze oddychacie<br>\u017cyjecie<br>ogrzane modlitw\u0105 staruszek<\/p>\n\n\n\n<p><em><strong>\u00abWiersze religijne\u00bb, Pozna\u0144 \u2013 Warszawa 1983, str. 64<\/strong><\/em><\/p>\n\n\n\n<p><strong>Janusz Pasierb<\/strong><\/p>\n\n\n\n<p><em><strong>San Nicolas de Bari w Burgos.<\/strong><\/em><\/p>\n\n\n\n<p>za dziesi\u0119\u0107 peset<br>mam ten ko\u015bci\u00f3\u0142ek wy\u0142\u0105cznie dla siebie<br>z o\u0142tarzem gdzie w szprychach ogromnego ko\u0142a<br>z gi\u0119tkich ob\u0142ok\u00f3w i anielskich g\u0142\u00f3wek<br>Tr\u00f3jca \u015awi\u0119ta nak\u0142ada koron\u0119 Madonnie<br>a 465 figur i figurek<br>wykonanych w 1505 roku<br>przez mistrza Szymona z Kolonii<br>opowiada \u017cycie Miko\u0142aja z Ban<br>pobo\u017cnemu widzowi a tak\u017ce tury\u015bcie<\/p>\n\n\n\n<p>niestety w predelli czterech aposto\u0142\u00f3w<br>nie obchodzi zbudowanie ni doch\u00f3d z bilet\u00f3w<br>siedli ty\u0142em do widza jak ch\u0142opi w skansenie<br>i s\u0105 zaj\u0119ci naprawd\u0119 jedzeniem<br>powoli i rozwa\u017cnie tak jak si\u0119 nale\u017cy<br>bo w\u0142a\u015bnie uczestnicz\u0105 w Ostatniej Wieczerzy<\/p>\n\n\n\n<p><em><strong>\u00abWiersze religijne\u00bb, Pozna\u0144 \u2013 Warszawa 1983, str. 22<\/strong><\/em><\/p>\n\n\n<div class=\"wp-block-image\">\n<figure class=\"alignright size-large is-resized\"><a href=\"https:\/\/www.wga.hu\/frames-e.html?\/html\/a\/angelico\/00\/11fieso2.html\" target=\"_blank\" rel=\"noopener noreferrer\"><img loading=\"lazy\" decoding=\"async\" src=\"https:\/\/poezjaiewangelia.pl\/wp-content\/uploads\/2015\/11\/351f8a008493fc8c1c4a2199f1675376-e1462099866778.jpg\" alt=\"Fra Angelico \u015awi\u0119ci wielbi\u0105 Chrystusa w niebie\" class=\"wp-image-2816\" width=\"403\" height=\"271\" title=\"Fra Angelico \u015awi\u0119ci wielbi\u0105 Chrystusa w niebie\"\/><\/a><figcaption><center><em>Fra Angelico \u015awi\u0119ci wielbi\u0105 Chrystusa w niebie<\/em><\/center><\/figcaption><\/figure>\n<\/div>\n\n\n<p><strong>Janusz Pasierb<\/strong><\/p>\n\n\n\n<p><em><strong>Szukanie w Saragossie<\/strong><\/em><\/p>\n\n\n\n<p>Ta bazylika to szopka krakowska ogromna<br>ubrana w wie\u017ce i \u017c\u00f3\u0142to-zielone kopu\u0142y<br>Mieszkanie malutkiej i mi\u0142ej Madonny<br>stoj\u0105cej wytrwale na niskiej kolumnie<br>co nieraz podtrzymywa\u0142a niebo nad Hiszpani\u0105<br>Dzi\u015b jest tu przybytek weso\u0142ej pobo\u017cno\u015bci<br>rodzice przyprowadzaj\u0105 i przynosz\u0105 dzieci<br>u\u015bmieszek i ca\u0142usek f1esz i fotografia<br>Szybko\u015b\u0107 sze\u015b\u0107dziesi\u0105t dzieci na godzin\u0119<br>Biedna Madonna przyt\u0142oczona zbytkiem<br>jak polny kwiatek w sklepie jubilera<br>u\u015bmiecha si\u0119 bezradnie cho\u0107 jest genera\u0142em<br>z nominacji ostatniego kr\u00f3la hiszpa\u0144skiego<\/p>\n\n\n\n<p>Nie jestem z takich parafii Nie s\u0142u\u017cy\u0142em w wojsku<br>Przepraszam Gospodyni\u0119 nie lubi\u0119 s\u0142odyczy<br>Wychodz\u0119 Ona zostaje przecie\u017c pe\u0142no go\u015bci<br>Na dworze leje Dobrze \u017ce si\u0119 b\u0142yska<br>\u017ce grzmi \u017ce jako\u015b strasznie pod niebem z grafitu<br>Trzeba czasem zat\u0119skni\u0107 za Bogiem Starego Przymierza<br>P\u00f3j\u015b\u0107 Go poszuka\u0107 Pos\u0142ucha\u0107 jak ci\u0119\u017cko oddycha<br>w ciemno\u015bci g\u0142\u0119bokiej i gro\u017anej jak otch\u0142a\u0144<br>starej gotyckiej katedry La Seo<\/p>\n\n\n\n<p><em><strong>\u00abWiersze religijne\u00bb, Pozna\u0144 \u2013 Warszawa 1983, str. 23<\/strong><\/em><\/p>\n\n\n\n<p><strong>Janusz Pasierb<\/strong><\/p>\n\n\n\n<p><em><strong>Synagoga Za\u015bni\u0119cia<\/strong><\/em><\/p>\n\n\n\n<p>Tu trwa obecno\u015b\u0107<br>tu Niewyra\u017calny w dw\u00f3jnas\u00f3b<br>po \u017cydowsku i po arabsku<br>JEST<br>poniewa\u017c nic go nie przedstawia<\/p>\n\n\n\n<p>milcz\u0105 o nim w pustce<br>hebrajskie litery<br>szaror\u00f3\u017cowe kamienne koronki<\/p>\n\n\n\n<p>je\u015bli\u015b z wszystkiego odarty<br>wolno ci przyst\u0105pi\u0107<\/p>\n\n\n\n<p><em><strong>\u00abWiersze religijne\u00bb, Pozna\u0144 \u2013 Warszawa 1983, str. 25<\/strong><\/em><\/p>\n\n\n\n<p class=\"has-text-align-center\"><a href=\"https:\/\/poezjaiewangelia.pl\/?page_id=5006#Gora\"><span style=\"color:#1e73be\" class=\"has-inline-color\">Do g\u00f3ry<\/span><\/a><\/p>\n","protected":false},"excerpt":{"rendered":"<p>Powr\u00f3t do \u015awi\u0119ta,&nbsp;&nbsp; Uroczysto\u015bci i \u015bwi\u0119ta IX \u2013 X, &nbsp;&nbsp;Powr\u00f3t do Linki Ewangelia: Mt 16, 13 \u2013 19; lub J 4, 19 \u2013 24; Ewangelia: Mt 16, 13 \u2013 19; Wyznanie Piotra 13 Gdy Jezus przyszed\u0142 w okolice Cezarei Filipowej, pyta\u0142 swych uczni\u00f3w: \u00abZa kogo ludzie uwa\u017caj\u0105 Syna Cz\u0142owieczego?\u00bb14 A oni odpowiedzieli: \u00abJedni za Jana &hellip; <a href=\"https:\/\/poezjaiewangelia.pl\/?page_id=5006\" class=\"more-link\">Czytaj dalej <span class=\"screen-reader-text\">Rocznica po\u015bwi\u0119cenia w\u0142asnego ko\u015bcio\u0142a rok ABC; (ostatnia niedziela X)<\/span><\/a><\/p>\n","protected":false},"author":1,"featured_media":0,"parent":4993,"menu_order":4,"comment_status":"closed","ping_status":"closed","template":"","meta":{"_monsterinsights_skip_tracking":false,"_monsterinsights_sitenote_active":false,"_monsterinsights_sitenote_note":"","_monsterinsights_sitenote_category":0,"footnotes":""},"class_list":["post-5006","page","type-page","status-publish","hentry"],"aioseo_notices":[],"_links":{"self":[{"href":"https:\/\/poezjaiewangelia.pl\/index.php?rest_route=\/wp\/v2\/pages\/5006","targetHints":{"allow":["GET"]}}],"collection":[{"href":"https:\/\/poezjaiewangelia.pl\/index.php?rest_route=\/wp\/v2\/pages"}],"about":[{"href":"https:\/\/poezjaiewangelia.pl\/index.php?rest_route=\/wp\/v2\/types\/page"}],"author":[{"embeddable":true,"href":"https:\/\/poezjaiewangelia.pl\/index.php?rest_route=\/wp\/v2\/users\/1"}],"replies":[{"embeddable":true,"href":"https:\/\/poezjaiewangelia.pl\/index.php?rest_route=%2Fwp%2Fv2%2Fcomments&post=5006"}],"version-history":[{"count":13,"href":"https:\/\/poezjaiewangelia.pl\/index.php?rest_route=\/wp\/v2\/pages\/5006\/revisions"}],"predecessor-version":[{"id":10036,"href":"https:\/\/poezjaiewangelia.pl\/index.php?rest_route=\/wp\/v2\/pages\/5006\/revisions\/10036"}],"up":[{"embeddable":true,"href":"https:\/\/poezjaiewangelia.pl\/index.php?rest_route=\/wp\/v2\/pages\/4993"}],"wp:attachment":[{"href":"https:\/\/poezjaiewangelia.pl\/index.php?rest_route=%2Fwp%2Fv2%2Fmedia&parent=5006"}],"curies":[{"name":"wp","href":"https:\/\/api.w.org\/{rel}","templated":true}]}}