{"id":5020,"date":"2018-11-09T12:58:07","date_gmt":"2018-11-09T12:58:07","guid":{"rendered":"https:\/\/poezjaiewangelia.pl\/?page_id=5020"},"modified":"2022-07-18T18:14:10","modified_gmt":"2022-07-18T17:14:10","slug":"wspomnienie-wszystkich-wiernych-zmarlych-rok-a-b-c-02-11","status":"publish","type":"page","link":"https:\/\/poezjaiewangelia.pl\/?page_id=5020","title":{"rendered":"Wspomnienie Wszystkich Wiernych Zmar\u0142ych rok ABC; (2.11.) Zaduszki"},"content":{"rendered":"\n<p><span style=\"color: #1e73be;\"><a style=\"color: #1e73be;\" href=\"https:\/\/poezjaiewangelia.pl\/?page_id=63#S63\">Powr\u00f3t do \u015awi\u0119ta,<\/a>&nbsp;&nbsp;<\/span><a id=\"S5020\"><\/a><span style=\"color: #1e73be;\"><a style=\"color: #1e73be;\" href=\"https:\/\/poezjaiewangelia.pl\/?page_id=140#S140\"> Uroczysto\u015bci i \u015bwi\u0119ta XI \u2013 XII,&nbsp; <\/a><\/span><a id=\"Gora\"><\/a><span style=\"color: #1e73be;\">&nbsp;&nbsp;<a style=\"color: #1e73be;\" href=\"https:\/\/poezjaiewangelia.pl\/?page_id=703#S703\">Powr\u00f3t do Linki<\/a><\/span><\/p>\n\n\n<div class=\"wp-block-image\">\n<figure class=\"alignright size-large\"><img loading=\"lazy\" decoding=\"async\" width=\"150\" height=\"113\" src=\"https:\/\/poezjaiewangelia.pl\/wp-content\/uploads\/2020\/06\/R\u00f3\u017ca-fioletowa.png\" alt=\"Kolor szat\" class=\"wp-image-8734\"\/><figcaption>Kolor szat<\/figcaption><\/figure>\n<\/div>\n\n<div class=\"wp-block-image\">\n<figure class=\"alignleft size-large\"><a href=\"https:\/\/pl.wikipedia.org\/wiki\/Krzy%C5%BC_jerozolimski\" target=\"_blank\" rel=\"noopener noreferrer\"><img loading=\"lazy\" decoding=\"async\" width=\"101\" height=\"100\" src=\"https:\/\/poezjaiewangelia.pl\/wp-content\/uploads\/2015\/11\/Krzyz-Jerozolimski.jpg\" alt=\"Krzy\u017c Jerozolimski\" class=\"wp-image-107\" title=\"Krzy\u017c Jerozolimski\"\/><\/a><\/figure>\n<\/div>\n\n\n<hr class=\"wp-block-separator has-text-color has-luminous-vivid-amber-color has-css-opacity has-luminous-vivid-amber-background-color has-background is-style-dots\"\/>\n\n\n\n<p class=\"has-text-align-left\"><strong>Ewangelia: \u0141k 23,44 \u2013 46.50.52 \u2013 53; 24,1 \u2013 6 a;<br>albo J 11,32 \u2013 45;, albo J 14,1 \u2013 6;<\/strong><\/p>\n\n\n\n<h2 class=\"wp-block-heading\"><strong><span class=\"has-inline-color has-luminous-vivid-orange-color\">S\u0141OWO BO\u017bE<\/span><\/strong><\/h2>\n\n\n\n<h5><strong>Pierwsza Msza: \u0141k 23, 44 \u2013 46. 50. 52 \u2013 53; 24, 1 \u2013 6a;<\/strong><\/h5>\n\n\n<div class=\"wp-block-image\">\n<figure class=\"alignleft size-large is-resized\"><a href=\"http:\/\/iconoskiko.blogspot.com\/\" target=\"_blank\" rel=\"noopener noreferrer\"><img loading=\"lazy\" decoding=\"async\" src=\"https:\/\/poezjaiewangelia.pl\/wp-content\/uploads\/2015\/11\/367e0aa2ca6f1242d7dbeca2c5e95b3c-e1462102569970.jpg\" alt=\"Kiko Arg\u00fcello Niewiasty u grobu\" class=\"wp-image-2821\" width=\"332\" height=\"354\"\/><\/a><figcaption><center><em>Kiko Arg\u00fcello Niewiasty u grobu<\/em><\/center><\/figcaption><\/figure>\n<\/div>\n\n\n<p><strong>\u015amier\u0107 Jezusa<\/strong><\/p>\n<p>44 By\u0142o ju\u017c oko\u0142o godziny sz\u00f3stej i mrok ogarn\u0105\u0142 ca\u0142\u0105 ziemi\u0119 a\u017c do godziny dziewi\u0105tej. 45 S\u0142o\u0144ce si\u0119 za\u0107mi\u0142o11 i zas\u0142ona przybytku rozdar\u0142a si\u0119 przez \u015brodek.<br>46 Wtedy Jezus zawo\u0142a\u0142 dono\u015bnym g\u0142osem: Ojcze, w Twoje r\u0119ce powierzam ducha mojego12. Po tych s\u0142owach wyzion\u0105\u0142 ducha.<\/p>\n<p><strong>Pogrzeb Jezusa<\/strong><\/p>\n<p>50 By\u0142 tam cz\u0142owiek dobry i sprawiedliwy, imieniem J\u00f3zef, cz\u0142onek Wysokiej Rady.<br>52 On to uda\u0142 si\u0119 do Pi\u0142ata i poprosi\u0142 o cia\u0142o Jezusa.<br>53 Zdj\u0105\u0142 je z krzy\u017ca, owin\u0105\u0142 w p\u0142\u00f3tno i z\u0142o\u017cy\u0142 w grobie, wykutym w skale, w kt\u00f3rym nikt jeszcze nie by\u0142 pochowany.<\/p>\n<p><strong>Pusty gr\u00f3b<\/strong><\/p>\n<p>1 W pierwszy dzie\u0144 tygodnia posz\u0142y skoro \u015bwit do grobu, nios\u0105c przygotowane wonno\u015bci.<br>2 Kamie\u0144 od grobu zasta\u0142y odsuni\u0119ty.<br><span style=\"color: #993300;\"><strong>3 A skoro wesz\u0142y, nie znalaz\u0142y cia\u0142a Pana Jezusa.<\/strong><\/span><br><span style=\"color: #993300;\"><strong>4 Gdy wobec tego by\u0142y bezradne, nagle stan\u0119\u0142o przed nimi dw\u00f3ch m\u0119\u017cczyzn w l\u015bni\u0105cych szatach.<\/strong><\/span><br><span style=\"color: #993300;\"><strong>5 Przestraszone, pochyli\u0142y twarze ku ziemi, lecz tamci rzekli do nich:, \u00abDlaczego szukacie \u017cyj\u0105cego w\u015br\u00f3d umar\u0142ych?<\/strong><\/span><\/p>\n\n\n\n<h2 class=\"wp-block-heading\"><strong><span class=\"has-inline-color has-luminous-vivid-orange-color\">REFLEKSJA<\/span><\/strong><\/h2>\n\n\n\n<p><strong>Wac\u0142aw Oszajca<\/strong><\/p>\n\n\n\n<p><em><strong>zaduszki<\/strong><\/em><\/p>\n\n\n\n<p>a jednak to nieprawda<br>\u017ce wszystko przemija<br>wystarczy zdj\u0119cie s\u0142onecznik\u00f3w<br>a ju\u017c s\u0105<br>dwa trzmiele w sierpniowym s\u0142o\u0144cu<br>pod b\u0142\u0119kitem i rojem anio\u0142\u00f3w<br>przecudnie pierzastych<br>s\u0105 we mnie<br>tym prawdziwsze<br>im mniej widoczne<\/p>\n\n\n\n<p><em><strong>\u00abodwr\u00f3cona perspektywa\u00bb, Warszawa 2009, str. 54<\/strong><\/em><\/p>\n\n\n\n<p><strong>Kazimiera I\u0142\u0142akowicz\u00f3wna<\/strong><\/p>\n\n\n\n<p><em><strong>\u015amier\u0107<\/strong><\/em><\/p>\n\n\n\n<p>\u015amier\u0107 w r\u0119ku Boga \u015bwieci<br>jak bia\u0142a, \u0142agodna latarnia:<br>stopy me id\u0105 wolniej,<br>skrzyd\u0142a me senno\u015b\u0107 ogarnia,<br>serce zamkn\u0119\u0142o oczy<br>i woni\u0105 fijolk\u00f3w dyszy,<br>a kto\u015b z wysoko\u015bci m\u00f3wi<br>do serca: Ciszej\u2026 Ciszej\u2026<\/p>\n\n\n\n<p><em><strong>\u00abIntencje serca\u00bb, Pozna\u0144 1985, str. 340<\/strong><\/em><\/p>\n\n\n\n<p><strong>Wojciech B\u0105k<\/strong><\/p>\n\n\n\n<p><strong>* * *<\/strong><br>Wszystko si\u0119 kiedy\u015b raz zako\u0144czy,<br>Rado\u015bci \u015bmiech i smutek kl\u0119ski \u2013<br>B\u00f3g, co po\u0142\u0105czy\u0142, to roz\u0142\u0105czy \u2013<br>Opadnie z duszy w gr\u00f3b proch ziemski.<\/p>\n\n\n\n<p>Ziemia si\u0119 w ziemi tak rozsypie,<br>Jak gdyby z duchem tu nie trwa\u0142a \u2014<br>I w p\u0142aczu bliskich, \u0142opat skrzypie<br>Spe\u0142ni si\u0119 gro\u017ane prawo cia\u0142a.<\/p>\n\n\n\n<p>Czuj\u0119 ju\u017c nieraz ow\u0105 chwil\u0119,<br>Gdy w grobie kszta\u0142t si\u0119 kruszy r\u0119ki \u2014<br>I tylko py\u0142 jest w ziemi pyle,<br>Wolny od trwogi, pr\u00f3\u017cny m\u0119ki.<\/p>\n\n\n\n<p>A dusza, zapomniawszy cia\u0142a,<br>Wzniesie si\u0119 czysta i pogodna \u2014<br>I czuj\u0119: oto ulecia\u0142a,<br>Jak \u017ar\u00f3d\u0142o ch\u0142odna, wiatr swobodna!<\/p>\n\n\n\n<p><em><strong>\u00abIntencje serca\u00bb, Pozna\u0144 1985, str. 334<\/strong><\/em><\/p>\n\n\n\n<h2 class=\"wp-block-heading\"><strong><span class=\"has-inline-color has-luminous-vivid-orange-color\">S\u0141OWO BO\u017bE<\/span><\/strong><\/h2>\n\n\n\n<h5><strong>Druga Msza: J 11, 32 \u2013 45;<\/strong><\/h5>\n\n\n<div class=\"wp-block-image\">\n<figure class=\"alignleft size-large is-resized\"><a href=\"https:\/\/commons.wikimedia.org\/wiki\/File:Rembrandt_Harmensz._van_Rijn_-_The_Raising_of_Lazarus_-_Google_Art_Project.jpg\" target=\"_blank\" rel=\"noopener noreferrer\"><img loading=\"lazy\" decoding=\"async\" src=\"https:\/\/poezjaiewangelia.pl\/wp-content\/uploads\/2020\/06\/Rembrandt-van-Rijn-Wskrzeszenie-\u0141azarza.jpg\" alt=\"Rembrandt van Rijn Wskrzeszenie \u0141azarza\" class=\"wp-image-8667\" width=\"327\" height=\"386\" title=\"Rembrandt van Rijn Wskrzeszenie \u0141azarza\" srcset=\"https:\/\/poezjaiewangelia.pl\/wp-content\/uploads\/2020\/06\/Rembrandt-van-Rijn-Wskrzeszenie-\u0141azarza.jpg 837w, https:\/\/poezjaiewangelia.pl\/wp-content\/uploads\/2020\/06\/Rembrandt-van-Rijn-Wskrzeszenie-\u0141azarza-254x300.jpg 254w, https:\/\/poezjaiewangelia.pl\/wp-content\/uploads\/2020\/06\/Rembrandt-van-Rijn-Wskrzeszenie-\u0141azarza-768x907.jpg 768w, https:\/\/poezjaiewangelia.pl\/wp-content\/uploads\/2020\/06\/Rembrandt-van-Rijn-Wskrzeszenie-\u0141azarza-685x809.jpg 685w\" sizes=\"auto, (max-width: 327px) 100vw, 327px\" \/><\/a><figcaption><center><em>Rembrandt van Rijn Wskrzeszenie \u0141azarza<\/em><\/center><\/figcaption><\/figure>\n<\/div>\n\n\n<p><strong>Wskrzeszenie \u0141azarza<\/strong><\/p>\n<p>32 A gdy Maria przysz\u0142a do miejsca, gdzie by\u0142 Jezus, ujrzawszy Go upad\u0142a Mu do n\u00f3g i rzek\u0142a do Niego: \u00abPanie, gdyby\u015b tu by\u0142, m\u00f3j brat by nie umar\u0142\u00bb.<br>33 Gdy wi\u0119c Jezus ujrza\u0142 jak p\u0142aka\u0142a ona i \u017bydzi, kt\u00f3rzy razem z ni\u0105 przyszli, wzruszy\u0142 si\u0119 w duchu, rozrzewni\u0142 i zapyta\u0142: \u00abGdzie\u015bcie go po\u0142o\u017cyli?\u00bb<br>34 Odpowiedzieli Mu: \u00abPanie, chod\u017a i zobacz!\u00bb.<br>35 Jezus zap\u0142aka\u0142.<br>36 A \u017bydzi rzekli: \u00abOto jak go mi\u0142owa\u0142!\u00bb<br><span style=\"color: #993300;\"><strong>37 Niekt\u00f3rzy z nich powiedzieli: \u00abCzy Ten, kt\u00f3ry otworzy\u0142 oczy niewidomemu, nie m\u00f3g\u0142 sprawi\u0107, by on nie umar\u0142?\u00bb<\/strong><\/span><br><span style=\"color: #993300;\"><strong>38 A Jezus ponownie, okazuj\u0105c g\u0142\u0119bokie wzruszenie, przyszed\u0142 do grobu. By\u0142a to pieczara, a na niej spoczywa\u0142 kamie\u0144.<\/strong><\/span><br><span style=\"color: #993300;\"><strong>39 Jezus rzek\u0142: \u00abUsu\u0144cie kamie\u0144!\u00bb Siostra zmar\u0142ego, Marta, rzek\u0142a do Niego: \u00abPanie, ju\u017c cuchnie. Le\u017cy bowiem od czterech dni w grobie\u00bb.<\/strong><\/span><br><span style=\"color: #993300;\"><strong>40 Jezus rzek\u0142 do niej: \u00abCzy\u017c nie powiedzia\u0142em ci, \u017ce je\u015bli uwierzysz, ujrzysz chwa\u0142\u0119 Bo\u017c\u0105?\u00bb Usuni\u0119to wi\u0119c kamie\u0144.<\/strong><\/span><br>41 Jezus wzni\u00f3s\u0142 oczy do g\u00f3ry i rzek\u0142: \u00abOjcze, dzi\u0119kuj\u0119 Ci, \u017ce\u015b mnie wys\u0142ucha\u0142.<br>42 Ja wiedzia\u0142em, \u017ce mnie zawsze wys\u0142uchujesz. Ale ze wzgl\u0119du na otaczaj\u0105cy Mnie lud to powiedzia\u0142em, aby uwierzyli, \u017ce\u015b Ty Mnie pos\u0142a\u0142\u00bb.<br>43 To powiedziawszy zawo\u0142a\u0142 dono\u015bnym g\u0142osem: \u00ab\u0141azarzu, wyjd\u017a na zewn\u0105trz!\u00bb<br>44 I wyszed\u0142 zmar\u0142y, maj\u0105c nogi i r\u0119ce powi\u0105zane opaskami, a twarz jego by\u0142a zawini\u0119ta chust\u0105. Rzek\u0142 do nich Jezus: \u00abRozwi\u0105\u017ccie go i pozw\u00f3lcie mu chodzi\u0107!\u00bb.<\/p>\n\n\n\n<h2 class=\"wp-block-heading\"><strong><span class=\"has-inline-color has-luminous-vivid-orange-color\">REFLEKSJA<\/span><\/strong><\/h2>\n\n\n\n<p><strong>Jan Twardowski<\/strong><\/p>\n\n\n\n<p><em><strong>Wielka ma\u0142a&nbsp;<\/strong><\/em><\/p>\n\n\n\n<p>szukaj\u0105 wielkiej wiary kiedy rozpacz wielka<br>szukaj\u0105 \u015bwi\u0119tych co wiedz\u0105 na pewno<br>jak daleko odbiega\u0107 od swojego cia\u0142a<\/p>\n\n\n\n<p>a ty g\u00f3ry przenios\u0142a\u015b<br>chodzi\u0142a\u015b po morzu<br>cho\u0107 m\u00f3wi\u0142a\u015b wierz\u0105cym<br>tyle jeszcze nie wiem<\/p>\n\n\n\n<p>\u2013 wiaro malutka<\/p>\n\n\n\n<p><em><strong>\u00abNie przyszed\u0142em pana nawraca\u0107\u00bb, Pozna\u0144 2009, str. 291<\/strong><\/em><\/p>\n\n\n\n<p><strong>Jan Twardowski&nbsp;<\/strong><\/p>\n\n\n\n<p><em><strong>O stale obecnych<\/strong><\/em><\/p>\n\n\n\n<p>M\u00f3wi\u0142a \u017ce naprawd\u0119 mo\u017cna kocha\u0107 umar\u0142ych<br>bo w\u0142a\u015bnie oni s\u0105 uparcie obecni<br>nie zasypiaj\u0105<br>maj\u0105 okr\u0105g\u0142y czas wi\u0119c si\u0119 nie \u015bpiesz\u0105<br>spokojni poniewa\u017c niczego nie wyko\u0144czyli<br>nawet gdyby si\u0119 pali\u0142o nie zrywaj\u0105 si\u0119 na r\u00f3wne nogi<br>nie po\u0142ykaj\u0105 tak jak my przera\u017conego sensu<br>nie udaj\u0105 ani lepszych ani gorszych<br>nie wydajemy o nich tysi\u0105ca s\u0105d\u00f3w<br>zawsze ci sami jak olcha do ko\u0144ca zielona<br>znaj\u0105 nawet prywatny adres Pana Boga<br>nie deklamuj\u0105 o mi\u0142o\u015bci<br>ale pomagaj\u0105 znale\u017a\u0107 zgubione przedmioty<br>nie starzej\u0105 si\u0119 odm\u0142odzeni przez \u015bmier\u0107<br>nie strasz\u0105 pustk\u0105 pe\u0142n\u0105 erudycji<br>nie \u0142\u0105cz\u0105 \u015bwi\u0119to\u015bci z apetytem<br>bli\u017csi ni\u017c wtedy kiedy odje\u017cd\u017cali na chwil\u0119<br>przechodz\u0105 obok z niepostrze\u017conym cia\u0142em<br>ocalili znacznie wi\u0119cej ni\u017c dusz\u0119<\/p>\n\n\n\n<p><em><strong>\u00abNie przyszed\u0142em pana nawraca\u0107\u00bb, Pozna\u0144 2009, str. 119<\/strong><\/em><\/p>\n\n\n<div class=\"wp-block-image\">\n<figure class=\"alignright size-large is-resized\"><a href=\"https:\/\/www.wga.hu\/framex-e.html?file=html\/g\/geertgen\/lazarus.html&amp;find=Raising+of+Lazarus\" target=\"_blank\" rel=\"noopener noreferrer\"><img loading=\"lazy\" decoding=\"async\" src=\"https:\/\/poezjaiewangelia.pl\/wp-content\/uploads\/2015\/11\/d8eb45324f268acd4920e1eb1f6b3a6a-e1462102605946.jpg\" alt=\"Geertgen tot Sint Jans Wskrzeszenie \u0141azarza\" class=\"wp-image-2822\" width=\"295\" height=\"386\" title=\"Geertgen tot Sint Jans Wskrzeszenie \u0141azarza\"\/><\/a><figcaption><center><em>Geertgen tot Sint Jans Wskrzeszenie \u0141azarza<\/em><\/center><\/figcaption><\/figure>\n<\/div>\n\n\n<p><strong>Jan Twardowski<\/strong><\/p>\n\n\n\n<p><em><strong>O nieobecnych<\/strong><\/em><\/p>\n\n\n\n<p>My\u015bla\u0142a \u017ce zosta\u0142 ju\u017c tylko na fotografii<br>z twarz\u0105 bez oddechu<br>Tymczasem w ka\u017cdej chwili<br>kiedy zapala\u0142a \u015bwiat\u0142o<br>nakrywa\u0142a do sto\u0142u w \u015bwiecie tak ma\u0142ym w kt\u00f3rym jest ju\u017c wszystko<br>wiedz\u0105c \u017ce zm\u0119czenie jest przynajmniej po\u0142ow\u0105 mi\u0142o\u015bci<br>\u017ce kocha\u0107 \u2014 to nie znaczy i\u015b\u0107 w sw\u0105 w\u0142asn\u0105 drog\u0119<br>nieefektowna jak zielona cyranka bez po\u0142ysku<br>wytrwa\u0142a jak chory z urojenia kt\u00f3ry ma w ko\u0144cu racj\u0119<br>kiedy odkrywa\u0142a \u017ce mo\u017cna si\u0119 modli\u0107 maj\u0105c tylko czyste sumienie<br>kiedy odchodzi\u0142a \u017ceby wr\u00f3ci\u0107<br>z sercem nieskr\u00f3conym przez oszcz\u0119dno\u015b\u0107<br>tak znikoma \u017ce prawdziwa<br>na wsp\u00f3lnej drodze<br>po obu stronach wiary<\/p>\n\n\n\n<p>T\u0142umaczy\u0142<br>\u017ce wieczno\u015b\u0107 jest tylko jedna<br>\u017ce ju\u017c s\u0105 razem chocia\u017c si\u0119 nie widz\u0105<br>\u017ce mia\u0142by ochot\u0119 nagada\u0107 jej serdecznie<br>ho\u0107by w przedpokoju ciep\u0142ym od ubra\u0144<\/p>\n\n\n\n<p>przecie\u017c tylko nieobecni s\u0105 najbli\u017cej<\/p>\n\n\n\n<p><em><strong>\u00abNie przyszed\u0142em pana nawraca\u0107\u00bb, Pozna\u0144 2009, str. 115<\/strong><\/em><\/p>\n\n\n\n<h2 class=\"wp-block-heading\"><strong><span class=\"has-inline-color has-luminous-vivid-orange-color\">S\u0141OWO BO\u017bE<\/span><\/strong><\/h2>\n\n\n\n<h5><strong>Trzecia Msza: J 14, 1 \u2013 6;<\/strong><\/h5>\n\n\n<div class=\"wp-block-image\">\n<figure class=\"alignleft size-large is-resized\"><a href=\"http:\/\/iconoskiko.blogspot.com\/\" target=\"_blank\" rel=\"noopener noreferrer\"><img loading=\"lazy\" decoding=\"async\" src=\"https:\/\/poezjaiewangelia.pl\/wp-content\/uploads\/2015\/11\/ada9e2ee6261c8bf6815cc1734e601a6-e1462102655407.jpg\" alt=\"Kiko Arg\u00fcello Chrystus Pantokrator\" class=\"wp-image-2824\" width=\"363\" height=\"302\" title=\"Kiko Arg\u00fcello Chrystus Pantokrator\"\/><\/a><figcaption><center><em>Kiko Arg\u00fcello Chrystus Pantokrator<\/em><\/center><\/figcaption><\/figure>\n<\/div>\n\n\n<p><strong>Do domu Ojca<\/strong><\/p>\n<p>1 Niech si\u0119 nie trwo\u017cy serce wasze. Wierzycie1 w Boga? I we Mnie wierzcie!<br \/><span style=\"color: #993300;\"><strong>2 W domu Ojca mego jest mieszka\u0144 wiele. Gdyby tak nie by\u0142o, to bym wam powiedzia\u0142. Id\u0119 przecie\u017c przygotowa\u0107 wam miejsce.<\/strong><\/span><br \/><span style=\"color: #993300;\"><strong>3 A gdy odejd\u0119 i przygotuj\u0119 wam miejsce, przyjd\u0119 powt\u00f3rnie i zabior\u0119 was do siebie, aby\u015bcie i wy byli tam, gdzie Ja jestem.<\/strong><\/span><br \/>4 Znacie drog\u0119, dok\u0105d Ja id\u0119\u00bb.<br \/>5 Odezwa\u0142 si\u0119 do Niego Tomasz: \u00abPanie, nie wiemy, dok\u0105d idziesz. Jak wi\u0119c mo\u017cemy zna\u0107 drog\u0119?\u00bb<br \/>6 Odpowiedzia\u0142 mu Jezus: \u00abJa jestem drog\u0105 i prawd\u0105, i \u017cyciem.. Nikt nie przychodzi do Ojca inaczej jak tylko przeze Mnie.<\/p>\n\n\n\n<h2 class=\"wp-block-heading\"><strong><span class=\"has-inline-color has-luminous-vivid-orange-color\">REFLEKSJA<\/span><\/strong><\/h2>\n\n\n\n<p><strong>Jan Lecho\u0144<\/strong><\/p>\n\n\n\n<p><em><strong>S\u0105d Ostateczny<\/strong><\/em><\/p>\n\n\n\n<p>Szczytne cnoty, dla kt\u00f3rych gwarny \u015bwiat nas chwali,<br>Czyny, kt\u00f3rych przyk\u0142adem przysz\u0142o\u015b\u0107 ma si\u0119 \u0107wiczy\u0107,<br>I nasz honor kamienny i wola ze stali<br>Na S\u0105dzie Ostatecznym nie b\u0119d\u0105 si\u0119 liczy\u0107.<\/p>\n\n\n\n<p>Odpadn\u0105 z nas, pokryte przez t\u0142umu oklaski,<br>Uczynki mi\u0142osierne, co s\u0142aw\u0119 nam szerz\u0105,<br>I tylko pozostan\u0105 t\u0119 mroki i blaski,<br>O kt\u00f3rych iiikt z nas nie wie, czy od nas zale\u017c\u0105.<\/p>\n\n\n\n<p>Wtedy wyda g\u0142\u0105b. nasza, nareszcie odkryta,<br>Grzech, kt\u00f3ry ci\u0119 przera\u017ca, cnot\u0119, co si\u0119 wstydzi.<br>Gdy wok\u00f3\u0142 szumi \u017cycie, nikt o nie nie pyta,<br>Tylko mi\u0142o\u015b\u0107 w nie patrzy, tylko B\u00f3g je widzi.<\/p>\n\n\n\n<p><em><strong>\u00abIntencje serca\u00bb, Pozna\u0144 1985, str.343<\/strong><\/em><\/p>\n\n\n<div class=\"wp-block-image\">\n<figure class=\"alignright size-large is-resized\"><a href=\"https:\/\/www.wga.hu\/html\/m\/michelan\/3sistina\/lastjudg\/left\/last_l01.html\" target=\"_blank\" rel=\"noopener noreferrer\"><img loading=\"lazy\" decoding=\"async\" src=\"https:\/\/poezjaiewangelia.pl\/wp-content\/uploads\/2020\/06\/Micha\u0142-Anio\u0142-Buonarrotti-S\u0105d-Ostateczny-Krzy\u017c-detal-1024x633.jpg\" alt=\"Micha\u0142 Anio\u0142 Buonarrotti S\u0105d Ostateczny Krzy\u017c (detal)\" class=\"wp-image-8668\" width=\"499\" height=\"308\" title=\"Micha\u0142 Anio\u0142 Buonarrotti S\u0105d Ostateczny Krzy\u017c (detal)\"\/><\/a><figcaption><center><em>Micha\u0142 Anio\u0142 Buonarrotti S\u0105d Ostateczny Krzy\u017c (detal)<\/em><\/center><\/figcaption><\/figure>\n<\/div>\n\n\n<p><strong>Pawe\u0142 Heintsch<\/strong><\/p>\n\n\n\n<p><em><strong>Listopad<\/strong><\/em><\/p>\n\n\n\n<p>S\u0142ycha\u0107 kroki za oknem?<br>Nie. To spadaj\u0105 li\u015bcie.<br>Li\u015bcie od szronu mokre:<br>Trudno o tym nie my\u015ble\u0107.<\/p>\n\n\n\n<p>Gdy patrze\u0107 przez drzwi szpar\u0119,<br>jest aleja i furtka.<br>Spadaj\u0105 co chwil par\u0119<br>pod drzwi i do ogr\u00f3dka.<\/p>\n\n\n\n<p>Puszy\u015bcie i\u015b\u0107 jest po nich;<br>szeleszcz\u0105 jak z azbestu,<br>tak blisko jest strapionym<br>s\u0142ucha\u0107 tego szelestu.<\/p>\n\n\n\n<p>Jest dzie\u0144 zaduszny sz\u00f3sta.<br>Cho\u0107 nie widz\u0119 nikogo,<br>musz\u0119 my\u015ble\u0107 o duszach,<br>kt\u00f3re cierpi\u0105 ku Bogu.<\/p>\n\n\n\n<p><em><strong>\u00abIntencje serca\u00bb, Pozna\u0144 1985, str. 339<\/strong><\/em><\/p>\n\n\n\n<p><strong>Jan Zieli\u0144ski<\/strong><\/p>\n\n\n\n<p><strong>* * *<\/strong><br>Straszony wr\u00f3\u017cb\u0105 samotno\u015bci<br>na czas umierania<br>uciekam czym pr\u0119dzej<br>z takiego my\u015blenia<\/p>\n\n\n\n<p>przecie\u017c to nieprawda<br>\u017ce umieram sam<br>skoro w jednej minucie<br>tu i tam tyle dusz wysuwa si\u0119 z cia\u0142a<br>ta\u0144cz\u0105c w nowy spos\u00f3b<br>melodi\u0119 \u017cycia<\/p>\n\n\n\n<p>nie wiem jeszcze<br>kogo spotkam w tym korowodzie<br>ale przecie\u017c<br>nie b\u0119d\u0119 sam<\/p>\n\n\n\n<p><em><strong>\u00abWiersze podarowane\u00bb, Warszawa 1994, str.115<\/strong><\/em><\/p>\n\n\n\n<p class=\"has-text-align-center\"><a href=\"https:\/\/poezjaiewangelia.pl\/?page_id=5020#Gora\"><span style=\"color:#1e73be\" class=\"has-inline-color\">Do g\u00f3ry<\/span><\/a><\/p>\n","protected":false},"excerpt":{"rendered":"<p>Powr\u00f3t do \u015awi\u0119ta,&nbsp;&nbsp; Uroczysto\u015bci i \u015bwi\u0119ta XI \u2013 XII,&nbsp; &nbsp;&nbsp;Powr\u00f3t do Linki Ewangelia: \u0141k 23,44 \u2013 46.50.52 \u2013 53; 24,1 \u2013 6 a;albo J 11,32 \u2013 45;, albo J 14,1 \u2013 6; Pierwsza Msza: \u0141k 23, 44 \u2013 46. 50. 52 \u2013 53; 24, 1 \u2013 6a; \u015amier\u0107 Jezusa 44 By\u0142o ju\u017c oko\u0142o godziny sz\u00f3stej &hellip; <a href=\"https:\/\/poezjaiewangelia.pl\/?page_id=5020\" class=\"more-link\">Czytaj dalej <span class=\"screen-reader-text\">Wspomnienie Wszystkich Wiernych Zmar\u0142ych rok ABC; (2.11.) Zaduszki<\/span><\/a><\/p>\n","protected":false},"author":1,"featured_media":0,"parent":140,"menu_order":2,"comment_status":"closed","ping_status":"closed","template":"","meta":{"_monsterinsights_skip_tracking":false,"_monsterinsights_sitenote_active":false,"_monsterinsights_sitenote_note":"","_monsterinsights_sitenote_category":0,"footnotes":""},"class_list":["post-5020","page","type-page","status-publish","hentry"],"aioseo_notices":[],"_links":{"self":[{"href":"https:\/\/poezjaiewangelia.pl\/index.php?rest_route=\/wp\/v2\/pages\/5020","targetHints":{"allow":["GET"]}}],"collection":[{"href":"https:\/\/poezjaiewangelia.pl\/index.php?rest_route=\/wp\/v2\/pages"}],"about":[{"href":"https:\/\/poezjaiewangelia.pl\/index.php?rest_route=\/wp\/v2\/types\/page"}],"author":[{"embeddable":true,"href":"https:\/\/poezjaiewangelia.pl\/index.php?rest_route=\/wp\/v2\/users\/1"}],"replies":[{"embeddable":true,"href":"https:\/\/poezjaiewangelia.pl\/index.php?rest_route=%2Fwp%2Fv2%2Fcomments&post=5020"}],"version-history":[{"count":14,"href":"https:\/\/poezjaiewangelia.pl\/index.php?rest_route=\/wp\/v2\/pages\/5020\/revisions"}],"predecessor-version":[{"id":10038,"href":"https:\/\/poezjaiewangelia.pl\/index.php?rest_route=\/wp\/v2\/pages\/5020\/revisions\/10038"}],"up":[{"embeddable":true,"href":"https:\/\/poezjaiewangelia.pl\/index.php?rest_route=\/wp\/v2\/pages\/140"}],"wp:attachment":[{"href":"https:\/\/poezjaiewangelia.pl\/index.php?rest_route=%2Fwp%2Fv2%2Fmedia&parent=5020"}],"curies":[{"name":"wp","href":"https:\/\/api.w.org\/{rel}","templated":true}]}}