{"id":5149,"date":"2018-11-09T21:28:07","date_gmt":"2018-11-09T21:28:07","guid":{"rendered":"https:\/\/poezjaiewangelia.pl\/?page_id=5149"},"modified":"2022-07-19T18:38:30","modified_gmt":"2022-07-19T17:38:30","slug":"3-niedziela-zwykla-rok-a-b-c","status":"publish","type":"page","link":"https:\/\/poezjaiewangelia.pl\/?page_id=5149","title":{"rendered":"3 niedziela zwyk\u0142a rok A, B, C;"},"content":{"rendered":"\n<p><span style=\"color: #ffff00;\">i<a id=\"S5149\"><\/a>&nbsp; <a id=\"Gora\"><\/a><\/span><\/p>\n\n\n\n<div class=\"wp-block-columns is-layout-flex wp-container-core-columns-is-layout-9d6595d7 wp-block-columns-is-layout-flex\">\n<div class=\"wp-block-column is-layout-flow wp-block-column-is-layout-flow\"><div class=\"wp-block-image\">\n<figure class=\"alignright is-resized\"><a href=\"https:\/\/commons.wikimedia.org\/wiki\/File:St_Vitus_Cathedral_-_Stained_glass_(retouch).jpg\" target=\"_blank\" rel=\"noopener noreferrer\"><img loading=\"lazy\" decoding=\"async\" src=\"https:\/\/poezjaiewangelia.pl\/wp-content\/uploads\/2015\/11\/St-Vitus-Cathedral-Stained-glass-e1462004321290.jpg\" alt=\"Witra\u017c z Katedry \u015bw. Wita w Pradze. \u015awi\u0119ci: Franciszek, Piotr, El\u017cbieta\" width=\"363\" height=\"341\" title=\"Witra\u017c z Katedry \u015bw. Wita w Pradze. \u015awi\u0119ci: Franciszek, Piotr, El\u017cbieta\"\/><\/a><figcaption><center><em>Witra\u017c z Katedry \u015bw. Wita w Pradze. \u015awi\u0119ci: Franciszek, Piotr, El\u017cbieta<\/em><\/center><\/figcaption><\/figure>\n<\/div><\/div>\n\n\n\n<div class=\"wp-block-column is-layout-flow wp-block-column-is-layout-flow\">\n<figure class=\"wp-block-image is-resized\"><img loading=\"lazy\" decoding=\"async\" src=\"https:\/\/poezjaiewangelia.pl\/wp-content\/uploads\/2018\/11\/Zielona-r\u00f3\u017ca-e1587421321818.png\" alt=\"Zielona r\u00f3\u017ca\" width=\"113\" height=\"113\"\/><figcaption>Kolor szat<\/figcaption><\/figure>\n\n\n\n<p>&nbsp;<\/p>\n<p><span style=\"color: #1e73be;\"><a style=\"color: #1e73be;\" href=\"https:\/\/poezjaiewangelia.pl\/?page_id=5149#NZ3A\">3 Niedziela <span style=\"color: #1e73be;\">zwyk\u0142a<\/span> rok A<\/a><\/span><\/p>\n<p><span style=\"color: #1e73be;\"><a style=\"color: #1e73be;\" href=\"https:\/\/poezjaiewangelia.pl\/?page_id=5149#NZ3B\">3 Niedziela zwyk\u0142a rok B<\/a><\/span><\/p>\n<p><span style=\"color: #1e73be;\"><a style=\"color: #1e73be;\" href=\"https:\/\/poezjaiewangelia.pl\/?page_id=5149#NZ3C\">3 Niedziela zwyk\u0142a rok C<\/a><\/span><\/p>\n<\/div>\n<\/div>\n\n\n\n<p><span style=\"color: #1e73be;\"><a style=\"color: #1e73be;\" href=\"https:\/\/poezjaiewangelia.pl\/?page_id=61#S61\">Powr\u00f3t do Niedziele zwyk\u0142e,<\/a>&nbsp;&nbsp;<\/span><a id=\"NZ3A\"><\/a><span style=\"color: #1e73be;\">&nbsp; <a style=\"color: #1e73be;\" href=\"https:\/\/poezjaiewangelia.pl\/?page_id=5048#S5048\">Niedziele zwyk\u0142e 2-7,<\/a>&nbsp; <a style=\"color: #1e73be;\" href=\"https:\/\/poezjaiewangelia.pl\/?page_id=703#S703\" data-wplink-edit=\"true\">Powr\u00f3t do Linki<\/a><\/span><\/p>\n\n\n<div class=\"wp-block-image\">\n<figure class=\"alignleft size-large\"><a href=\"https:\/\/pl.wikipedia.org\/w\/index.php?title=Plik:Labarum.png&amp;filetimestamp=20050723191929\" target=\"_blank\" rel=\"noopener noreferrer\"><img loading=\"lazy\" decoding=\"async\" width=\"100\" height=\"100\" src=\"https:\/\/poezjaiewangelia.pl\/wp-content\/uploads\/2015\/12\/Labarum-Krzyz-Konstantyna-A1.jpg\" alt=\"Labarum Krzy\u017c Konstantyna\" class=\"wp-image-422\" title=\"Labarum Krzy\u017c Konstantyna\"\/><\/a><\/figure>\n<\/div>\n\n\n<hr class=\"wp-block-separator has-text-color has-luminous-vivid-amber-color has-css-opacity has-luminous-vivid-amber-background-color has-background is-style-dots\"\/>\n\n\n\n<p><strong>3 NZ rok A: Ewangelia: Mt 4, 12 \u2013 23;<\/strong><\/p>\n\n\n\n<h2 class=\"wp-block-heading\"><span style=\"color:#008000\" class=\"has-inline-color\">S\u0142owo Bo\u017ce<\/span><\/h2>\n\n\n<div class=\"wp-block-image\">\n<figure class=\"alignleft size-large is-resized\"><a href=\"https:\/\/www.wga.hu\/framex-e.html?file=html\/g\/ghirland\/domenico\/3fresco\/2sistin.html&amp;find=father+Zebedee\" target=\"_blank\" rel=\"noopener noreferrer\"><img loading=\"lazy\" decoding=\"async\" src=\"https:\/\/poezjaiewangelia.pl\/wp-content\/uploads\/2015\/12\/62e80558e1b1ce07f527db828613092e-1-e1462210083881.jpg\" alt=\"Domenico Ghirlandaio Powo\u0142anie Aposto\u0142\u00f3w (detal)\" class=\"wp-image-2452\" width=\"339\" height=\"373\" title=\"Domenico Ghirlandaio Powo\u0142anie Aposto\u0142\u00f3w (detal)\"\/><\/a><figcaption><center><em>Domenico Ghirlandaio Powo\u0142anie Aposto\u0142\u00f3w (detal)<\/em><\/center><\/figcaption><\/figure>\n<\/div>\n\n\n<p><strong>Pole dzia\u0142alno\u015bci<\/strong><\/p>\n<p>12 Gdy [Jezus] pos\u0142ysza\u0142, \u017ce Jan zosta\u0142 uwi\u0119ziony, usun\u0105\u0142 si\u0119 do Galilei.<br>13 Opu\u015bci\u0142 jednak Nazaret, przyszed\u0142 i osiad\u0142 w Kafarnaum nad jeziorem, na pograniczu Zabulona i Neftalego.<br>14 Tak mia\u0142o si\u0119 spe\u0142ni\u0107 s\u0142owo proroka Izajasza:<br>15 Ziemia Zabulona i ziemia Neftalego, Droga morska, Zajordanie, Galilea pogan!<br>16 Lud, kt\u00f3ry siedzia\u0142 w ciemno\u015bci, ujrza\u0142 \u015bwiat\u0142o wielkie, i mieszka\u0144com cienistej krainy \u015bmierci \u015bwiat\u0142o wzesz\u0142o.<br>17 Odt\u0105d pocz\u0105\u0142 Jezus naucza\u0107 i m\u00f3wi\u0107: \u00abNawracajcie si\u0119, albowiem bliskie jest kr\u00f3lestwo niebieskie\u00bb.<\/p>\n<p><strong>Powo\u0142anie pierwszych uczni\u00f3w<\/strong><\/p>\n<p>18 Gdy [Jezus] przechodzi\u0142 obok Jeziora Galilejskiego, ujrza\u0142 dw\u00f3ch braci: Szymona, zwanego Piotrem, i brata jego, Andrzeja, jak zarzucali sie\u0107 w jezioro; byli bowiem rybakami.<br>19 I rzek\u0142 do nich: \u00abP\u00f3jd\u017acie za Mn\u0105, a uczyni\u0119 was rybakami ludzi\u00bb<br><span style=\"color: #993300;\"><strong>20 Oni natychmiast zostawili sieci i poszli za Nim.<\/strong><\/span><br>21 A gdy poszed\u0142 stamt\u0105d dalej, ujrza\u0142 innych dw\u00f3ch braci, Jakuba, syna Zebedeusza, i brata jego, Jana, jak z ojcem swym Zebedeuszem naprawiali w \u0142odzi swe sieci. Ich te\u017c powo\u0142a\u0142.<br><span style=\"color: #993300;\"><strong>22 A oni natychmiast zostawili \u0142\u00f3d\u017a i ojca i poszli za Nim<\/strong>.<\/span><\/p>\n<p><strong>Dalsza dzia\u0142alno\u015b\u0107 Jezusa<\/strong><\/p>\n<p>23 I obchodzi\u0142 Jezus ca\u0142\u0105 Galile\u0119, nauczaj\u0105c w tamtejszych synagogach, g\u0142osz\u0105c Ewangeli\u0119 o kr\u00f3lestwie i lecz\u0105c wszelkie choroby i wszelkie s\u0142abo\u015bci w\u015br\u00f3d ludu<\/p>\n\n\n\n<h2 class=\"wp-block-heading\"><span style=\"color:#008000\" class=\"has-inline-color\">Refleksja<\/span><\/h2>\n\n\n\n<p><strong>Jan Twardowski<\/strong><\/p>\n\n\n\n<p><em><strong>Pokocha\u0107<\/strong><\/em><\/p>\n\n\n\n<p>Jaka to rado\u015b\u0107 pokocha\u0107 Ciebie<\/p>\n\n\n\n<p>od pierwszego spojrzenia<br>bez dowodu na Twe istnienie<br>bez sprawdzania papier\u00f3w<br>i dopiero wtedy wszystko jak nic dot\u0105d<br>trojaczki krzycz\u0105 na ca\u0142ego<br>nie pyskuje pilnowana trawa<br>dyrygent oczy zamyka \u017ceby s\u0142ucha\u0107<br>wyciszaj\u0105 gwizdy<br>bawi ogon jelenia zawsze z jedn\u0105 kresk\u0105<br>i nawet dym zamiast do diab\u0142a<br>idzie do nieba ze wzruszenia<\/p>\n\n\n<div class=\"wp-block-image\">\n<figure class=\"alignright size-large is-resized\"><a href=\"https:\/\/www.wga.hu\/framex-e.html?file=html\/l\/lorenzo\/venezian\/predell2.html&amp;find=Calling+of+the+Apostles\" target=\"_blank\" rel=\"noopener noreferrer\"><img loading=\"lazy\" decoding=\"async\" src=\"https:\/\/poezjaiewangelia.pl\/wp-content\/uploads\/2015\/12\/33cbf01e8c356228c7858319f5b9a0bc-1-e1457683797739.jpg\" alt=\"Lorenzo Veneziano Powo\u0142anie Piotra i Andrzeja\" class=\"wp-image-2453\" width=\"406\" height=\"299\" title=\"Lorenzo Veneziano Powo\u0142anie Piotra i Andrzeja\"\/><\/a><figcaption><em>Lorenzo Veneziano Powo\u0142anie Piotra i Andrzeja<\/em><\/figcaption><\/figure>\n<\/div>\n\n\n<p><em><strong>\u201cnie przyszed\u0142em pana nawraca\u0107\u201d, Warszawa 1986, str. 357.<\/strong><\/em><\/p>\n\n\n\n<p><strong>Jan Twardowski<\/strong><\/p>\n\n\n\n<p><em><strong>\u201cPorzucili wszystko i poszli za Nim\u201d<\/strong><\/em><\/p>\n\n\n\n<p>Ile trzeba rzeczy porzuci\u0107,<\/p>\n\n\n\n<p>od ilu zaj\u0119\u0107 si\u0119 oderwa\u0107,<br>od\u0142o\u017cy\u0107 czytan\u0105 ksi\u0105\u017ck\u0119,<br>zostawi\u0107 w domu wierne psisko,<br>przerwa\u0107 rozmow\u0119 z kole\u017cank\u0105 \u2013<br>gdy zegarek na Msz\u0119 wo\u0142a,<br>trzeba porzuci\u0107 dla niej wszystko.<\/p>\n\n\n\n<p><em><strong>\u00abABC ksi\u0119dza Twardowskiego. Rok A\u00bb, Warszawa 2002, str. 85<\/strong><\/em><\/p>\n\n\n\n<p style=\"text-align: center;\"><span style=\"color: #1e73be;\"><a style=\"color: #1e73be;\" href=\"https:\/\/poezjaiewangelia.pl\/?page_id=5149&amp;preview_id=5149#Gora\">Do g\u00f3ry<\/a><\/span><\/p>\n\n\n\n<p><span style=\"color: #1e73be;\"><a style=\"color: #1e73be;\" href=\"https:\/\/poezjaiewangelia.pl\/?page_id=61#S61\">Powr\u00f3t do Niedziele zwyk\u0142e<\/a>&nbsp;&nbsp;<\/span><a id=\"NZ3B\"><\/a><span style=\"color: #1e73be;\">&nbsp; &nbsp;<a style=\"color: #1e73be;\" href=\"https:\/\/poezjaiewangelia.pl\/?page_id=703#S703\">Powr\u00f3t do Linki<\/a><\/span><\/p>\n\n\n<div class=\"wp-block-image\">\n<figure class=\"alignleft size-large\"><a href=\"https:\/\/pl.wikipedia.org\/w\/index.php?title=Plik:Labarum.png&amp;filetimestamp=20050723191929\" target=\"_blank\" rel=\"noopener noreferrer\"><img loading=\"lazy\" decoding=\"async\" width=\"100\" height=\"100\" src=\"https:\/\/poezjaiewangelia.pl\/wp-content\/uploads\/2015\/12\/Labarum-Krzyz-Konstantyna-C1.jpg\" alt=\"Labarum Krzy\u017c Konstantyna\" class=\"wp-image-424\" title=\"Labarum Krzy\u017c Konstantyna\"\/><\/a><\/figure>\n<\/div>\n\n\n<hr class=\"wp-block-separator has-text-color has-luminous-vivid-amber-color has-css-opacity has-luminous-vivid-amber-background-color has-background is-style-dots\"\/>\n\n\n\n<p><strong>3 NZ rok B: Ewangelia: Mk 1, 14 \u2013 20;<\/strong><\/p>\n\n\n\n<h2 class=\"wp-block-heading\"><span style=\"color:#008000\" class=\"has-inline-color\">S\u0142owo Bo\u017ce<\/span><\/h2>\n\n\n<div class=\"wp-block-image\">\n<figure class=\"alignleft size-large is-resized\"><a href=\"https:\/\/www.wga.hu\/framex-e.html?file=html\/b\/basaiti\/callsons.html&amp;find=father+Zebedee\" target=\"_blank\" rel=\"noopener noreferrer\"><img loading=\"lazy\" decoding=\"async\" src=\"https:\/\/poezjaiewangelia.pl\/wp-content\/uploads\/2015\/12\/13fa40ee51730aa78774d571f69e5755-e1462881744105.jpg\" alt=\"Marco Basaiti Powo\u0142anie syn\u00f3w Zebedeusza\" class=\"wp-image-2520\" width=\"299\" height=\"438\" title=\"Marco Basaiti Powo\u0142anie syn\u00f3w Zebedeusza\"\/><\/a><figcaption><center><em>Marco Basaiti Powo\u0142anie syn\u00f3w Zebedeusza<\/em><\/center><\/figcaption><\/figure>\n<\/div>\n\n\n<p><strong>Pierwsze wyst\u0105pienie<\/strong><\/p>\n<p><span style=\"color: #993300;\"><strong>14 Gdy Jan zosta\u0142 uwi\u0119ziony, Jezus przyszed\u0142 do Galilei i g\u0142osi\u0142 Ewangeli\u0119 Bo\u017c\u0105. M\u00f3wi\u0142:<\/strong><\/span><br><span style=\"color: #993300;\"><strong>15 \u00abCzas si\u0119 wype\u0142ni\u0142 i bliskie jest kr\u00f3lestwo Bo\u017ce. nawracajcie si\u0119 i wierzcie w Ewangeli\u0119\u00bb.<\/strong><\/span><\/p>\n<p><strong>Powo\u0142anie pierwszych uczni\u00f3w &nbsp;&nbsp;&nbsp;<\/strong><\/p>\n<p>16 Przechodz\u0105c obok Jeziora Galilejskiego, ujrza\u0142 Szymona i brata Szymonowego, Andrzeja, jak zarzucali sie\u0107 w jezioro; byli bowiem rybakami.<br>17 Jezus rzek\u0142 do nich: \u00abP\u00f3jd\u017acie za Mn\u0105, a sprawi\u0119, \u017ce si\u0119 staniecie rybakami ludzi\u00bb.<br>18 I natychmiast zostawili sieci i poszli za Nim<br>19 Id\u0105c dalej, ujrza\u0142 Jakuba, syna Zebedeusza, i brata jego Jana, kt\u00f3rzy te\u017c byli w \u0142odzi i naprawiali sieci.<br>20 Zaraz ich powo\u0142a\u0142, a oni zostawili ojca swego, Zebedeusza, razem z najemnikami w \u0142odzi i poszli za Nim.<\/p>\n\n\n\n<h2 class=\"wp-block-heading\"><span style=\"color:#008000\" class=\"has-inline-color\">Refleksja<\/span><\/h2>\n\n\n\n<p><strong>Jan Twardowski<\/strong><\/p>\n\n\n\n<p><em><strong>Pan Jezus niewierz\u0105cych<\/strong><\/em><\/p>\n\n\n\n<p>Pan Jezus niewierz\u0105cych<br>chodzi mi\u0119dzy nami<br>troch\u0119 znany z Cepelii<br>troch\u0119 ze s\u0142yszenia<br>przemilczany solidnie<br>w porannej gazecie<br>bezpartyjny<br>bezbronny<br>przedyskutowany<br>omijany jak<br>stary cmentarz choleryczny<br>z konieczno\u015bci szary<br>wi\u0119c zupe\u0142nie czysty<\/p>\n\n\n\n<p>Pan Jezus niewierz\u0105cych<br>chodzi mi\u0119dzy nami<br>czasami si\u0119 zatrzyma<br>stoi jak krzy\u017c twardy<\/p>\n\n\n\n<p>wierz\u0105cych niewierz\u0105cych<br>wszystkich nas po\u0142\u0105czy<br>b\u00f3l niezas\u0142u\u017cony<br>co zbli\u017ca do prawdy<\/p>\n\n\n\n<p><em><strong>\u201cnie przyszed\u0142em pana nawraca\u0107\u201d, Warszawa 1986, str. 304<\/strong><\/em><\/p>\n\n\n<div class=\"wp-block-image\">\n<figure class=\"alignright size-large is-resized\"><a href=\"https:\/\/www.wga.hu\/frames-e.html?\/html\/d\/duccio\/maesta\/crown_v\/cro_v_f.html\" target=\"_blank\" rel=\"noopener noreferrer\"><img loading=\"lazy\" decoding=\"async\" src=\"https:\/\/poezjaiewangelia.pl\/wp-content\/uploads\/2015\/12\/cb9c2969bef3d467ddd38f1ebf7b2aa2-e1462881708251.jpg\" alt=\"Duccio di Buoninsegna Powo\u0142anie Piotra i Andrzeja\" class=\"wp-image-2518\" width=\"385\" height=\"370\" title=\"Duccio di Buoninsegna Powo\u0142anie Piotra i Andrzeja\"\/><\/a><figcaption><center><em>Duccio di Buoninsegna Powo\u0142anie Piotra i Andrzeja<\/em><\/center><\/figcaption><\/figure>\n<\/div>\n\n\n<p><strong>Maria Imelda Kosmala &nbsp;<\/strong><\/p>\n\n\n\n<p><em><strong>Znak<\/strong><\/em><\/p>\n\n\n\n<p>Kiedy si\u0119 m\u0105drzy przem\u0105drz\u0105 o g\u0142ow\u0119<br>kiedy serdeczni przelepsz\u0105 cho\u0107by o p\u00f3\u0142 serca<br>gdy iskr\u0119 kt\u00f3r\u0105 daremnie pr\u00f3bowa\u0142e\u015b rozkrzesa\u0107<br>gorliwsi rozp\u0142omieni\u0105 w ogie\u0144<br>cisi zmalej\u0105 o p\u00f3\u0142 twojej skali szeptu<br>doskonali sw\u0105 wiar\u0105 przenios\u0105 Giewont nad Ba\u0142tyk<\/p>\n\n\n\n<p>a ty dostrze\u017cesz \u2014<br>a w tobie serce pocznie skaka\u0107 rado\u015bci\u0105<br>niby m\u0142ode jagni\u0119 na wiosennej runi<\/p>\n\n\n\n<p>ufaj \u015bmiej si\u0119 i ciesz<br>to idzie Kr\u00f3lestwo<br>i wszystko dobro wi\u0119kszych<br>do twojej ma\u0142o\u015bci<\/p>\n\n\n\n<p><em><strong>\u00abKu twarzy w\u0119druj\u0119\u00bb, Warszawa 1997, str. 158<\/strong><\/em><\/p>\n\n\n\n<p style=\"text-align: center;\"><span style=\"color: #1e73be;\"><a style=\"color: #1e73be;\" href=\"https:\/\/poezjaiewangelia.pl\/?page_id=5149&amp;preview_id=5149#Gora\">Do g\u00f3ry<\/a><\/span><\/p>\n\n\n\n<p><span style=\"color: #1e73be;\"><a style=\"color: #1e73be;\" href=\"https:\/\/poezjaiewangelia.pl\/?page_id=61#S61\">Powr\u00f3t do Niedziele zwyk\u0142e<\/a>&nbsp;&nbsp;<\/span><a id=\"NZ3C\"><\/a><span style=\"color: #1e73be;\">&nbsp; &nbsp;<a style=\"color: #1e73be;\" href=\"https:\/\/poezjaiewangelia.pl\/?page_id=703#S703\" data-wplink-edit=\"true\">Powr\u00f3t do Linki<\/a><\/span><\/p>\n\n\n<div class=\"wp-block-image\">\n<figure class=\"alignleft size-large\"><a href=\"https:\/\/pl.wikipedia.org\/w\/index.php?title=Plik:Labarum.png&amp;filetimestamp=20050723191929\" target=\"_blank\" rel=\"noopener noreferrer\"><img loading=\"lazy\" decoding=\"async\" width=\"100\" height=\"100\" src=\"https:\/\/poezjaiewangelia.pl\/wp-content\/uploads\/2015\/12\/Labarum-Krzyz-Konstantyna-B1.jpg\" alt=\"Labarum Krzy\u017c Konstantyna\" class=\"wp-image-423\" title=\"Labarum Krzy\u017c Konstantyna\"\/><\/a><\/figure>\n<\/div>\n\n\n<hr class=\"wp-block-separator has-text-color has-luminous-vivid-amber-color has-css-opacity has-luminous-vivid-amber-background-color has-background is-style-dots\"\/>\n\n\n\n<p><strong>3 NZ rok C: Ewangelia: \u0141k 1, 1 \u2013 4;&nbsp; 4, 14 \u2013 21;<\/strong><\/p>\n\n\n\n<h2 class=\"wp-block-heading\"><span style=\"color:#008000\" class=\"has-inline-color\">S\u0142owo Bo\u017ce<\/span><\/h2>\n\n\n<div class=\"wp-block-image\">\n<figure class=\"alignleft size-large is-resized\"><a href=\"http:\/\/www.creationism.org\/images\/DoreBibleIllus\/rMat1354Dore_ChristInTheSynagogue.jpg\" target=\"_blank\" rel=\"noopener noreferrer\"><img loading=\"lazy\" decoding=\"async\" src=\"https:\/\/poezjaiewangelia.pl\/wp-content\/uploads\/2015\/12\/318095b650b931317c75d043b2c2a0bd-e1461011297145.jpg\" alt=\"Gustave Dor\u00e9 Chrystus w Synagodze\" class=\"wp-image-2913\" width=\"325\" height=\"447\" title=\"Gustave Dor\u00e9 Chrystus w Synagodze\"\/><\/a><figcaption><center><em>Gustave Dor\u00e9 Chrystus w Synagodze<\/em><\/center><\/figcaption><\/figure>\n<\/div>\n\n\n<p><span style=\"color: #993300;\"><strong>1 Wielu ju\u017c stara\u0142o si\u0119 u\u0142o\u017cy\u0107 opowiadanie o zdarzeniach, kt\u00f3re si\u0119 dokona\u0142y po\u015br\u00f3d nas,<\/strong><\/span><br><span style=\"color: #993300;\"><strong>2 tak jak nam je przekazali ci, kt\u00f3rzy od pocz\u0105tku byli naocznymi \u015bwiadkami i s\u0142ugami s\u0142owa.<\/strong><\/span><br><span style=\"color: #993300;\"><strong>3 Postanowi\u0142em wi\u0119c i ja zbada\u0107 dok\u0142adnie wszystko od pierwszych chwil i opisa\u0107 ci po kolei, dostojny Teofilu,<\/strong><\/span><br><span style=\"color: #993300;\"><strong>4 aby\u015b si\u0119 m\u00f3g\u0142 przekona\u0107 o ca\u0142kowitej pewno\u015bci nauk, kt\u00f3rych ci udzielono.<\/strong><\/span><\/p>\n<p><strong>Pierwsze wyst\u0105pienie<\/strong><\/p>\n<p>14 Potem powr\u00f3ci\u0142 Jezus w mocy Ducha do Galilei, a wie\u015b\u0107 o Nim rozesz\u0142a si\u0119 po ca\u0142ej okolicy.<br>15 On za\u015b naucza\u0142 w ich synagogach, wys\u0142awiany przez wszystkich.<\/p>\n<p><strong>Jezus w Nazarecie<\/strong><\/p>\n<p>16 Przyszed\u0142 r\u00f3wnie\u017c do Nazaretu, gdzie si\u0119 wychowa\u0142. W dzie\u0144 szabatu uda\u0142 si\u0119 swoim zwyczajem do synagogi i powsta\u0142, aby czyta\u0107.<br>17 Podano Mu ksi\u0119g\u0119 proroka Izajasza. Rozwin\u0105wszy ksi\u0119g\u0119, natrafi\u0142 na miejsce, gdzie by\u0142o napisane:<br>18 \u00abDuch Pa\u0144ski spoczywa na Mnie, poniewa\u017c Mnie nama\u015bci\u0142 i pos\u0142a\u0142 Mnie, abym ubogim ni\u00f3s\u0142 dobr\u0105 nowin\u0119, wi\u0119\u017aniom g\u0142osi\u0142 wolno\u015b\u0107, a niewidomym przejrzenie; abym uci\u015bnionych odsy\u0142a\u0142 wolnymi,<br>19 abym obwo\u0142ywa\u0142 rok \u0142aski od Pana\u00bb.<br>20 Zwin\u0105wszy ksi\u0119g\u0119 odda\u0142 s\u0142udze i usiad\u0142; a oczy wszystkich w synagodze by\u0142y w Nim utkwione.<br>21 Pocz\u0105\u0142 wi\u0119c m\u00f3wi\u0107 do nich: \u00abDzi\u015b spe\u0142ni\u0142y si\u0119 te s\u0142owa Pisma, kt\u00f3re\u015bcie s\u0142yszeli.\u00bb<\/p>\n\n\n\n<h2 class=\"wp-block-heading\"><span style=\"color:#008000\" class=\"has-inline-color\">Refleksja<\/span><\/h2>\n\n\n\n<p><strong>Jan Twardowski<\/strong><\/p>\n\n\n\n<p><em><strong>Dzi\u0119kuj\u0119 Ci\u2026&nbsp;<\/strong><\/em><\/p>\n\n\n\n<p>Dzi\u0119kuj\u0119 Ci po prostu za to, \u017ce jeste\u015b<br>za to, \u017ce nie mie\u015bcisz si\u0119 w naszej g\u0142owie, kt\u00f3ra jest za logiczna<br>za to, \u017ce nie spos\u00f3b Ci\u0119 ogarn\u0105\u0107 sercem, kt\u00f3re jest za nerwowe<br>za to, \u017ce jeste\u015b tak bliski i daleki, \u017ce we wszystkim inny<br>za to, \u017ce jeste\u015b ju\u017c odnaleziony i nie odnaleziony jeszcze<br>\u017ce uciekamy od Ciebie do Ciebie<br>za to, \u017ce nie czynimy niczego dla Ciebie, ale wszystko dzi\u0119ki Tobie<br>za to, \u017ce to czego poj\u0105\u0107 nie mog\u0119 \u2013 nie jest nigdy z\u0142udzeniem<br>za to, \u017ce milczysz. Tylko my \u2013 oczytani analfabeci<br>chlapiemy j\u0119zykiem<\/p>\n\n\n\n<p><em><strong>\u201cnie przyszed\u0142em pana nawraca\u0107\u201d, Warszawa 1986, str. 87.<\/strong><\/em><\/p>\n\n\n\n<p><strong>Jan Twardowski<\/strong><\/p>\n\n\n\n<p><em><strong>\u017bebym nie zas\u0142ania\u0142\u2026<\/strong><\/em><\/p>\n\n\n\n<p>\u017bebym nie zas\u0142ania\u0142 sob\u0105 Ciebie<br>nie zawraca\u0142 Ci g\u0142owy kiedy uk\u0142adasz pasjanse gwiazd<br>nie t\u0142umaczy\u0142 stale cierpienia \u2013 niech zostanie jak ska\u0142a ciszy<br>nie spacerowa\u0142 po Biblii jak paw z zielon\u0105 szyj\u0105<br>nie liczy\u0142 grzech\u00f3w l\u017cejszych od \u015bniegu<br>nie kocha\u0142 d\u0142ugo i niepewnie<br>nie za\u0142amywa\u0142 r\u0105k nad okiem Opatrzno\u015bci \u2013<br>\u017ceby serce moje nie toczy\u0142o si\u0119 jak krzywe ko\u0142o<br>\u017ceby mi nie uderzy\u0142a do g\u0142owy \u015bwi\u0119cona woda sodowa<br>\u017bebym nie pali\u0142 grzesznika dla jego dobra<br>\u017cebym nie tupa\u0142 na tych co stan\u0119li w po\u0142owie drogi pomi\u0119dzy niewiar\u0105 a ciep\u0142em<br>nie szczeka\u0142 przez sen<br>a zawsze wiedzia\u0142 \u017ce nawet najwi\u0119kszego \u015bwi\u0119tego niesie jak lich\u0105 s\u0142omk\u0119 mr\u00f3wka wiary<\/p>\n\n\n\n<p><em><strong>\u201cnie przyszed\u0142em pana nawraca\u0107\u201d, Warszawa 1986, str. 101.<\/strong><\/em><\/p>\n\n\n\n<p style=\"text-align: center;\"><span style=\"color: #1e73be;\"><a style=\"color: #1e73be;\" href=\"https:\/\/poezjaiewangelia.pl\/?page_id=5149&amp;preview_id=5149#Gora\">Do g\u00f3ry<\/a><\/span><\/p>\n","protected":false},"excerpt":{"rendered":"<p>i&nbsp; &nbsp; 3 Niedziela zwyk\u0142a rok A 3 Niedziela zwyk\u0142a rok B 3 Niedziela zwyk\u0142a rok C Powr\u00f3t do Niedziele zwyk\u0142e,&nbsp;&nbsp;&nbsp; Niedziele zwyk\u0142e 2-7,&nbsp; Powr\u00f3t do Linki 3 NZ rok A: Ewangelia: Mt 4, 12 \u2013 23; Pole dzia\u0142alno\u015bci 12 Gdy [Jezus] pos\u0142ysza\u0142, \u017ce Jan zosta\u0142 uwi\u0119ziony, usun\u0105\u0142 si\u0119 do Galilei.13 Opu\u015bci\u0142 jednak Nazaret, przyszed\u0142 &hellip; <a href=\"https:\/\/poezjaiewangelia.pl\/?page_id=5149\" class=\"more-link\">Czytaj dalej <span class=\"screen-reader-text\">3 niedziela zwyk\u0142a rok A, B, C;<\/span><\/a><\/p>\n","protected":false},"author":1,"featured_media":0,"parent":5048,"menu_order":2,"comment_status":"closed","ping_status":"closed","template":"","meta":{"_monsterinsights_skip_tracking":false,"_monsterinsights_sitenote_active":false,"_monsterinsights_sitenote_note":"","_monsterinsights_sitenote_category":0,"footnotes":""},"class_list":["post-5149","page","type-page","status-publish","hentry"],"aioseo_notices":[],"_links":{"self":[{"href":"https:\/\/poezjaiewangelia.pl\/index.php?rest_route=\/wp\/v2\/pages\/5149","targetHints":{"allow":["GET"]}}],"collection":[{"href":"https:\/\/poezjaiewangelia.pl\/index.php?rest_route=\/wp\/v2\/pages"}],"about":[{"href":"https:\/\/poezjaiewangelia.pl\/index.php?rest_route=\/wp\/v2\/types\/page"}],"author":[{"embeddable":true,"href":"https:\/\/poezjaiewangelia.pl\/index.php?rest_route=\/wp\/v2\/users\/1"}],"replies":[{"embeddable":true,"href":"https:\/\/poezjaiewangelia.pl\/index.php?rest_route=%2Fwp%2Fv2%2Fcomments&post=5149"}],"version-history":[{"count":26,"href":"https:\/\/poezjaiewangelia.pl\/index.php?rest_route=\/wp\/v2\/pages\/5149\/revisions"}],"predecessor-version":[{"id":10065,"href":"https:\/\/poezjaiewangelia.pl\/index.php?rest_route=\/wp\/v2\/pages\/5149\/revisions\/10065"}],"up":[{"embeddable":true,"href":"https:\/\/poezjaiewangelia.pl\/index.php?rest_route=\/wp\/v2\/pages\/5048"}],"wp:attachment":[{"href":"https:\/\/poezjaiewangelia.pl\/index.php?rest_route=%2Fwp%2Fv2%2Fmedia&parent=5149"}],"curies":[{"name":"wp","href":"https:\/\/api.w.org\/{rel}","templated":true}]}}