{"id":5259,"date":"2018-11-14T15:02:54","date_gmt":"2018-11-14T15:02:54","guid":{"rendered":"https:\/\/poezjaiewangelia.pl\/?page_id=5259"},"modified":"2024-06-10T17:24:53","modified_gmt":"2024-06-10T16:24:53","slug":"13-niedziela-zwykla-rok-a-b-c","status":"publish","type":"page","link":"https:\/\/poezjaiewangelia.pl\/?page_id=5259","title":{"rendered":"13 Niedziela zwyk\u0142a rok A, B, C;"},"content":{"rendered":"\n<div class=\"wp-block-columns is-layout-flex wp-container-core-columns-is-layout-9d6595d7 wp-block-columns-is-layout-flex\">\n<div class=\"wp-block-column is-layout-flow wp-block-column-is-layout-flow\"><div class=\"wp-block-image size-large\">\n<figure class=\"alignright is-resized\"><a href=\"https:\/\/commons.wikimedia.org\/wiki\/File:Philippe_de_Champaigne_-_The_Penitent_Magdalen_-_WGA04714.jpg\" target=\"_blank\" rel=\"noopener noreferrer\"><img decoding=\"async\" src=\"https:\/\/poezjaiewangelia.pl\/wp-content\/uploads\/2018\/11\/Philippe-de-Champaigne-Pokutuj\u0105ca-Magdalena-e1542205016683.jpg\" alt=\"Philippe de Champaigne Pokutuj\u0105ca Magdalena\" style=\"width:303px;height:403px\" title=\"Philippe de Champaigne Pokutuj\u0105ca Magdalena\"\/><\/a><figcaption class=\"wp-element-caption\"><center><em>Philippe de Champaigne Pokutuj\u0105ca Magdalena<\/em><\/center><\/figcaption><\/figure>\n<\/div><\/div>\n\n\n\n<div class=\"wp-block-column is-layout-flow wp-block-column-is-layout-flow\">\n<p><span style=\"color: #ffff00;\">I <a id=\"S5259\"><\/a> <a id=\"Gora\"><\/a><\/span><\/p>\n\n\n\n<figure class=\"wp-block-image is-resized\"><img decoding=\"async\" src=\"https:\/\/poezjaiewangelia.pl\/wp-content\/uploads\/2018\/11\/Zielona-r\u00f3\u017ca-e1587421321818.png\" alt=\"Zielona r\u00f3\u017ca\" style=\"width:113px;height:113px\"\/><figcaption class=\"wp-element-caption\">Kolor szat<\/figcaption><\/figure>\n\n\n\n<p>&nbsp;<\/p>\n<p><span style=\"color: #1e73be;\"><a style=\"color: #1e73be;\" href=\"https:\/\/poezjaiewangelia.pl\/?page_id=5259#NZ13A\">13 Niedziela zwyk\u0142a A<\/a><\/span><\/p>\n<p><span style=\"color: #1e73be;\"><a style=\"color: #1e73be;\" href=\"https:\/\/poezjaiewangelia.pl\/?page_id=5259#NZ13B\">13 Niedziela zwyk\u0142a B<\/a><\/span><\/p>\n<p><span style=\"color: #1e73be;\"><a style=\"color: #1e73be;\" href=\"https:\/\/poezjaiewangelia.pl\/?page_id=5259#NZ13C\">13 Niedziela zwyk\u0142a C<\/a><\/span><\/p>\n<\/div>\n<\/div>\n\n\n\n<p><span style=\"color: #1e73be;\"><a style=\"color: #1e73be;\" href=\"https:\/\/poezjaiewangelia.pl\/?page_id=61#S61\">Powr\u00f3t do Niedziele zwyk\u0142e,<\/a> <a style=\"color: #1e73be;\" href=\"https:\/\/poezjaiewangelia.pl\/?page_id=5268#S5268\">Niedziele zwyk\u0142e 13 \u2013 18,<\/a>\u00a0 <\/span><a id=\"NZ13A\"><\/a><span style=\"color: #1e73be;\">\u00a0\u00a0<a style=\"color: #1e73be;\" href=\"https:\/\/poezjaiewangelia.pl\/?page_id=703#S703\"><span style=\"color: #1e73be;\">Powr\u00f3t do Linki<\/span><\/a><\/span><\/p>\n\n\n<div class=\"wp-block-image\">\n<figure class=\"alignleft size-large\"><a href=\"https:\/\/pl.wikipedia.org\/w\/index.php?title=Plik:Labarum.png&amp;filetimestamp=20050723191929\" target=\"_blank\" rel=\"noopener noreferrer\"><img loading=\"lazy\" decoding=\"async\" width=\"100\" height=\"100\" src=\"https:\/\/poezjaiewangelia.pl\/wp-content\/uploads\/2015\/12\/Labarum-Krzyz-Konstantyna-A1.jpg\" alt=\"Labarum Krzy\u017c Konstantyna\" class=\"wp-image-422\" title=\"Labarum Krzy\u017c Konstantyna\"\/><\/a><\/figure>\n<\/div>\n\n\n<hr class=\"wp-block-separator has-text-color has-luminous-vivid-amber-color has-css-opacity has-luminous-vivid-amber-background-color has-background is-style-dots\"\/>\n\n\n\n<p><strong>13 NZ rok A: Ewangelia: Mt 10, 37 \u2013 42;<\/strong><\/p>\n\n\n\n<h2 class=\"wp-block-heading\"><span style=\"color:#008000\" class=\"has-inline-color\">S\u0142owo Bo\u017ce<\/span><\/h2>\n\n\n\n<p><strong>Za Jezusem lub przeciw Niemu. Wyrzeczenie<\/strong><\/p>\n<p><span style=\"color: #993300;\"><strong>37 Kto mi\u0142uje ojca lub matk\u0119 bardziej ni\u017c mnie, nie jest mnie godzien; i kto mi\u0142uje syna lub c\u00f3rk\u0119 bardziej ni\u017c mnie, nie jest mnie godzien;<\/strong><\/span><br><span style=\"color: #993300;\"><strong>38 i kto nie bierze krzy\u017ca swego, a idzie za mn\u0105, nie jest mnie godzien.<\/strong><\/span><br>39 Kto znalaz\u0142 swoje \u017cycie, straci je; a kto straci\u0142 swoje \u017cycie ze wzgl\u0119du na mnie, znajdzie je.<\/p>\n<p><strong>Nagroda za oddanie si\u0119 Jezusowi<\/strong><\/p>\n<p>40 Kto was przyjmuje, mnie przyjmuje; a kto mnie przyjmuje, przyjmuje Tego, kt\u00f3ry mnie pos\u0142a\u0142.<br>41 Kto przyjmuje proroka jako proroka, zap\u0142at\u0119 proroka otrzyma; a kto przyjmuje sprawiedliwego jako sprawiedliwego, zap\u0142at\u0119 sprawiedliwego otrzyma.<br>42 Kto napoi cho\u0107by kubkiem \u015bwie\u017cej wody jednego z tych ma\u0142ych jako [mego] ucznia, ten \u2013 tak w\u0142a\u015bnie m\u00f3wi\u0119 wam \u2013 nie straci swojej zap\u0142aty\u201d.<\/p>\n\n\n\n<h2 class=\"wp-block-heading\"><span style=\"color:#008000\" class=\"has-inline-color\">Refleksja<\/span><\/h2>\n\n\n<div class=\"wp-block-image\">\n<figure class=\"alignright size-large is-resized\"><a href=\"https:\/\/pl.wikipedia.org\/w\/index.php?title=Plik:W%C3%BCger_Steiner_Herz-Jesu-Bild.jpg&amp;filetimestamp=20070803193252\" target=\"_blank\" rel=\"noopener noreferrer\"><img loading=\"lazy\" decoding=\"async\" width=\"250\" height=\"442\" src=\"https:\/\/poezjaiewangelia.pl\/wp-content\/uploads\/2015\/12\/b15a8d9373b72c6a7c052a0cd7db4c93-e1460903532670.jpg\" alt=\"Gabriel W\u00fcger i Lukas Steiner Serce Jezusa\" class=\"wp-image-2481\" style=\"width:299px;height:528px\" title=\"Gabriel W\u00fcger i Lukas Steiner Serce Jezusa\"\/><\/a><figcaption class=\"wp-element-caption\"><center><em>Gabriel W\u00fcger i Lukas Steiner Serce Jezusa<\/em><\/center><\/figcaption><\/figure>\n<\/div>\n\n\n<p><strong>Jan Twardowski<\/strong><\/p>\n\n\n\n<p><strong>* * *<\/strong><br>Zamy\u015bli\u0142 si\u0119 szczygie\u0142 w s\u0142o\u0144cu<br>wrona na \u015bniegu<br>Nie pytaj stale jak cierpie\u0107<br>pytaj \u2013 dlaczego<\/p>\n\n\n\n<p><em><strong>\u00abNie przyszed\u0142em pana nawraca\u0107\u00bb, Pozna\u0144 2009, str. 425<\/strong><\/em><\/p>\n\n\n\n<p><strong>Beata Oberty\u0144ska<\/strong><\/p>\n\n\n\n<p><strong>* * *<\/strong><br>Pocz\u0105\u0107 mi\u0142o\u015b\u0107 jak dziecko i nosi\u0107 j\u0105 rado\u015bnie<br>i nic jeszcze nie czuj\u0105c, czeka\u0107 na ni\u0105 bez l\u0119ku,<br>cho\u0107by w takiej ciemno\u015bci, w jakiej i ono ro\u015bnie\u2026<br>\u2026Mi\u0142o\u015b\u0107 musi dojrzewa\u0107 powoli i po ciemku\u2026<\/p>\n\n\n\n<p><em><strong>\u00abGrudki kadzid\u0142a\u00bb, Krak\u00f3w 1987, str. 75<\/strong><\/em><\/p>\n\n\n\n<p><strong>Jan Twardowski<\/strong><\/p>\n\n\n\n<p><strong>* * *<\/strong><br>Mi\u0142o\u015b\u0107 przychodzi odchodzi<br>jest z nami nagle jej nie ma<br>mo\u017ce do lasu pobieg\u0142a<br>ca\u0142owa\u0107 podlotki drzewa<br>czemu nie si\u0105dzie przy stole<br>pob\u0119dzie d\u0142u\u017cej pos\u0142ucha<\/p>\n\n\n\n<p>\u2013 Ach ten l\u0119k \u017ce si\u0119 nie kochamy<br>skoro mi\u0142o\u015b\u0107 mi\u0142o\u015bci szuka<\/p>\n\n\n\n<p><em><strong>\u00abNie przyszed\u0142em pana nawraca\u0107\u00bb, Pozna\u0144 2009, str. 434<\/strong><\/em><\/p>\n\n\n\n<p class=\"has-text-align-center\"><a href=\"https:\/\/poezjaiewangelia.pl\/?page_id=5259&amp;preview_id=5259#Gora\"><span style=\"color:#1e73be\" class=\"has-inline-color\">Do g\u00f3ry<\/span><\/a><\/p>\n\n\n\n<p><span style=\"color: #1e73be;\"><a style=\"color: #1e73be;\" href=\"https:\/\/poezjaiewangelia.pl\/?page_id=61#S61\">Powr\u00f3t do Niedziele zwyk\u0142e<\/a>&nbsp;&nbsp;<\/span><a id=\"NZ13B\"><\/a><span style=\"color: #1e73be;\">&nbsp;&nbsp;<a style=\"color: #1e73be;\" href=\"https:\/\/poezjaiewangelia.pl\/?page_id=703#S703\">Powr\u00f3t do Linki<\/a><\/span><\/p>\n\n\n<div class=\"wp-block-image\">\n<figure class=\"alignleft size-large\"><a href=\"https:\/\/pl.wikipedia.org\/w\/index.php?title=Plik:Labarum.png&amp;filetimestamp=20050723191929\" target=\"_blank\" rel=\"noopener noreferrer\"><img loading=\"lazy\" decoding=\"async\" width=\"100\" height=\"100\" src=\"https:\/\/poezjaiewangelia.pl\/wp-content\/uploads\/2015\/12\/Labarum-Krzyz-Konstantyna-C1.jpg\" alt=\"Labarum Krzy\u017c Konstantyna\" class=\"wp-image-424\" title=\"Labarum Krzy\u017c Konstantyna\"\/><\/a><\/figure>\n<\/div>\n\n\n<hr class=\"wp-block-separator has-text-color has-luminous-vivid-amber-color has-css-opacity has-luminous-vivid-amber-background-color has-background is-style-dots\"\/>\n\n\n\n<p><strong><span style=\"color:#000000\" class=\"has-inline-color\">13 NZ rok B: Ewangelia: Mk 5, 21 \u2013 43;<\/span><\/strong><\/p>\n\n\n\n<p><\/p>\n\n\n\n<h2 class=\"wp-block-heading\"><span style=\"color:#008000\" class=\"has-inline-color\">S\u0142owo Bo\u017ce<\/span><\/h2>\n\n\n<div class=\"wp-block-image\">\n<figure class=\"alignleft size-full is-resized\"><a href=\"http:\/\/www.creationism.org\/images\/DoreBibleIllus\/tLuk0852Dore_JesusRaisingUpTheDaughterOfJairus.jpg\" target=\"_blank\" rel=\"noopener noreferrer\"><img loading=\"lazy\" decoding=\"async\" width=\"526\" height=\"701\" src=\"https:\/\/poezjaiewangelia.pl\/wp-content\/uploads\/2022\/06\/Gustave-Dore-Jezus-wskrzesza-corke-Jaira.jpg\" alt=\"\" class=\"wp-image-9753\" style=\"width:324px;height:431px\" title=\"Gustave Dor\u00e9 Jezus wskrzesza c\u00f3rk\u0119 Jaira\" srcset=\"https:\/\/poezjaiewangelia.pl\/wp-content\/uploads\/2022\/06\/Gustave-Dore-Jezus-wskrzesza-corke-Jaira.jpg 526w, https:\/\/poezjaiewangelia.pl\/wp-content\/uploads\/2022\/06\/Gustave-Dore-Jezus-wskrzesza-corke-Jaira-225x300.jpg 225w\" sizes=\"auto, (max-width: 526px) 100vw, 526px\" \/><\/a><figcaption class=\"wp-element-caption\">Gustave Dor\u00e9 Jezus wskrzesza c\u00f3rk\u0119 Jaira<\/figcaption><\/figure>\n<\/div>\n\n\n<p><strong>Kobieta cierpi\u0105ca na krwotok<\/strong><\/p>\n<p>21 Kiedy Jezus przeprawi\u0142 si\u0119 z powrotem \u0142odzi\u0105 na drugi brzeg, zebra\u0142 si\u0119 przy Nim wielki t\u0142um. Zatrzyma\u0142 si\u0119 nad jeziorem.<br>22 Przyby\u0142 tam do Niego jeden z prze\u0142o\u017conych synagogi, imieniem Jair. Gdy Go zobaczy\u0142, pad\u0142 Mu do st\u00f3p<br>23 i \u017carliwie Go prosi\u0142 m\u00f3wi\u0105c: \u201cMoja c\u00f3reczka umiera. Przyjd\u017a i po\u0142\u00f3\u017c na ni\u0105 r\u0119ce, aby usz\u0142a \u015bmierci i \u017cy\u0142a\u201d.<br>24 Poszed\u0142 z nim. Towarzyszy\u0142 Mu wielki t\u0142um i pcha\u0142 si\u0119 na Niego ze wszystkich stron.<br>25 Pewna kobieta, kt\u00f3ra od dwunastu lat chorowa\u0142a na up\u0142yw krwi<br>26 i wiele znios\u0142a ze strony licznych uzdrowicieli, wydaj\u0105c ca\u0142y sw\u00f3j maj\u0105tek, a jednak nie doznaj\u0105c poprawy, lecz raczej popadaj\u0105c w stan coraz gorszy,<br>27 kiedy dowiedzia\u0142a si\u0119 o Jezusie, podesz\u0142a w tym t\u0142umie z ty\u0142u i dotkn\u0119\u0142a Jego p\u0142aszcza.<br>28 M\u00f3wi\u0142a sobie:, \u201eJe\u015bli dotkn\u0119 cho\u0107by Jego p\u0142aszcza, b\u0119d\u0119 ocalona\u201d.<br>29 Rzeczywi\u015bcie od razu zasch\u0142o w niej \u017ar\u00f3d\u0142o krwi i poczu\u0142a w ciele, \u017ce jest wyleczona z tej dokuczliwo\u015bci.<br>30 Jezus r\u00f3wnie\u017c od razu poczu\u0142 w sobie, \u017ce wysz\u0142a z Niego moc. Odwr\u00f3ci\u0142 si\u0119 w tym t\u0142umie i zapyta\u0142:, \u201eKto dotkn\u0105\u0142 mojego p\u0142aszcza?\u201d<br>31 Jego uczniowie powiedzieli Mu: \u201cWidzisz, \u017ce t\u0142um pcha si\u0119 na Ciebie ze wszystkich stron, a pytasz:, \u201eKto mnie dotkn\u0105\u0142?\u201d\u201d<br>32 Powi\u00f3d\u0142 wzrokiem wko\u0142o, aby zobaczy\u0107 sprawczyni\u0119 tego.<br>33 Wtedy kobieta przestraszy\u0142a si\u0119 i czuj\u0105c, co j\u0105 spotka\u0142o, podesz\u0142a z dr\u017ceniem, pad\u0142a przed Nim i wyjawi\u0142a Mu ca\u0142\u0105 prawd\u0119.<br><span style=\"color: #993300;\"><strong>34 On jej powiedzia\u0142: \u201cC\u00f3rko, twoja wiara przynios\u0142a ci ratunek. Odejd\u017a w pokoju i b\u0105d\u017a zdrowa od swojego cierpienia\u201d.<\/strong><\/span><\/p>\n<p><strong>C\u00f3rka Jaira<\/strong><\/p>\n<p><span style=\"color: #993300;\"><strong>35 Gdy On to m\u00f3wi\u0142, przyszli z [domu] owego prze\u0142o\u017conego synagogi i powiedzieli: \u201cTwoja c\u00f3rka umar\u0142a. Po co jeszcze trudzisz Nauczyciela?\u201d<\/strong><\/span><br><span style=\"color: #993300;\"><strong>36 Jakby nie s\u0142ysz\u0105c przekazanej wiadomo\u015bci, Jezus powiedzia\u0142 do prze\u0142o\u017conego synagogi: \u201cNie b\u00f3j si\u0119, byleby\u015b wierzy\u0142\u201d.<\/strong><\/span><br>37 Nie pozwoli\u0142 nikomu towarzyszy\u0107 sobie, z wyj\u0105tkiem Piotra, Jakuba i Jana, brata Jakuba.<br>38 Weszli do domu prze\u0142o\u017conego synagogi. Us\u0142ysza\u0142 tam wrzaw\u0119, p\u0142acz ludzi i wielkie lamentowanie.<br>39 Po doj\u015bciu do nich powiedzia\u0142:, \u201ePo co zawodzicie i p\u0142aczecie? To dziecko nie umar\u0142o, lecz \u015bpi\u201d.<br>40 Wy\u015bmiewali Go za to, a On usun\u0105\u0142 wszystkich, a potem zabra\u0142 z sob\u0105 ojca tego dziecka, matk\u0119 i tamtych [trzech] i wszed\u0142 tam, gdzie znajdowa\u0142o si\u0119 dziecko.<br>41 Wzi\u0105\u0142 dziecko za r\u0119k\u0119 i powiedzia\u0142 do niej: \u201cTalitha kum\u201d, to znaczy \u201cDziewczynko, nakazuj\u0119 ci, wsta\u0144\u201d.<br>42 Zaraz dziewczynka wsta\u0142a i chodzi\u0142a. Mia\u0142a ju\u017c bowiem dwana\u015bcie lat. Na to obecni os\u0142upieli w wielkim zdumieniu.<br>43 A On stanowczo im nakaza\u0142, \u017ce nikt o tym nie ma si\u0119 dowiedzie\u0107. Poleci\u0142 te\u017c da\u0107 jej je\u015b\u0107.<\/p>\n\n\n\n<h2 class=\"wp-block-heading\"><span style=\"color:#008000\" class=\"has-inline-color\">Refleksja<\/span><\/h2>\n\n\n\n<p><strong>Roman Indrzejczyk<\/strong><\/p>\n\n\n\n<p><em><strong>Wyznanie wiary<\/strong><\/em><\/p>\n\n\n\n<p>Nie wskrzesza umar\u0142ych<br>I g\u00f3r nie przenosi,<br>Burzy nie ucisza \u2013<br>Zwyk\u0142a moja wiara\u2026<\/p>\n\n\n\n<p>Nie jest uroczysta,<br>Nie ma w niej patosu,<br>Nie si\u0119ga ob\u0142ok\u00f3w \u2013<br>Po tej ziemi st\u0105pa\u2026<\/p>\n\n\n\n<p>Moja zwyk\u0142a wiara<br>Pomaga mi przetrwa\u0107,<br>Piosenk\u0119 za\u015bpiewa\u0107 \u2013<br>Kiedy nie mam si\u0142y\u2026<\/p>\n\n\n\n<p>Zwyk\u0142 a moja wiara<br>Jest \u017ar\u00f3d\u0142em fantazji,<br>Uskrzydla do pracy \u2013<br>,, syzyfowej \u2018\u2018 cz\u0119sto \u2026<\/p>\n\n\n\n<p>Mo\u017ce jej nie wida\u0107,<br>Bo jest w g\u0142\u0119bi serca \u2013<br>Daje jednak si\u0142\u0119,<br>Optymizm i pok\u00f3j\u2026<\/p>\n\n\n\n<p>W mym codziennym \u017cyciu,<br>W smutkach i rado\u015bciach \u2013<br>Zwyk\u0142a moja wiara<br>Jako\u015b ze mn\u0105 \u017cyje\u2026<\/p>\n\n\n\n<p><em><strong>\u00abI niech tak zostanie\u00bb, Warszawa 2005, str. 8<\/strong><\/em><\/p>\n\n\n<div class=\"wp-block-image\">\n<figure class=\"alignright size-large is-resized\"><a href=\"https:\/\/www.wga.hu\/framex-e.html?file=html\/o\/overbeck\/resurrec.html&amp;find=Christ+resurrects\" target=\"_blank\" rel=\"noopener noreferrer\"><img loading=\"lazy\" decoding=\"async\" width=\"350\" height=\"286\" src=\"https:\/\/poezjaiewangelia.pl\/wp-content\/uploads\/2015\/12\/021e7055ab80b4e76bfea50c0dd2a886-e1461418842395.jpg\" alt=\"Friedrich Overbec Wskrzeszenie c\u00f3rki Jaira\" class=\"wp-image-2541\" style=\"width:404px;height:330px\" title=\"Friedrich Overbec Wskrzeszenie c\u00f3rki Jaira\"\/><\/a><figcaption class=\"wp-element-caption\"><center><em>Friedrich Overbec Wskrzeszenie c\u00f3rki Jaira<\/em><\/center><\/figcaption><\/figure>\n<\/div>\n\n\n<p><strong>Jan Twardowski<\/strong><\/p>\n\n\n\n<p><em><strong>Jezu, ufam Tobie<\/strong><\/em><\/p>\n\n\n\n<p>zamiast \u015bmierci<br>racz z u\u015bmiechem<br>przyj\u0105\u0107 Panie<\/p>\n\n\n\n<p>pod Twe stopy<br>\u017cycie moje<br>jak r\u00f3\u017caniec<\/p>\n\n\n\n<p><em><strong>\u00abNie przyszed\u0142em pana nawraca\u0107\u00bb, Pozna\u0144 2009, str. 523<\/strong><\/em><\/p>\n\n\n\n<p><strong>Jan Twardowski<\/strong><\/p>\n\n\n\n<p><em><strong>Najwi\u0119kszy<\/strong><\/em><\/p>\n\n\n\n<p>Chcesz by\u0107 silny jak wielb\u0142\u0105d<br>wstydzisz si\u0119 by\u0107 \u017cab\u0105<br>a B\u00f3g si\u0119 objawia<br>poprzez nasz\u0105 s\u0142abo\u015b\u0107<\/p>\n\n\n\n<p>stale chcesz by\u0107 \u015bwi\u0119ty<br>\u2013 nie mo\u017cna inaczej \u2013<br>cz\u0142owiek wtedy najwi\u0119kszy<br>gdy przed Bogiem p\u0142acze<\/p>\n\n\n\n<p><em><strong>\u00abNie przyszed\u0142em pana nawraca\u0107\u00bb, Pozna\u0144 2009, str. 509<\/strong><\/em><\/p>\n\n\n\n<p class=\"has-text-align-center\"><a href=\"https:\/\/poezjaiewangelia.pl\/?page_id=5259&amp;preview_id=5259#Gora\"><span style=\"color:#1e73be\" class=\"has-inline-color\">Do g\u00f3ry<\/span><\/a><\/p>\n\n\n\n<p><span style=\"color: #1e73be;\"><a style=\"color: #1e73be;\" href=\"https:\/\/poezjaiewangelia.pl\/?page_id=61#S61\">Powr\u00f3t do Niedziele zwyk\u0142e<\/a>&nbsp;&nbsp;<\/span><a id=\"NZ13C\"><\/a><span style=\"color: #1e73be;\">&nbsp;&nbsp;<a style=\"color: #1e73be;\" href=\"https:\/\/poezjaiewangelia.pl\/?page_id=703#S703\">Powr\u00f3t do Linki<\/a><\/span><\/p>\n\n\n<div class=\"wp-block-image\">\n<figure class=\"alignleft size-large\"><a href=\"https:\/\/pl.wikipedia.org\/w\/index.php?title=Plik:Labarum.png&amp;filetimestamp=20050723191929\" target=\"_blank\" rel=\"noopener noreferrer\"><img loading=\"lazy\" decoding=\"async\" width=\"100\" height=\"100\" src=\"https:\/\/poezjaiewangelia.pl\/wp-content\/uploads\/2015\/12\/Labarum-Krzyz-Konstantyna-B1.jpg\" alt=\"Labarum Krzy\u017c Konstantyna\" class=\"wp-image-423\" title=\"Labarum Krzy\u017c Konstantyna\"\/><\/a><\/figure>\n<\/div>\n\n\n<hr class=\"wp-block-separator has-text-color has-luminous-vivid-amber-color has-css-opacity has-luminous-vivid-amber-background-color has-background is-style-dots\"\/>\n\n\n\n<p><strong>13 NZ rok C: Ewangelia: \u0141k 9, 51 \u2013 62;<\/strong><\/p>\n\n\n\n<h2 class=\"wp-block-heading\"><span style=\"color:#008000\" class=\"has-inline-color\">S\u0142owo Bo\u017ce<\/span><\/h2>\n\n\n\n<p><strong>Niego\u015bcinni Samarytanie<\/strong><\/p>\n<p>51 Gdy zbli\u017ca\u0142y si\u0119 dni Jego odej\u015bcia, postanowi\u0142 i On uda\u0107 si\u0119 do Jeruzalem.<br \/>52 Przed sob\u0105 wys\u0142a\u0142 go\u0144c\u00f3w. Pod\u0105\u017cyli przodem i weszli do jakiej\u015b wsi samaryta\u0144skiej, aby Mu tam przygotowa\u0107.<br \/>53 Nie przyj\u0119to Go jednak, poniewa\u017c szed\u0142 w kierunku Jeruzalem.<br \/>54 Jakub i Jan, kt\u00f3rzy tego do\u015bwiadczyli, rzekli: \u201cPanie, chcesz, aby\u015bmy rozkazali, by ogie\u0144 spad\u0142 z nieba i strawi\u0142 ich?\u201d<br \/>55 Odwr\u00f3ciwszy si\u0119 do nich, upomnia\u0142 ich.<br \/>56 Poszli do innej wsi.<\/p>\n<p><strong>Trzej na\u015bladowcy Jezusa<\/strong><\/p>\n<p>57 Kiedy szli drog\u0105, odezwa\u0142 si\u0119 kto\u015b do Niego: \u201cP\u00f3jd\u0119 za Tob\u0105, dok\u0105dkolwiek si\u0119 udasz\u201d.<br \/>58 Jezus mu odpowiedzia\u0142: \u201cLisy maj\u0105 nory i ptactwo z przestworzy \u2013 gniazda, a Syn Cz\u0142owieczy nie ma na czym g\u0142owy oprze\u0107\u201d.<br \/>59 Innemu rzek\u0142: \u201cChod\u017a ze mn\u0105\u201d. On odpowiedzia\u0142: \u201cPanie, pozw\u00f3l mi najpierw p\u00f3j\u015b\u0107, aby pogrzeba\u0107 mojego ojca\u201d.<br \/>60 Na to mu rzek\u0142: \u201cZostaw umar\u0142ym grzebanie swoich umar\u0142ych, a ty id\u017a i nie\u015b wiadomo\u015b\u0107 o kr\u00f3lestwie Bo\u017cym\u201d.<br \/>61 Odezwa\u0142 si\u0119 jeszcze inny: \u201cP\u00f3jd\u0119 z Tob\u0105, Panie, lecz pozw\u00f3l mi najpierw po\u017cegna\u0107 si\u0119 ze swoimi w domu\u201d.<br \/><span style=\"color: #993300;\"><strong>62 Jezus mu odpowiedzia\u0142: \u201cNikt, kto przyk\u0142ada r\u0119k\u0119 do p\u0142uga, a spogl\u0105da do ty\u0142u, nie jest zdatny do kr\u00f3lestwa Bo\u017cego\u201d<\/strong><\/span><\/p>\n\n\n\n<h2 class=\"wp-block-heading\"><span style=\"color:#008000\" class=\"has-inline-color\">Refleksja<\/span><\/h2>\n\n\n<div class=\"wp-block-image\">\n<figure class=\"alignright size-large is-resized\"><a href=\"https:\/\/www.wga.hu\/framex-e.html?file=html\/d\/durer\/1\/02\/08lotdau.html&amp;find=Lot%27s+wife\" target=\"_blank\" rel=\"noopener noreferrer\"><img loading=\"lazy\" decoding=\"async\" width=\"300\" height=\"375\" src=\"https:\/\/poezjaiewangelia.pl\/wp-content\/uploads\/2015\/12\/df2f923bd0d1802cb1c07296af9b0c72-e1461013920266.jpg\" alt=\"Albrecht D\u00fcrer Ucieczka z Sodomy\" class=\"wp-image-2934\" style=\"width:344px;height:431px\" title=\"Albrecht D\u00fcrer Ucieczka z Sodomy\"\/><\/a><figcaption class=\"wp-element-caption\"><center><em>Albrecht D\u00fcrer Ucieczka z Sodomy<\/em><\/center><\/figcaption><\/figure>\n<\/div>\n\n\n<p><strong>Janusz Pasierb<\/strong><\/p>\n\n\n\n<p><em><strong>Katedra w Sewilli<\/strong><\/em><\/p>\n\n\n\n<p>W czasach religijno\u015bci<br>mierzonej rozs\u0105dn\u0105 miar\u0105<br>zdumiewa postanowienie<br>kanonik\u00f3w z Sewilli<br>z roku 1401:<\/p>\n\n\n\n<p>Zbudujemy ko\u015bci\u00f3\u0142 tak wielki<br>by ci co go zobacz\u0105<br>wzi\u0119li nas za szale\u0144c\u00f3w<\/p>\n\n\n\n<p>Nikt ju\u017c nie opami\u0119ta<br>kto by\u0142 w\u00f3wczas rozwa\u017cny<br>i odradza\u0142 budow\u0119<\/p>\n\n\n\n<p>Tak powstaje ko\u015bci\u00f3\u0142<\/p>\n\n\n\n<p><em><strong>\u00abKategoria przestrzeni\u00bb, Pelplin 2007, str.106<\/strong><\/em><\/p>\n\n\n\n<p><strong>Jan Zieli\u0144ski<\/strong><\/p>\n\n\n\n<p><em><strong>Kuszenie III<\/strong><\/em><\/p>\n\n\n\n<p>Usi\u0105d\u017a wygodnie<br>zapal lamp\u0119<br>wspominaj<br>to takie przyjemne<br>to co by\u0142o<br>obejrzyj stare fotografie<br>ukryte w szufladzie pami\u0105tki<br>uci\u0119te kiedy\u015b pukle w\u0142os\u00f3w<br>zeszyty z pierwszej klasy<\/p>\n\n\n\n<p>to takie przyjemne<br>patrzenie do ty\u0142u<br>za siebie<br>za p\u0142ug<\/p>\n\n\n\n<p><em><strong>\u00abWiersze podarowane\u00bb, Warszawa 1994, str. 83<\/strong><\/em><\/p>\n\n\n\n<p class=\"has-text-align-center\"><a href=\"https:\/\/poezjaiewangelia.pl\/?page_id=5259&amp;preview_id=5259#Gora\"><span style=\"color:#1e73be\" class=\"has-inline-color\">Do g\u00f3ry<\/span><\/a><\/p>\n","protected":false},"excerpt":{"rendered":"<p>I &nbsp; 13 Niedziela zwyk\u0142a A 13 Niedziela zwyk\u0142a B 13 Niedziela zwyk\u0142a C Powr\u00f3t do Niedziele zwyk\u0142e, Niedziele zwyk\u0142e 13 \u2013 18,\u00a0 \u00a0\u00a0Powr\u00f3t do Linki 13 NZ rok A: Ewangelia: Mt 10, 37 \u2013 42; Za Jezusem lub przeciw Niemu. Wyrzeczenie 37 Kto mi\u0142uje ojca lub matk\u0119 bardziej ni\u017c mnie, nie jest mnie godzien; &hellip; <a href=\"https:\/\/poezjaiewangelia.pl\/?page_id=5259\" class=\"more-link\">Czytaj dalej <span class=\"screen-reader-text\">13 Niedziela zwyk\u0142a rok A, B, C;<\/span><\/a><\/p>\n","protected":false},"author":1,"featured_media":0,"parent":5268,"menu_order":1,"comment_status":"closed","ping_status":"closed","template":"","meta":{"_monsterinsights_skip_tracking":false,"_monsterinsights_sitenote_active":false,"_monsterinsights_sitenote_note":"","_monsterinsights_sitenote_category":0,"footnotes":""},"class_list":["post-5259","page","type-page","status-publish","hentry"],"aioseo_notices":[],"_links":{"self":[{"href":"https:\/\/poezjaiewangelia.pl\/index.php?rest_route=\/wp\/v2\/pages\/5259","targetHints":{"allow":["GET"]}}],"collection":[{"href":"https:\/\/poezjaiewangelia.pl\/index.php?rest_route=\/wp\/v2\/pages"}],"about":[{"href":"https:\/\/poezjaiewangelia.pl\/index.php?rest_route=\/wp\/v2\/types\/page"}],"author":[{"embeddable":true,"href":"https:\/\/poezjaiewangelia.pl\/index.php?rest_route=\/wp\/v2\/users\/1"}],"replies":[{"embeddable":true,"href":"https:\/\/poezjaiewangelia.pl\/index.php?rest_route=%2Fwp%2Fv2%2Fcomments&post=5259"}],"version-history":[{"count":23,"href":"https:\/\/poezjaiewangelia.pl\/index.php?rest_route=\/wp\/v2\/pages\/5259\/revisions"}],"predecessor-version":[{"id":10533,"href":"https:\/\/poezjaiewangelia.pl\/index.php?rest_route=\/wp\/v2\/pages\/5259\/revisions\/10533"}],"up":[{"embeddable":true,"href":"https:\/\/poezjaiewangelia.pl\/index.php?rest_route=\/wp\/v2\/pages\/5268"}],"wp:attachment":[{"href":"https:\/\/poezjaiewangelia.pl\/index.php?rest_route=%2Fwp%2Fv2%2Fmedia&parent=5259"}],"curies":[{"name":"wp","href":"https:\/\/api.w.org\/{rel}","templated":true}]}}