{"id":5366,"date":"2018-11-18T20:00:18","date_gmt":"2018-11-18T20:00:18","guid":{"rendered":"https:\/\/poezjaiewangelia.pl\/?page_id=5366"},"modified":"2022-07-19T18:33:59","modified_gmt":"2022-07-19T17:33:59","slug":"niedziele-zwykle-24-29","status":"publish","type":"page","link":"https:\/\/poezjaiewangelia.pl\/?page_id=5366","title":{"rendered":"Niedziele zwyk\u0142e 24 &#8211; 29"},"content":{"rendered":"\n<p><span style=\"color: #ffff00;\">i<a id=\"S5366\"><\/a><\/span><\/p>\n\n\n<div class=\"wp-block-image\">\n<figure class=\"aligncenter size-large is-resized\"><a href=\"https:\/\/www.wga.hu\/frames-e.html?\/html\/b\/backerde\/lastjudg.html\" target=\"_blank\" rel=\"noopener noreferrer\"><img loading=\"lazy\" decoding=\"async\" src=\"https:\/\/poezjaiewangelia.pl\/wp-content\/uploads\/2018\/11\/Jacob-de-Backer-\u015a\u0105d-Ostateczny-1024x666.jpg\" alt=\"Jacob de Backer \u015a\u0105d Ostateczny\" class=\"wp-image-5367\" width=\"484\" height=\"314\" title=\"   Jacob de Backer \u015a\u0105d Ostateczny\"\/><\/a><figcaption><center><em>Jacob de Backer \u015a\u0105d Ostateczny<\/em><\/center><\/figcaption><\/figure>\n<\/div>\n\n<div class=\"wp-block-image\">\n<figure class=\"alignleft size-large is-resized\"><img loading=\"lazy\" decoding=\"async\" src=\"https:\/\/poezjaiewangelia.pl\/wp-content\/uploads\/2018\/11\/Zielona-r\u00f3\u017ca-e1587421321818.png\" alt=\"Zielona r\u00f3\u017ca\" class=\"wp-image-4943\" width=\"113\" height=\"113\"\/><figcaption>Kolor szat<\/figcaption><\/figure>\n<\/div>\n\n\n<p>\u00a0<\/p>\n<p><span style=\"color: #1e73be;\"><a style=\"color: #1e73be;\" href=\"https:\/\/poezjaiewangelia.pl\/?page_id=132#S132\">24 niedziela zwyk\u0142a rok A,B,C;<\/a>\u00a0\u00a0\u00a0<a style=\"color: #1e73be;\" href=\"https:\/\/poezjaiewangelia.pl\/?page_id=134#S134\">25 niedziela zwyk\u0142a rok A,B,C;<\/a>\u00a0\u00a0\u00a0<a style=\"color: #1e73be;\" href=\"https:\/\/poezjaiewangelia.pl\/?page_id=136#S136\">26 niedziela zwyk\u0142a rok A,B,C;<\/a>\u00a0\u00a0\u00a0<a style=\"color: #1e73be;\" href=\"https:\/\/poezjaiewangelia.pl\/?page_id=5399#S5399\">27 niedziela zwyk\u0142a rok A,B,C;\u00a0<\/a>\u00a0<a style=\"color: #1e73be;\" href=\"https:\/\/poezjaiewangelia.pl\/?page_id=5405#S5405\">28 niedziela zwyk\u0142a rok A,B,C;<\/a>\u00a0\u00a0<a style=\"color: #1e73be;\" href=\"https:\/\/poezjaiewangelia.pl\/?page_id=5416#S5416\">29 niedziela zwyk\u0142a rok A,B,C;<\/a><\/span><\/p>\n<p><span style=\"color: #1e73be;\"><a style=\"color: #1e73be;\" href=\"https:\/\/poezjaiewangelia.pl\/?page_id=61#S61\">Powr\u00f3t do Niedziele zwyk\u0142e<\/a>\u00a0\u00a0\u00a0\u00a0<a style=\"color: #1e73be;\" href=\"https:\/\/poezjaiewangelia.pl\/?page_id=703#S703\">Powr\u00f3t do Linki<\/a><\/span><\/p>\n\n\n\n<hr class=\"wp-block-separator has-css-opacity is-style-dots\"\/>\n\n\n\n<figure class=\"wp-block-image size-full\"><a href=\"https:\/\/www.wga.hu\/html\/a\/angelico\/00\/11fieso1.html\" target=\"_blank\" rel=\"noopener\"><img loading=\"lazy\" decoding=\"async\" width=\"2410\" height=\"350\" src=\"https:\/\/poezjaiewangelia.pl\/wp-content\/uploads\/2018\/11\/Fra-Angelico-Predella-w-o\u0142tarzu-San-Domenico-w-Fiesole.jpg\" alt=\"Fra Angelico Predella w o\u0142tarzu San Domenico w Fiesole\" class=\"wp-image-5546\"\/><\/a><figcaption>Fra Angelico <em>Predella w o\u0142tarzu San Domenico w Fiesole<\/em><\/figcaption><\/figure>\n","protected":false},"excerpt":{"rendered":"<p>i \u00a0 24 niedziela zwyk\u0142a rok A,B,C;\u00a0\u00a0\u00a025 niedziela zwyk\u0142a rok A,B,C;\u00a0\u00a0\u00a026 niedziela zwyk\u0142a rok A,B,C;\u00a0\u00a0\u00a027 niedziela zwyk\u0142a rok A,B,C;\u00a0\u00a028 niedziela zwyk\u0142a rok A,B,C;\u00a0\u00a029 niedziela zwyk\u0142a rok A,B,C; Powr\u00f3t do Niedziele zwyk\u0142e\u00a0\u00a0\u00a0\u00a0Powr\u00f3t do Linki<\/p>\n","protected":false},"author":1,"featured_media":0,"parent":61,"menu_order":5,"comment_status":"closed","ping_status":"closed","template":"","meta":{"_monsterinsights_skip_tracking":false,"_monsterinsights_sitenote_active":false,"_monsterinsights_sitenote_note":"","_monsterinsights_sitenote_category":0,"footnotes":""},"class_list":["post-5366","page","type-page","status-publish","hentry"],"aioseo_notices":[],"_links":{"self":[{"href":"https:\/\/poezjaiewangelia.pl\/index.php?rest_route=\/wp\/v2\/pages\/5366","targetHints":{"allow":["GET"]}}],"collection":[{"href":"https:\/\/poezjaiewangelia.pl\/index.php?rest_route=\/wp\/v2\/pages"}],"about":[{"href":"https:\/\/poezjaiewangelia.pl\/index.php?rest_route=\/wp\/v2\/types\/page"}],"author":[{"embeddable":true,"href":"https:\/\/poezjaiewangelia.pl\/index.php?rest_route=\/wp\/v2\/users\/1"}],"replies":[{"embeddable":true,"href":"https:\/\/poezjaiewangelia.pl\/index.php?rest_route=%2Fwp%2Fv2%2Fcomments&post=5366"}],"version-history":[{"count":13,"href":"https:\/\/poezjaiewangelia.pl\/index.php?rest_route=\/wp\/v2\/pages\/5366\/revisions"}],"predecessor-version":[{"id":10062,"href":"https:\/\/poezjaiewangelia.pl\/index.php?rest_route=\/wp\/v2\/pages\/5366\/revisions\/10062"}],"up":[{"embeddable":true,"href":"https:\/\/poezjaiewangelia.pl\/index.php?rest_route=\/wp\/v2\/pages\/61"}],"wp:attachment":[{"href":"https:\/\/poezjaiewangelia.pl\/index.php?rest_route=%2Fwp%2Fv2%2Fmedia&parent=5366"}],"curies":[{"name":"wp","href":"https:\/\/api.w.org\/{rel}","templated":true}]}}

Niedziele zwykłe 24 &#8211; 29

<p><span style="color: #ffff00;">i<a id="S5366"></a></span></p>


<div class="wp-block-image">
<figure class="aligncenter size-large is-resized"><a href="https://www.wga.hu/frames-e.html?/html/b/backerde/lastjudg.html" target="_blank" rel="noopener noreferrer"><img loading="lazy" decoding="async" src="https://poezjaiewangelia.pl/wp-content/uploads/2018/11/Jacob-de-Backer-Śąd-Ostateczny-1024x666.jpg" alt="Jacob de Backer Śąd Ostateczny" class="wp-image-5367" width="484" height="314" title="   Jacob de Backer Śąd Ostateczny"/></a><figcaption><center><em>Jacob de Backer Śąd Ostateczny</em></center></figcaption></figure>
</div>

<div class="wp-block-image">
<figure class="alignleft size-large is-resized"><img loading="lazy" decoding="async" src="https://poezjaiewangelia.pl/wp-content/uploads/2018/11/Zielona-róża-e1587421321818.png" alt="Zielona róża" class="wp-image-4943" width="113" height="113"/><figcaption>Kolor szat</figcaption></figure>
</div>


<p> </p>
<p><span style="color: #1e73be;"><a style="color: #1e73be;" href="https://poezjaiewangelia.pl/?page_id=132#S132">24 niedziela zwykła rok A,B,C;</a>   <a style="color: #1e73be;" href="https://poezjaiewangelia.pl/?page_id=134#S134">25 niedziela zwykła rok A,B,C;</a>   <a style="color: #1e73be;" href="https://poezjaiewangelia.pl/?page_id=136#S136">26 niedziela zwykła rok A,B,C;</a>   <a style="color: #1e73be;" href="https://poezjaiewangelia.pl/?page_id=5399#S5399">27 niedziela zwykła rok A,B,C; </a> <a style="color: #1e73be;" href="https://poezjaiewangelia.pl/?page_id=5405#S5405">28 niedziela zwykła rok A,B,C;</a>  <a style="color: #1e73be;" href="https://poezjaiewangelia.pl/?page_id=5416#S5416">29 niedziela zwykła rok A,B,C;</a></span></p>
<p><span style="color: #1e73be;"><a style="color: #1e73be;" href="https://poezjaiewangelia.pl/?page_id=61#S61">Powrót do Niedziele zwykłe</a>    <a style="color: #1e73be;" href="https://poezjaiewangelia.pl/?page_id=703#S703">Powrót do Linki</a></span></p>



<hr class="wp-block-separator has-css-opacity is-style-dots"/>



<figure class="wp-block-image size-full"><a href="https://www.wga.hu/html/a/angelico/00/11fieso1.html" target="_blank" rel="noopener"><img loading="lazy" decoding="async" width="2410" height="350" src="https://poezjaiewangelia.pl/wp-content/uploads/2018/11/Fra-Angelico-Predella-w-ołtarzu-San-Domenico-w-Fiesole.jpg" alt="Fra Angelico Predella w ołtarzu San Domenico w Fiesole" class="wp-image-5546"/></a><figcaption>Fra Angelico <em>Predella w ołtarzu San Domenico w Fiesole</em></figcaption></figure>

<p>i   24 niedziela zwykła rok A,B,C;   25 niedziela zwykła rok A,B,C;   26 niedziela zwykła rok A,B,C;   27 niedziela zwykła rok A,B,C;  28 niedziela zwykła rok A,B,C;  29 niedziela zwykła rok A,B,C; Powrót do Niedziele zwykłe    Powrót do Linki</p>
