{"id":986,"date":"2015-12-13T22:40:47","date_gmt":"2015-12-13T22:40:47","guid":{"rendered":"http:\/\/ewangelia-w-poezji.home.pl\/autoinstalator\/wordpress1\/?page_id=986"},"modified":"2022-12-05T21:12:35","modified_gmt":"2022-12-05T20:12:35","slug":"niedziele-2-12-c","status":"publish","type":"page","link":"https:\/\/poezjaiewangelia.pl\/?page_id=986","title":{"rendered":"21 Niedziela zwyk\u0142a rok A, B, C;"},"content":{"rendered":"\n<div class=\"wp-block-columns is-layout-flex wp-container-core-columns-is-layout-9d6595d7 wp-block-columns-is-layout-flex\">\n<div class=\"wp-block-column is-layout-flow wp-block-column-is-layout-flow\"><div class=\"wp-block-image size-large\">\n<figure class=\"alignright is-resized\"><a href=\"https:\/\/commons.wikimedia.org\/wiki\/File:Giotto_-_Scrovegni_-_-29-_-_Last_Supper.jpg\" target=\"_blank\" rel=\"noopener noreferrer\"><img loading=\"lazy\" decoding=\"async\" src=\"https:\/\/poezjaiewangelia.pl\/wp-content\/uploads\/2020\/05\/Giotto-di-Bondone-Ostatnia-Wieczerza-e1588969015913.jpg\" alt=\"Giotto di Bondone Ostatnia Wieczerza\" width=\"450\" height=\"434\" title=\"Giotto di Bondone Ostatnia Wieczerza\"\/><\/a><figcaption class=\"wp-element-caption\"><center><em>Giotto di Bondone Ostatnia Wieczerza<\/em><\/center><\/figcaption><\/figure>\n<\/div><\/div>\n\n\n\n<div class=\"wp-block-column is-layout-flow wp-block-column-is-layout-flow\">\n<p><span style=\"color: #ffff00;\">I<a id=\"S986\"><\/a><a id=\"Gora\"><\/a><\/span><\/p>\n\n\n\n<figure class=\"wp-block-image is-resized\"><img loading=\"lazy\" decoding=\"async\" src=\"https:\/\/poezjaiewangelia.pl\/wp-content\/uploads\/2018\/11\/Zielona-r\u00f3\u017ca-e1587421321818.png\" alt=\"Zielona r\u00f3\u017ca\" width=\"113\" height=\"113\"\/><figcaption class=\"wp-element-caption\">Kolor szat<\/figcaption><\/figure>\n\n\n\n<p><span style=\"color: #1e73be;\"><a style=\"color: #1e73be;\" href=\"https:\/\/poezjaiewangelia.pl\/?page_id=986#NZ21A\">21 Niedziela zwyk\u0142a A<\/a><\/span><\/p>\n<p><span style=\"color: #1e73be;\"><a style=\"color: #1e73be;\" href=\"https:\/\/poezjaiewangelia.pl\/?page_id=986#NZ21B\">21 Niedziela zwyk\u0142a B<\/a><\/span><\/p>\n<p><span style=\"color: #1e73be;\"><a style=\"color: #1e73be;\" href=\"https:\/\/poezjaiewangelia.pl\/?page_id=986#NZ21C\">21 Niedziela zwyk\u0142a C<\/a><\/span><\/p>\n<\/div>\n<\/div>\n\n\n\n<p><span style=\"color: #1e73be;\"><a style=\"color: #1e73be;\" href=\"https:\/\/poezjaiewangelia.pl\/?page_id=61#S61\">Powr\u00f3t do Niedziele zwyk\u0142e,<\/a>&nbsp;&nbsp;<\/span><a id=\"NZ21A\"><\/a><span style=\"color: #1e73be;\">&nbsp; <a style=\"color: #1e73be;\" href=\"https:\/\/poezjaiewangelia.pl\/?page_id=988#S988\">Niedziele zwyk\u0142e 19 \u2013 23,<\/a>&nbsp; <a style=\"color: #1e73be;\" href=\"https:\/\/poezjaiewangelia.pl\/?page_id=703#S703\">Powr\u00f3t do Linki<\/a><\/span><\/p>\n\n\n<div class=\"wp-block-image\">\n<figure class=\"alignleft size-large\"><a href=\"https:\/\/pl.wikipedia.org\/w\/index.php?title=Plik:Labarum.png&amp;filetimestamp=20050723191929\" target=\"_blank\" rel=\"noopener noreferrer\"><img loading=\"lazy\" decoding=\"async\" width=\"100\" height=\"100\" src=\"https:\/\/poezjaiewangelia.pl\/wp-content\/uploads\/2015\/12\/Labarum-Krzyz-Konstantyna-A1.jpg\" alt=\"Labarum Krzy\u017c Konstantyna\" class=\"wp-image-422\" title=\"Labarum Krzy\u017c Konstantyna\"\/><\/a><\/figure>\n<\/div>\n\n\n<hr class=\"wp-block-separator has-text-color has-luminous-vivid-amber-color has-css-opacity has-luminous-vivid-amber-background-color has-background is-style-dots\"\/>\n\n\n\n<p><strong>21 NZ rok A: Ewangelia: Mt 16, 13 \u2013 20;<\/strong><\/p>\n\n\n\n<h2 class=\"wp-block-heading\"><span style=\"color:#008000\" class=\"has-inline-color\">S\u0142owo Bo\u017ce<\/span><\/h2>\n\n\n\n<p><strong>Wyznanie Piotra<\/strong><\/p>\n<p><span style=\"color: #993300;\"><strong>13 Gdy Jezus przyszed\u0142 w okolice Cezarei Filipowej, pyta\u0142 swych uczni\u00f3w: \u00abZa kogo ludzie uwa\u017caj\u0105 Syna Cz\u0142owieczego?\u00bb<\/strong><\/span><br>14 A oni odpowiedzieli: \u00abJedni za Jana Chrzciciela, inni za Eliasza, jeszcze inni za Jeremiasza albo za jednego z prorok\u00f3w\u00bb<br>15 Jezus zapyta\u0142 ich: \u00abA wy za kogo Mnie uwa\u017cacie?\u00bb<br>16 Odpowiedzia\u0142 Szymon Piotr: \u00abTy jeste\u015b Mesjasz, Syn Boga \u017cywego\u00bb.<br>17 Na to Jezus mu rzek\u0142: \u00abB\u0142ogos\u0142awiony jeste\u015b, Szymonie, synu Jony. Albowiem nie objawi\u0142y ci tego cia\u0142o i krew, lecz Ojciec m\u00f3j, kt\u00f3ry jest w niebie.<br>18 Ot\u00f3\u017c i Ja tobie powiadam: Ty jeste\u015b Piotr [czyli Ska\u0142a], i na tej Skale zbuduj\u0119 Ko\u015bci\u00f3\u0142 m\u00f3j, a bramy piekielne go nie przemog\u0105.<br>19 I tobie dam klucze kr\u00f3lestwa niebieskiego; cokolwiek zwi\u0105\u017cesz na ziemi, b\u0119dzie zwi\u0105zane w niebie, a co rozwi\u0105\u017cesz na ziemi, b\u0119dzie rozwi\u0105zane w niebie\u00bb.<br>20 Wtedy surowo zabroni\u0142 uczniom, aby nikomu nie m\u00f3wili, \u017ce On jest Mesjaszem.<\/p>\n\n\n\n<h2 class=\"wp-block-heading\"><span style=\"color:#008000\" class=\"has-inline-color\">Refleksja<\/span><\/h2>\n\n\n<div class=\"wp-block-image\">\n<figure class=\"alignright size-large is-resized\"><a href=\"https:\/\/www.wga.hu\/framex-e.html?file=html\/p\/perugino\/sistina\/keys.html&amp;find=Christ+and+the+Apostles+\" target=\"_blank\" rel=\"noopener noreferrer\"><img loading=\"lazy\" decoding=\"async\" src=\"https:\/\/poezjaiewangelia.pl\/wp-content\/uploads\/2015\/12\/Pietro-Perugino-Chrystus-przekazuje-klucze-Piotrowi-e1462301677241.jpg\" alt=\"Pietro Perugino Chrystus przekazuje klucze Piotrowi\" class=\"wp-image-2493\" width=\"458\" height=\"289\" title=\"Pietro Perugino Chrystus przekazuje klucze Piotrowi\"\/><\/a><figcaption class=\"wp-element-caption\"><center><em>Pietro Perugino Chrystus przekazuje klucze Piotrowi<\/em><\/center><\/figcaption><\/figure>\n<\/div>\n\n\n<p><strong>Wac\u0142aw Oszajca<\/strong><\/p>\n\n\n\n<p><em><strong>zwornik<\/strong><\/em><\/p>\n\n\n\n<p>tak<br>to ja jestem granic\u0105 \u015bwiat\u0142a<br>we mnie zbiega si\u0119 wsch\u00f3d z zachodem<br>p\u00f3\u0142noc z po\u0142udniem<br>wystarczy m\u00f3j jeden krok<br>i ju\u017c przesun\u0105\u0142em<br>przenios\u0142em w sobie ten zwornik<br>magnetyzmu i \u015bwiat\u0142a<br>to ja jestem<br>praziemi\u0105 i praoceanem<br>chrzcz\u0119 ciebie Boga imieniem<br>kt\u00f3re nieustannie zgaduj\u0119<br>to ja cz\u0142owiek kt\u00f3ry tobie i samemu sobie<br>staje si\u0119 obrazem i podobie\u0144stwem<br>to czyni\u0119<br>cierpi\u0105c w rado\u015bci \u017ce wiem nie wiedz\u0105c<\/p>\n\n\n\n<p><em><strong>\u00abReszta wi\u0119ksza od ca\u0142o\u015bci\u00bb, Warszawa 2003, str. 39<\/strong><\/em><\/p>\n\n\n\n<p><strong>Wac\u0142aw Oszajca<\/strong><\/p>\n\n\n\n<p><em><strong>w Tatrach<\/strong><\/em><\/p>\n\n\n\n<p>stoj\u0105c w wodzie po kostki nieruchomiej\u0105c<br>wabi\u0142em ryb\u0119<br>wyszed\u0142e\u015b powoti zza grani<br>bia\u0142ym ob\u0142okiem stan\u0105\u0142e\u015b na Kazalnicy<br>m\u00f3wi\u0142e\u015b do mnie cichutko bezszelestnie<br>naraz wzd\u0142u\u017c \u015bciany pionowy ludzki skowyt<br>i czerwone kola na ciemnej wodzie Czarnego Stawu<br>ob\u0142ok znik\u0142 ryba nagle odp\u0142yn\u0119\u0142a<br>krzyk powt\u00f3rzy\u0142 echo<br>pozosta\u0142o pytanie gdzie by\u0142e\u015b prawdziwiej Panie<br>w ob\u0142oku w rybie czy mo\u017ce w krzyku<\/p>\n\n\n\n<p><em><strong>\u00ab\u2026Ty za blisko, my za daleko\u2026\u00bb, Lublin 1985, str. 116<\/strong><\/em><\/p>\n\n\n\n<p><strong>Jan Twardowski<\/strong><\/p>\n\n\n\n<p><em><strong>Jest<\/strong><\/em><\/p>\n\n\n\n<p>Bogu nie potrzeba<br>dowod\u00f3w doktorat\u00f3w tez<br>Bogu tak jak mi\u0142o\u015bci wystarczy \u017ce jest<\/p>\n\n\n\n<p><em><strong>\u00abNie przyszed\u0142em pana nawraca\u0107\u00bb, Pozna\u0144 2009, str. 470<\/strong><\/em><\/p>\n\n\n\n<p class=\"has-text-align-center has-text-color\"><a href=\"https:\/\/poezjaiewangelia.pl\/?page_id=986#Gora\"><span style=\"color:#1e73be\" class=\"has-inline-color\">Do g\u00f3ry<\/span><\/a><\/p>\n\n\n\n<p><span style=\"color: #1e73be;\"><a style=\"color: #1e73be;\" href=\"https:\/\/poezjaiewangelia.pl\/?page_id=61#S61\">Powr\u00f3t do Niedziele zwyk\u0142e<\/a>&nbsp;&nbsp;<\/span><a id=\"NZ21B\"><\/a><span style=\"color: #1e73be;\">&nbsp;&nbsp;<a style=\"color: #1e73be;\" href=\"https:\/\/poezjaiewangelia.pl\/?page_id=703#S703\">Powr\u00f3t do Linki<\/a><\/span><\/p>\n\n\n<div class=\"wp-block-image\">\n<figure class=\"alignleft size-large\"><a href=\"https:\/\/pl.wikipedia.org\/w\/index.php?title=Plik:Labarum.png&amp;filetimestamp=20050723191929\" target=\"_blank\" rel=\"noopener noreferrer\"><img loading=\"lazy\" decoding=\"async\" width=\"100\" height=\"100\" src=\"https:\/\/poezjaiewangelia.pl\/wp-content\/uploads\/2015\/12\/Labarum-Krzyz-Konstantyna-C1.jpg\" alt=\"Labarum Krzy\u017c Konstantyna\" class=\"wp-image-424\" title=\"Labarum Krzy\u017c Konstantyna\"\/><\/a><\/figure>\n<\/div>\n\n\n<hr class=\"wp-block-separator has-text-color has-luminous-vivid-amber-color has-css-opacity has-luminous-vivid-amber-background-color has-background is-style-dots\"\/>\n\n\n\n<p><strong>21 NZ rok B: Ewangelia: J 6, 54. 60 \u2013 69;<\/strong><\/p>\n\n\n\n<h2 class=\"wp-block-heading\"><span style=\"color:#008000\" class=\"has-inline-color\">S\u0142owo Bo\u017ce<\/span><\/h2>\n\n\n\n<p><strong>Mowa eucharystyczna<\/strong><\/p>\n<p>54 Kto spo\u017cywa moje Cia\u0142o i pije moj\u0105 Krew, ma \u017cycie wieczne, a Ja go wskrzesz\u0119 w dniu ostatecznym.<br>60 A spo\u015br\u00f3d Jego uczni\u00f3w, kt\u00f3rzy to us\u0142yszeli, wielu m\u00f3wi\u0142o: \u00abTrudna jest ta mowa. Kt\u00f3\u017c jej mo\u017ce s\u0142ucha\u0107?\u00bb<br>61 Jezus jednak \u015bwiadom tego, \u017ce uczniowie Jego na to szemrali, rzek\u0142 do nich: \u00abTo was gorszy?<br>62 A gdy ujrzycie Syna Cz\u0142owieczego, jak b\u0119dzie wst\u0119powa\u0142 tam, gdzie by\u0142 przedtem?<br>63 Duch daje \u017cycie; cia\u0142o na nic si\u0119 nie przyda. S\u0142owa, kt\u00f3re Ja wam powiedzia\u0142em, s\u0105 duchem i s\u0105 \u017cyciem.<br>64 Lecz po\u015br\u00f3d was s\u0105 tacy, kt\u00f3rzy nie wierz\u0105\u00bb. Jezus bowiem na pocz\u0105tku wiedzia\u0142, kt\u00f3rzy to s\u0105 , co nie wierz\u0105, i kto mia\u0142 Go wyda\u0107.<br>65 Rzek\u0142 wi\u0119c: \u00abOto dlaczego wam powiedzia\u0142em: Nikt nie mo\u017ce przyj\u015b\u0107 do Mnie, je\u017celi mu to nie zosta\u0142o dane przez Ojca\u00bb.<br>66 Odt\u0105d wielu uczni\u00f3w Jego si\u0119 wycofa\u0142o i ju\u017c z Nim nie chodzi\u0142o.<br>67 Rzek\u0142 wi\u0119c Jezus do Dwunastu: \u00abCzy\u017c i wy chcecie odej\u015b\u0107?\u00bb<br><span style=\"color: #993300;\"><strong>68 Odpowiedzia\u0142 Mu Szymon Piotr: \u00abPanie, do kog\u00f3\u017c p\u00f3jdziemy? Ty masz s\u0142owa \u017cycia wiecznego.<\/strong><\/span><br><span style=\"color: #993300;\"><strong>69 A my\u015bmy uwierzyli i poznali, \u017ce Ty jeste\u015b \u015awi\u0119tym Boga.\u00bb<\/strong><\/span><\/p>\n\n\n\n<h2 class=\"wp-block-heading\"><span style=\"color:#008000\" class=\"has-inline-color\">Refleksja<\/span><\/h2>\n\n\n<div class=\"wp-block-image\">\n<figure class=\"alignright size-large is-resized\"><a href=\"https:\/\/www.wga.hu\/frames-e.html?\/html\/b\/barocci\/eucharis.html\" target=\"_blank\" rel=\"noopener noreferrer\"><img loading=\"lazy\" decoding=\"async\" src=\"https:\/\/poezjaiewangelia.pl\/wp-content\/uploads\/2015\/12\/Federico-Fiori-Barocci-Ustanowienie-Eucharystii-e1461423631982.jpg\" alt=\"Federico Fiori Barocci Ustanowienie Eucharystii\" class=\"wp-image-2551\" width=\"305\" height=\"495\" title=\"Federico Fiori Barocci Ustanowienie Eucharystii\"\/><\/a><figcaption class=\"wp-element-caption\"><center><em>Federico Fiori Barocci Ustanowienie Eucharystii<\/em><\/center><\/figcaption><\/figure>\n<\/div>\n\n\n<p><strong>Ernest Bryll<\/strong><\/p>\n\n\n\n<p><strong>* * *<\/strong><br>Dlaczego, Panie, nic nie chcesz ode mnie<br>Ernest Bryll Dlaczego czeka\u0107 ka\u017cesz nadaremnie<br>Na jaki\u015b znak Tw\u00f3j? Ja nie wo\u0142am tego<br>\u017beby\u015b si\u0119 ozwa\u0142 gromem s\u0142owa prawdziwego<br>Mnie starczy byle podlogi skrzypni\u0119cie<br>Pisk myszy, ciche ztnar\u0142ych w powietrzu przemkni\u0119cie<br>Sen jak na jawie\u2026<\/p>\n\n\n\n<p><em><strong>\u00abZ g\u0142\u0119boko\u015bci\u2026Antologia polskiej modlitwy poetyckiej\u00bb, T . I, Warszawa 1974, str. 416<\/strong><\/em><\/p>\n\n\n\n<p><strong>Wac\u0142aw Oszajca<\/strong><\/p>\n\n\n\n<p><em><strong>nie eksmituj mnie<\/strong><\/em><\/p>\n\n\n\n<p>coraz s\u0142abiej wierz\u0119<br>w\u0142a\u015bciwie przesta\u0142em wierzy\u0107 w mo\u017cliwo\u015b\u0107<br>oddzielenia duszy od cia\u0142a<br>nie m\u00f3wi\u0105c o duchu<br>tak<br>duszy od cia\u0142a<br>skoro m\u00f3j \u017co\u0142\u0105dek a nawet serce<br>i pozosta\u0142e cz\u0142onki i organy<br>jako\u015b sobie przez czas jaki\u015b<br>bez duszy<br>poradz\u0105<br>m\u00f3zg natomiast<br>to narz\u0119dzie duszy<br>przejaw oczywisty ducha<br>bez \u017co\u0142\u0105dka i nerek<br>ani rusz<br>nie po\u017cyje d\u0142u\u017cej ni\u017c chwil kilka<br>kr\u00f3cej ni\u017c \u0142\u0105tka<\/p>\n\n\n\n<p><em><strong>\u00abodwr\u00f3cona perspektywa\u00bb, Warszawa 2009, str. 7<\/strong><\/em><\/p>\n\n\n\n<p><strong>Jan Twardowski<\/strong><\/p>\n\n\n\n<p><em><strong>O jednym z pacierzy<\/strong><\/em><\/p>\n\n\n\n<p>A ja ju\u017c wierny Tobie zostan\u0119<br>o Chryste, Chryste \u2014<br>bo wiem, \u017ce oczy matce mej da\u0142e\u015b<br>jasne i czyste<\/p>\n\n\n\n<p>Kolegom moim \u2014 wstr\u0119t do kr\u0119tactwa<br>i kom\u017ce srebrne<br>Mickiewiczowi wojn\u0119 powszechn\u0105<br>i sny podniebne<\/p>\n\n\n\n<p>Na D\u0142ugiej w sierpniu \u2014 w nocnym wypadzie<br>Iatarki w r\u0119ce<br>\u0142\u0105czniczce ma\u0142ej iskr\u0119 w warkoczu \u2014<br>groszek w sukience<\/p>\n\n\n\n<p>cho\u0107by wzbronili wierszy o Tobie<br>pi\u0119knych drukowa\u0107 \u2014<br>na kl\u0119czkach b\u0119d\u0119 szepta\u0107 Ci jeszcze<br>wzbronione s\u0142owa<\/p>\n\n\n\n<p><em><strong>\u00abNie przyszed\u0142em pana nawraca\u0107\u00bb, Pozna\u0144 2009, str. 15<\/strong><\/em><\/p>\n\n\n\n<p class=\"has-text-align-center has-text-color\"><a href=\"https:\/\/poezjaiewangelia.pl\/?page_id=986#Gora\"><span style=\"color:#1e73be\" class=\"has-inline-color\">Do g\u00f3ry<\/span><\/a><\/p>\n\n\n\n<p><span style=\"color: #1e73be;\"><a style=\"color: #1e73be;\" href=\"https:\/\/poezjaiewangelia.pl\/?page_id=61#S61\">Powr\u00f3t do Niedziele zwyk\u0142e<\/a>&nbsp;&nbsp;<\/span><a id=\"NZ21C\"><\/a><span style=\"color: #1e73be;\">&nbsp;&nbsp;<a style=\"color: #1e73be;\" href=\"https:\/\/poezjaiewangelia.pl\/?page_id=703#S703\">Powr\u00f3t do Linki<\/a><\/span><\/p>\n\n\n<div class=\"wp-block-image\">\n<figure class=\"alignleft size-large\"><a href=\"https:\/\/pl.wikipedia.org\/w\/index.php?title=Plik:Labarum.png&amp;filetimestamp=20050723191929\" target=\"_blank\" rel=\"noopener noreferrer\"><img loading=\"lazy\" decoding=\"async\" width=\"100\" height=\"100\" src=\"https:\/\/poezjaiewangelia.pl\/wp-content\/uploads\/2015\/12\/Labarum-Krzyz-Konstantyna-B1.jpg\" alt=\"Labarum Krzy\u017c Konstantyna\" class=\"wp-image-423\" title=\"Labarum Krzy\u017c Konstantyna\"\/><\/a><\/figure>\n<\/div>\n\n\n<hr class=\"wp-block-separator has-text-color has-luminous-vivid-amber-color has-css-opacity has-luminous-vivid-amber-background-color has-background is-style-dots\"\/>\n\n\n\n<p><strong>21 NZ rok C: Ewangelia: \u0141k 13, 22 \u2013 30;<\/strong><\/p>\n\n\n\n<h2 class=\"wp-block-heading\"><span style=\"color:#008000\" class=\"has-inline-color\">S\u0142owo Bo\u017ce<\/span><\/h2>\n\n\n\n<p><strong>Odrzucenie \u017byd\u00f3w<\/strong><\/p>\n<p>22 Tak nauczaj\u0105c, szed\u0142 przez miasta i wsie i odbywa\u0142 sw\u0105 podr\u00f3\u017c do Jerozolimy.<br \/>23 Raz kto\u015b Go zapyta\u0142: \u00abPanie, czy tylko nieliczni b\u0119d\u0105 zbawieni?\u00bb On rzek\u0142 do nich:<br \/>24 \u00abUsi\u0142ujcie wej\u015b\u0107 przez ciasne drzwi; gdy\u017c wielu, powiadam wam, b\u0119dzie chcia\u0142o wej\u015b\u0107, a nie b\u0119d\u0105 mogli.<br \/>25 Skoro Pan domu wstanie i drzwi zamknie, w\u00f3wczas stoj\u0105c na dworze, zaczniecie ko\u0142ata\u0107 do drzwi i wo\u0142a\u0107: \u201cPanie, otw\u00f3rz nam!\u201d; lecz On wam odpowie: \u201cNie wiem, sk\u0105d jeste\u015bcie\u201d.<br \/><span style=\"color: #993300;\"><strong>26 Wtedy zaczniecie m\u00f3wi\u0107: \u201cPrzecie\u017c jadali\u015bmy i pili\u015bmy z Tob\u0105, i na ulicach naszych naucza\u0142e\u015b\u201d.<\/strong><\/span><br \/><span style=\"color: #993300;\"><strong>27 Lecz On rzecze: \u201cPowiadam wam, nie wiem, sk\u0105d jeste\u015bcie. Odst\u0105pcie ode Mnie wszyscy dopuszczaj\u0105cy si\u0119 niesprawiedliwo\u015bci!\u201d<\/strong><\/span><br \/>28 Tam b\u0119dzie p\u0142acz i zgrzytanie z\u0119b\u00f3w, gdy ujrzycie Abrahama, Izaaka i Jakuba, i wszystkich prorok\u00f3w w kr\u00f3lestwie Bo\u017cym, a siebie samych precz wyrzuconych.<br \/>29 Przyjd\u0105 ze wschodu i zachodu, z p\u00f3\u0142nocy i po\u0142udnia i si\u0105d\u0105 za sto\u0142em w kr\u00f3lestwie Bo\u017cym.<br \/>30 Tak oto s\u0105 ostatni, kt\u00f3rzy b\u0119d\u0105 pierwszymi, i s\u0105 pierwsi, kt\u00f3rzy b\u0119d\u0105 ostatnimi\u00bb.<\/p>\n\n\n\n<h2 class=\"wp-block-heading\"><span style=\"color:#008000\" class=\"has-inline-color\">Refleksja<\/span><\/h2>\n\n\n<div class=\"wp-block-image\">\n<figure class=\"alignright size-large is-resized\"><a href=\"https:\/\/www.wga.hu\/frames-e.html?\/html\/p\/provost\/lastjudg.html\" target=\"_blank\" rel=\"noopener noreferrer\"><img loading=\"lazy\" decoding=\"async\" src=\"https:\/\/poezjaiewangelia.pl\/wp-content\/uploads\/2015\/12\/3c5355291ecf40efcd6b6713291d98e0-e1461014477699.jpg\" alt=\"Jan Provost S\u0105d Ostateczny\" class=\"wp-image-2946\" width=\"381\" height=\"368\" title=\"Jan Provost S\u0105d Ostateczny\"\/><\/a><figcaption class=\"wp-element-caption\"><center><em>Jan Provost S\u0105d Ostateczny<\/em><\/center><\/figcaption><\/figure>\n<\/div>\n\n\n<p><strong>Wac\u0142aw Oszajca<\/strong><\/p>\n\n\n\n<p><em><strong>przypadek<\/strong><\/em><\/p>\n\n\n\n<p>bocian<br>\u017ceruj\u0105cy na wykoszonym polu<br>zatrzyma\u0142 si\u0119<br>zaniepokoi\u0142 go<br>p\u0119dz\u0105cy motocykl<br>i dlatego ocala\u0142 od niechybnej \u015bmierci<br>t\u0142usty kret<br>gar\u015b\u0107 pasikonik\u00f3w<br>by\u0107 mo\u017ce nornica<br>i zaskroniec ukryty za miedz\u0105<br>i nie wiadomo ile jakiego jeszcze drobiazgu<\/p>\n\n\n\n<p>zmar\u0142 za to motocyklista<br>wypad\u0142 z zakr\u0119tu<br>bo<br>rozw\u015bcieczy\u0142 go ten\u017ce bocian<br>przypomnia\u0142 dyskotek\u0119<br>sprzed kilku miesi\u0119cy<br>z maja<br>i ma\u0142\u0105 orgietk\u0119<br>jak nale\u017cy<br>w bzach i ja\u015bminach<\/p>\n\n\n\n<p><em><strong>\u00abodwr\u00f3cona perspektywa\u00bb, Warszawa 2009, str. 10<\/strong><\/em><\/p>\n\n\n\n<p><strong>Jan Twardowski<\/strong><\/p>\n\n\n\n<p><em><strong>Kaznodzieja<\/strong><\/em><\/p>\n\n\n\n<p>Ty co nie zbawiasz dusz poro\u015bni\u0119tych s\u0142owami<br>chro\u0144 mnie od pi\u0119knej g\u0142adkiej wymowy ko\u015bcielnej<br>od homiletyki na pi\u0105tk\u0119<br>naoliwionych zda\u0144<br>proroczych ryk\u00f3w<br>zgrabnego szeptu<br>czasem mo\u017cna przecie\u017c przez dziur\u0119 w\u0142asnego<br>kazania zobaczy\u0107 Ciebie<br>j\u0105ka\u0107 si\u0119 \u2014<br>chocia\u017c powiedz\u0105<br>znowu wyszed\u0142 sta\u0142 jak rura<br>czerwieni\u0142 si\u0119 przez mikrofon<br>wszystkie palce stercza\u0142y \u2014 jak uszy na ambonie<\/p>\n\n\n\n<p><em><strong>\u00abNie przyszed\u0142em pana nawraca\u0107\u00bb, Pozna\u0144 2009, str. 72<\/strong><\/em><\/p>\n\n\n\n<p><strong>Jan Twardowski<\/strong><\/p>\n\n\n\n<p><em><strong>Spowied\u017a<\/strong><\/em><\/p>\n\n\n\n<p>Wstyd mi, Bo\u017ce, ogromnie, \u017ce jak grzesznik pisz\u0119,<br>\u017ce z czasem zapomnia\u0142em Tomasza z Akwinu,<br>\u017ce gdy w maju litania \u2014 s\u0142owika wci\u0105\u017c s\u0142ysz\u0119,<br>a jad\u0105c do chorego \u2014 s\u0142awi\u0119 dzikie wino,<br>ob\u0142oki, karpie w stawie, zim\u0105 \u2014 kiepskie sanie,<br>kominek, co mi do snu po \u0142acinie gada \u2014<br>I hagle my\u015bl natr\u0119tna, straszna jak powstanie \u2014<br>Z uczynk\u00f3w? To zbyt ma\u0142o.<br>Z ran mnie wyspowiadaj<\/p>\n\n\n\n<p><em><strong>\u00abNie przyszed\u0142em pana nawraca\u0107\u00bb, Pozna\u0144 2009, str. 49<\/strong><\/em><\/p>\n\n\n\n<p class=\"has-text-align-center has-text-color\"><a href=\"https:\/\/poezjaiewangelia.pl\/?page_id=986#Gora\"><span style=\"color:#1e73be\" class=\"has-inline-color\">Do g\u00f3ry<\/span><\/a><\/p>\n","protected":false},"excerpt":{"rendered":"<p>I 21 Niedziela zwyk\u0142a A 21 Niedziela zwyk\u0142a B 21 Niedziela zwyk\u0142a C Powr\u00f3t do Niedziele zwyk\u0142e,&nbsp;&nbsp;&nbsp; Niedziele zwyk\u0142e 19 \u2013 23,&nbsp; Powr\u00f3t do Linki 21 NZ rok A: Ewangelia: Mt 16, 13 \u2013 20; Wyznanie Piotra 13 Gdy Jezus przyszed\u0142 w okolice Cezarei Filipowej, pyta\u0142 swych uczni\u00f3w: \u00abZa kogo ludzie uwa\u017caj\u0105 Syna Cz\u0142owieczego?\u00bb14 A &hellip; <a href=\"https:\/\/poezjaiewangelia.pl\/?page_id=986\" class=\"more-link\">Czytaj dalej <span class=\"screen-reader-text\">21 Niedziela zwyk\u0142a rok A, B, C;<\/span><\/a><\/p>\n","protected":false},"author":1,"featured_media":0,"parent":988,"menu_order":3,"comment_status":"closed","ping_status":"closed","template":"","meta":{"_monsterinsights_skip_tracking":false,"_monsterinsights_sitenote_active":false,"_monsterinsights_sitenote_note":"","_monsterinsights_sitenote_category":0,"footnotes":""},"class_list":["post-986","page","type-page","status-publish","hentry"],"aioseo_notices":[],"_links":{"self":[{"href":"https:\/\/poezjaiewangelia.pl\/index.php?rest_route=\/wp\/v2\/pages\/986","targetHints":{"allow":["GET"]}}],"collection":[{"href":"https:\/\/poezjaiewangelia.pl\/index.php?rest_route=\/wp\/v2\/pages"}],"about":[{"href":"https:\/\/poezjaiewangelia.pl\/index.php?rest_route=\/wp\/v2\/types\/page"}],"author":[{"embeddable":true,"href":"https:\/\/poezjaiewangelia.pl\/index.php?rest_route=\/wp\/v2\/users\/1"}],"replies":[{"embeddable":true,"href":"https:\/\/poezjaiewangelia.pl\/index.php?rest_route=%2Fwp%2Fv2%2Fcomments&post=986"}],"version-history":[{"count":119,"href":"https:\/\/poezjaiewangelia.pl\/index.php?rest_route=\/wp\/v2\/pages\/986\/revisions"}],"predecessor-version":[{"id":10228,"href":"https:\/\/poezjaiewangelia.pl\/index.php?rest_route=\/wp\/v2\/pages\/986\/revisions\/10228"}],"up":[{"embeddable":true,"href":"https:\/\/poezjaiewangelia.pl\/index.php?rest_route=\/wp\/v2\/pages\/988"}],"wp:attachment":[{"href":"https:\/\/poezjaiewangelia.pl\/index.php?rest_route=%2Fwp%2Fv2%2Fmedia&parent=986"}],"curies":[{"name":"wp","href":"https:\/\/api.w.org\/{rel}","templated":true}]}}